{"version":"1.0","provider_name":"II Liceum Og\u00f3lnokszta\u0142c\u0105ce w Lubinie","provider_url":"https:\/\/2liceum.eu","title":"\"My w Europie\"! - II Liceum Og\u00f3lnokszta\u0142c\u0105ce w Lubinie","type":"rich","width":600,"height":338,"html":"<blockquote class=\"wp-embedded-content\" data-secret=\"4nDDMud6Pp\"><a href=\"https:\/\/2liceum.eu\/index.php\/2018\/01\/25\/my-w-europie-2\/\">&#8222;My w Europie&#8221;!<\/a><\/blockquote><iframe sandbox=\"allow-scripts\" security=\"restricted\" src=\"https:\/\/2liceum.eu\/index.php\/2018\/01\/25\/my-w-europie-2\/embed\/#?secret=4nDDMud6Pp\" width=\"600\" height=\"338\" title=\"&#8222;&#8222;My w Europie&#8221;!&#8221; &#8212; II Liceum Og\u00f3lnokszta\u0142c\u0105ce w Lubinie\" data-secret=\"4nDDMud6Pp\" frameborder=\"0\" marginwidth=\"0\" marginheight=\"0\" scrolling=\"no\" class=\"wp-embedded-content\"><\/iframe><script type=\"text\/javascript\">\n\/* <![CDATA[ *\/\n\/*! This file is auto-generated *\/\n!function(d,l){\"use strict\";l.querySelector&&d.addEventListener&&\"undefined\"!=typeof URL&&(d.wp=d.wp||{},d.wp.receiveEmbedMessage||(d.wp.receiveEmbedMessage=function(e){var t=e.data;if((t||t.secret||t.message||t.value)&&!\/[^a-zA-Z0-9]\/.test(t.secret)){for(var s,r,n,a=l.querySelectorAll('iframe[data-secret=\"'+t.secret+'\"]'),o=l.querySelectorAll('blockquote[data-secret=\"'+t.secret+'\"]'),c=new RegExp(\"^https?:$\",\"i\"),i=0;i<o.length;i++)o[i].style.display=\"none\";for(i=0;i<a.length;i++)s=a[i],e.source===s.contentWindow&&(s.removeAttribute(\"style\"),\"height\"===t.message?(1e3<(r=parseInt(t.value,10))?r=1e3:~~r<200&&(r=200),s.height=r):\"link\"===t.message&&(r=new URL(s.getAttribute(\"src\")),n=new URL(t.value),c.test(n.protocol))&&n.host===r.host&&l.activeElement===s&&(d.top.location.href=t.value))}},d.addEventListener(\"message\",d.wp.receiveEmbedMessage,!1),l.addEventListener(\"DOMContentLoaded\",function(){for(var e,t,s=l.querySelectorAll(\"iframe.wp-embedded-content\"),r=0;r<s.length;r++)(t=(e=s[r]).getAttribute(\"data-secret\"))||(t=Math.random().toString(36).substring(2,12),e.src+=\"#?secret=\"+t,e.setAttribute(\"data-secret\",t)),e.contentWindow.postMessage({message:\"ready\",secret:t},\"*\")},!1)))}(window,document);\n\/\/# sourceURL=https:\/\/2liceum.eu\/wp-includes\/js\/wp-embed.min.js\n\/* ]]> *\/\n<\/script>\n","description":"&nbsp; W 11 edycji og\u00f3lnopolskiego konkursu wiedzy o Europie \u201eMy w Europie&#8221; wzi\u0119\u0142o udzia\u0142 54 uczni\u00f3w z 13 szk\u00f3\u0142 z ca\u0142ej Polski. &nbsp; Do II etapu konkursu zakwalifikowa\u0142o si\u0119 19 uczni\u00f3w, a w\u015br\u00f3d nich nasz kolega &#8211; Konrad Warych (kl. 2b)! &nbsp; GRATULACJE! \u017byczymy sukcesu w kolejnym etapie konkursu! &nbsp;","thumbnail_url":"https:\/\/scontent-waw1-1.xx.fbcdn.net\/v\/t31.0-8\/26172181_1644456398944280_8322003973779144775_o.jpg?oh=cc990fba7c6ef732fe0f2719f9dcabbe&amp;oe=5AB7541F"}

II Liceum Ogólnokształcące w Lubinie

"My w Europie"! - II Liceum Ogólnokształcące w Lubinie

<blockquote class="wp-embedded-content" data-secret="4nDDMud6Pp"><a href="https://2liceum.eu/index.php/2018/01/25/my-w-europie-2/">&#8222;My w Europie&#8221;!</a></blockquote><iframe sandbox="allow-scripts" security="restricted" src="https://2liceum.eu/index.php/2018/01/25/my-w-europie-2/embed/#?secret=4nDDMud6Pp" width="600" height="338" title="&#8222;&#8222;My w Europie&#8221;!&#8221; &#8212; II Liceum Ogólnokształcące w Lubinie" data-secret="4nDDMud6Pp" frameborder="0" marginwidth="0" marginheight="0" scrolling="no" class="wp-embedded-content"></iframe><script type="text/javascript">
/* <![CDATA[ */
/*! This file is auto-generated */
!function(d,l){"use strict";l.querySelector&&d.addEventListener&&"undefined"!=typeof URL&&(d.wp=d.wp||{},d.wp.receiveEmbedMessage||(d.wp.receiveEmbedMessage=function(e){var t=e.data;if((t||t.secret||t.message||t.value)&&!/[^a-zA-Z0-9]/.test(t.secret)){for(var s,r,n,a=l.querySelectorAll('iframe[data-secret="'+t.secret+'"]'),o=l.querySelectorAll('blockquote[data-secret="'+t.secret+'"]'),c=new RegExp("^https?:$","i"),i=0;i<o.length;i++)o[i].style.display="none";for(i=0;i<a.length;i++)s=a[i],e.source===s.contentWindow&&(s.removeAttribute("style"),"height"===t.message?(1e3<(r=parseInt(t.value,10))?r=1e3:~~r<200&&(r=200),s.height=r):"link"===t.message&&(r=new URL(s.getAttribute("src")),n=new URL(t.value),c.test(n.protocol))&&n.host===r.host&&l.activeElement===s&&(d.top.location.href=t.value))}},d.addEventListener("message",d.wp.receiveEmbedMessage,!1),l.addEventListener("DOMContentLoaded",function(){for(var e,t,s=l.querySelectorAll("iframe.wp-embedded-content"),r=0;r<s.length;r++)(t=(e=s[r]).getAttribute("data-secret"))||(t=Math.random().toString(36).substring(2,12),e.src+="#?secret="+t,e.setAttribute("data-secret",t)),e.contentWindow.postMessage({message:"ready",secret:t},"*")},!1)))}(window,document);
//# sourceURL=https://2liceum.eu/wp-includes/js/wp-embed.min.js
/* ]]> */
</script>

&nbsp; W 11 edycji ogólnopolskiego konkursu wiedzy o Europie „My w Europie&#8221; wzięło udział 54 uczniów z 13 szkół z całej Polski. &nbsp; Do II etapu konkursu zakwalifikowało się 19 uczniów, a wśród nich nasz kolega &#8211; Konrad Warych (kl. 2b)! &nbsp; GRATULACJE! Życzymy sukcesu w kolejnym etapie konkursu! &nbsp;
