{"version":"1.0","provider_name":"II Liceum Og\u00f3lnokszta\u0142c\u0105ce w Lubinie","provider_url":"https:\/\/2liceum.eu","title":"\"Witaj Niepodleg\u0142a!\" - II Liceum Og\u00f3lnokszta\u0142c\u0105ce w Lubinie","type":"rich","width":600,"height":338,"html":"<blockquote class=\"wp-embedded-content\" data-secret=\"88VNxPkrlu\"><a href=\"https:\/\/2liceum.eu\/index.php\/2018\/10\/31\/witaj-niepodlegla\/\">&#8222;Witaj Niepodleg\u0142a!&#8221;<\/a><\/blockquote><iframe sandbox=\"allow-scripts\" security=\"restricted\" src=\"https:\/\/2liceum.eu\/index.php\/2018\/10\/31\/witaj-niepodlegla\/embed\/#?secret=88VNxPkrlu\" width=\"600\" height=\"338\" title=\"&#8222;&#8222;Witaj Niepodleg\u0142a!&#8221;&#8221; &#8212; II Liceum Og\u00f3lnokszta\u0142c\u0105ce w Lubinie\" data-secret=\"88VNxPkrlu\" frameborder=\"0\" marginwidth=\"0\" marginheight=\"0\" scrolling=\"no\" class=\"wp-embedded-content\"><\/iframe><script type=\"text\/javascript\">\n\/* <![CDATA[ *\/\n\/*! This file is auto-generated *\/\n!function(d,l){\"use strict\";l.querySelector&&d.addEventListener&&\"undefined\"!=typeof URL&&(d.wp=d.wp||{},d.wp.receiveEmbedMessage||(d.wp.receiveEmbedMessage=function(e){var t=e.data;if((t||t.secret||t.message||t.value)&&!\/[^a-zA-Z0-9]\/.test(t.secret)){for(var s,r,n,a=l.querySelectorAll('iframe[data-secret=\"'+t.secret+'\"]'),o=l.querySelectorAll('blockquote[data-secret=\"'+t.secret+'\"]'),c=new RegExp(\"^https?:$\",\"i\"),i=0;i<o.length;i++)o[i].style.display=\"none\";for(i=0;i<a.length;i++)s=a[i],e.source===s.contentWindow&&(s.removeAttribute(\"style\"),\"height\"===t.message?(1e3<(r=parseInt(t.value,10))?r=1e3:~~r<200&&(r=200),s.height=r):\"link\"===t.message&&(r=new URL(s.getAttribute(\"src\")),n=new URL(t.value),c.test(n.protocol))&&n.host===r.host&&l.activeElement===s&&(d.top.location.href=t.value))}},d.addEventListener(\"message\",d.wp.receiveEmbedMessage,!1),l.addEventListener(\"DOMContentLoaded\",function(){for(var e,t,s=l.querySelectorAll(\"iframe.wp-embedded-content\"),r=0;r<s.length;r++)(t=(e=s[r]).getAttribute(\"data-secret\"))||(t=Math.random().toString(36).substring(2,12),e.src+=\"#?secret=\"+t,e.setAttribute(\"data-secret\",t)),e.contentWindow.postMessage({message:\"ready\",secret:t},\"*\")},!1)))}(window,document);\n\/\/# sourceURL=https:\/\/2liceum.eu\/wp-includes\/js\/wp-embed.min.js\n\/* ]]> *\/\n<\/script>\n","description":"&nbsp; Ju\u017c w poniedzia\u0142ek 05.11.2018 r. rozpoczynamy Tydzie\u0144 &#8222;Witaj Niepodleg\u0142a!&#8221; w II LO. &nbsp; Na pocz\u0105tek &#8211; wyk\u0142ad prof. dr hab. W\u0142odzimierza Sulei &#8222;Jedno\u015b\u0107 pomimo sprzeczno\u015bci &#8211; rola J\u00f3zefa Pi\u0142sudskiego i Romana Dmowskiego w odbudowie pa\u0144stwa polskiego&#8221;. &nbsp; \u015awi\u0119tujemy 100-lecie Niepodleg\u0142ej przez ca\u0142y tydzie\u0144! &nbsp; &nbsp; &nbsp;","thumbnail_url":"https:\/\/scontent-waw1-1.xx.fbcdn.net\/v\/t1.0-9\/45149997_2025354260854490_5638670749678960640_n.jpg?_nc_cat=106&amp;_nc_ht=scontent-waw1-1.xx&amp;oh=9d9d1d49102d0fc2ba45e68551c9a6be&amp;oe=5C496653"}

II Liceum Ogólnokształcące w Lubinie

"Witaj Niepodległa!" - II Liceum Ogólnokształcące w Lubinie

<blockquote class="wp-embedded-content" data-secret="88VNxPkrlu"><a href="https://2liceum.eu/index.php/2018/10/31/witaj-niepodlegla/">&#8222;Witaj Niepodległa!&#8221;</a></blockquote><iframe sandbox="allow-scripts" security="restricted" src="https://2liceum.eu/index.php/2018/10/31/witaj-niepodlegla/embed/#?secret=88VNxPkrlu" width="600" height="338" title="&#8222;&#8222;Witaj Niepodległa!&#8221;&#8221; &#8212; II Liceum Ogólnokształcące w Lubinie" data-secret="88VNxPkrlu" frameborder="0" marginwidth="0" marginheight="0" scrolling="no" class="wp-embedded-content"></iframe><script type="text/javascript">
/* <![CDATA[ */
/*! This file is auto-generated */
!function(d,l){"use strict";l.querySelector&&d.addEventListener&&"undefined"!=typeof URL&&(d.wp=d.wp||{},d.wp.receiveEmbedMessage||(d.wp.receiveEmbedMessage=function(e){var t=e.data;if((t||t.secret||t.message||t.value)&&!/[^a-zA-Z0-9]/.test(t.secret)){for(var s,r,n,a=l.querySelectorAll('iframe[data-secret="'+t.secret+'"]'),o=l.querySelectorAll('blockquote[data-secret="'+t.secret+'"]'),c=new RegExp("^https?:$","i"),i=0;i<o.length;i++)o[i].style.display="none";for(i=0;i<a.length;i++)s=a[i],e.source===s.contentWindow&&(s.removeAttribute("style"),"height"===t.message?(1e3<(r=parseInt(t.value,10))?r=1e3:~~r<200&&(r=200),s.height=r):"link"===t.message&&(r=new URL(s.getAttribute("src")),n=new URL(t.value),c.test(n.protocol))&&n.host===r.host&&l.activeElement===s&&(d.top.location.href=t.value))}},d.addEventListener("message",d.wp.receiveEmbedMessage,!1),l.addEventListener("DOMContentLoaded",function(){for(var e,t,s=l.querySelectorAll("iframe.wp-embedded-content"),r=0;r<s.length;r++)(t=(e=s[r]).getAttribute("data-secret"))||(t=Math.random().toString(36).substring(2,12),e.src+="#?secret="+t,e.setAttribute("data-secret",t)),e.contentWindow.postMessage({message:"ready",secret:t},"*")},!1)))}(window,document);
//# sourceURL=https://2liceum.eu/wp-includes/js/wp-embed.min.js
/* ]]> */
</script>

&nbsp; Już w poniedziałek 05.11.2018 r. rozpoczynamy Tydzień &#8222;Witaj Niepodległa!&#8221; w II LO. &nbsp; Na początek &#8211; wykład prof. dr hab. Włodzimierza Sulei &#8222;Jedność pomimo sprzeczności &#8211; rola Józefa Piłsudskiego i Romana Dmowskiego w odbudowie państwa polskiego&#8221;. &nbsp; Świętujemy 100-lecie Niepodległej przez cały tydzień! &nbsp; &nbsp; &nbsp;
