{"version":"1.0","provider_name":"II Liceum Og\u00f3lnokszta\u0142c\u0105ce w Lubinie","provider_url":"https:\/\/2liceum.eu","title":"I zn\u00f3w na podium!!! - II Liceum Og\u00f3lnokszta\u0142c\u0105ce w Lubinie","type":"rich","width":600,"height":338,"html":"<blockquote class=\"wp-embedded-content\" data-secret=\"D7EPW6MXDh\"><a href=\"https:\/\/2liceum.eu\/index.php\/2019\/01\/30\/i-znow-na-podium\/\">I zn\u00f3w na podium!!!<\/a><\/blockquote><iframe sandbox=\"allow-scripts\" security=\"restricted\" src=\"https:\/\/2liceum.eu\/index.php\/2019\/01\/30\/i-znow-na-podium\/embed\/#?secret=D7EPW6MXDh\" width=\"600\" height=\"338\" title=\"&#8222;I zn\u00f3w na podium!!!&#8221; &#8212; II Liceum Og\u00f3lnokszta\u0142c\u0105ce w Lubinie\" data-secret=\"D7EPW6MXDh\" frameborder=\"0\" marginwidth=\"0\" marginheight=\"0\" scrolling=\"no\" class=\"wp-embedded-content\"><\/iframe><script type=\"text\/javascript\">\n\/* <![CDATA[ *\/\n\/*! This file is auto-generated *\/\n!function(d,l){\"use strict\";l.querySelector&&d.addEventListener&&\"undefined\"!=typeof URL&&(d.wp=d.wp||{},d.wp.receiveEmbedMessage||(d.wp.receiveEmbedMessage=function(e){var t=e.data;if((t||t.secret||t.message||t.value)&&!\/[^a-zA-Z0-9]\/.test(t.secret)){for(var s,r,n,a=l.querySelectorAll('iframe[data-secret=\"'+t.secret+'\"]'),o=l.querySelectorAll('blockquote[data-secret=\"'+t.secret+'\"]'),c=new RegExp(\"^https?:$\",\"i\"),i=0;i<o.length;i++)o[i].style.display=\"none\";for(i=0;i<a.length;i++)s=a[i],e.source===s.contentWindow&&(s.removeAttribute(\"style\"),\"height\"===t.message?(1e3<(r=parseInt(t.value,10))?r=1e3:~~r<200&&(r=200),s.height=r):\"link\"===t.message&&(r=new URL(s.getAttribute(\"src\")),n=new URL(t.value),c.test(n.protocol))&&n.host===r.host&&l.activeElement===s&&(d.top.location.href=t.value))}},d.addEventListener(\"message\",d.wp.receiveEmbedMessage,!1),l.addEventListener(\"DOMContentLoaded\",function(){for(var e,t,s=l.querySelectorAll(\"iframe.wp-embedded-content\"),r=0;r<s.length;r++)(t=(e=s[r]).getAttribute(\"data-secret\"))||(t=Math.random().toString(36).substring(2,12),e.src+=\"#?secret=\"+t,e.setAttribute(\"data-secret\",t)),e.contentWindow.postMessage({message:\"ready\",secret:t},\"*\")},!1)))}(window,document);\n\/\/# sourceURL=https:\/\/2liceum.eu\/wp-includes\/js\/wp-embed.min.js\n\/* ]]> *\/\n<\/script>\n","description":"&nbsp; W Mistrzostwach Powiatu w koszyk\u00f3wce dziewcz\u0105t wzi\u0119\u0142o udzia\u0142 6 szk\u00f3\u0142, kt\u00f3re rozstawione zosta\u0142y do dw\u00f3ch grup. Nasze dziewcz\u0119ta zagra\u0142y bardzo dobre zawody zajmuj\u0105c III m. Sk\u0142ad dru\u017cyny: 1. Hipner Weronika 3a 2. Kubatek Alicja 2b 3. Toporowska Dominika 2b 4. Kr\u00f3l Katarzyna 2b 5. Ku\u015bwik Anna 2c 6. Hojda Natalia 3c 7. Janowicz Katarzyna [&hellip;]","thumbnail_url":"https:\/\/z-p3-scontent-waw1-1.xx.fbcdn.net\/v\/t1.0-9\/50250741_2140031949386720_4865312126543069184_n.jpg?_nc_cat=106&_nc_ht=z-p3-scontent-waw1-1.xx&oh=1778da3c3705feeb41f057c68c3a95c0&oe=5CEE266D"}

II Liceum Ogólnokształcące w Lubinie

I znów na podium!!! - II Liceum Ogólnokształcące w Lubinie

<blockquote class="wp-embedded-content" data-secret="D7EPW6MXDh"><a href="https://2liceum.eu/index.php/2019/01/30/i-znow-na-podium/">I znów na podium!!!</a></blockquote><iframe sandbox="allow-scripts" security="restricted" src="https://2liceum.eu/index.php/2019/01/30/i-znow-na-podium/embed/#?secret=D7EPW6MXDh" width="600" height="338" title="&#8222;I znów na podium!!!&#8221; &#8212; II Liceum Ogólnokształcące w Lubinie" data-secret="D7EPW6MXDh" frameborder="0" marginwidth="0" marginheight="0" scrolling="no" class="wp-embedded-content"></iframe><script type="text/javascript">
/* <![CDATA[ */
/*! This file is auto-generated */
!function(d,l){"use strict";l.querySelector&&d.addEventListener&&"undefined"!=typeof URL&&(d.wp=d.wp||{},d.wp.receiveEmbedMessage||(d.wp.receiveEmbedMessage=function(e){var t=e.data;if((t||t.secret||t.message||t.value)&&!/[^a-zA-Z0-9]/.test(t.secret)){for(var s,r,n,a=l.querySelectorAll('iframe[data-secret="'+t.secret+'"]'),o=l.querySelectorAll('blockquote[data-secret="'+t.secret+'"]'),c=new RegExp("^https?:$","i"),i=0;i<o.length;i++)o[i].style.display="none";for(i=0;i<a.length;i++)s=a[i],e.source===s.contentWindow&&(s.removeAttribute("style"),"height"===t.message?(1e3<(r=parseInt(t.value,10))?r=1e3:~~r<200&&(r=200),s.height=r):"link"===t.message&&(r=new URL(s.getAttribute("src")),n=new URL(t.value),c.test(n.protocol))&&n.host===r.host&&l.activeElement===s&&(d.top.location.href=t.value))}},d.addEventListener("message",d.wp.receiveEmbedMessage,!1),l.addEventListener("DOMContentLoaded",function(){for(var e,t,s=l.querySelectorAll("iframe.wp-embedded-content"),r=0;r<s.length;r++)(t=(e=s[r]).getAttribute("data-secret"))||(t=Math.random().toString(36).substring(2,12),e.src+="#?secret="+t,e.setAttribute("data-secret",t)),e.contentWindow.postMessage({message:"ready",secret:t},"*")},!1)))}(window,document);
//# sourceURL=https://2liceum.eu/wp-includes/js/wp-embed.min.js
/* ]]> */
</script>

&nbsp; W Mistrzostwach Powiatu w koszykówce dziewcząt wzięło udział 6 szkół, które rozstawione zostały do dwóch grup. Nasze dziewczęta zagrały bardzo dobre zawody zajmując III m. Skład drużyny: 1. Hipner Weronika 3a 2. Kubatek Alicja 2b 3. Toporowska Dominika 2b 4. Król Katarzyna 2b 5. Kuświk Anna 2c 6. Hojda Natalia 3c 7. Janowicz Katarzyna [&hellip;]
