{"version":"1.0","provider_name":"II Liceum Og\u00f3lnokszta\u0142c\u0105ce w Lubinie","provider_url":"https:\/\/2liceum.eu","title":"Zwyci\u0119zcy nagrodzeni! - II Liceum Og\u00f3lnokszta\u0142c\u0105ce w Lubinie","type":"rich","width":600,"height":338,"html":"<blockquote class=\"wp-embedded-content\" data-secret=\"G2BtumLRVA\"><a href=\"https:\/\/2liceum.eu\/index.php\/2019\/01\/30\/zwyciezcy-nagrodzeni\/\">Zwyci\u0119zcy nagrodzeni!<\/a><\/blockquote><iframe sandbox=\"allow-scripts\" security=\"restricted\" src=\"https:\/\/2liceum.eu\/index.php\/2019\/01\/30\/zwyciezcy-nagrodzeni\/embed\/#?secret=G2BtumLRVA\" width=\"600\" height=\"338\" title=\"&#8222;Zwyci\u0119zcy nagrodzeni!&#8221; &#8212; II Liceum Og\u00f3lnokszta\u0142c\u0105ce w Lubinie\" data-secret=\"G2BtumLRVA\" frameborder=\"0\" marginwidth=\"0\" marginheight=\"0\" scrolling=\"no\" class=\"wp-embedded-content\"><\/iframe><script type=\"text\/javascript\">\n\/* <![CDATA[ *\/\n\/*! This file is auto-generated *\/\n!function(d,l){\"use strict\";l.querySelector&&d.addEventListener&&\"undefined\"!=typeof URL&&(d.wp=d.wp||{},d.wp.receiveEmbedMessage||(d.wp.receiveEmbedMessage=function(e){var t=e.data;if((t||t.secret||t.message||t.value)&&!\/[^a-zA-Z0-9]\/.test(t.secret)){for(var s,r,n,a=l.querySelectorAll('iframe[data-secret=\"'+t.secret+'\"]'),o=l.querySelectorAll('blockquote[data-secret=\"'+t.secret+'\"]'),c=new RegExp(\"^https?:$\",\"i\"),i=0;i<o.length;i++)o[i].style.display=\"none\";for(i=0;i<a.length;i++)s=a[i],e.source===s.contentWindow&&(s.removeAttribute(\"style\"),\"height\"===t.message?(1e3<(r=parseInt(t.value,10))?r=1e3:~~r<200&&(r=200),s.height=r):\"link\"===t.message&&(r=new URL(s.getAttribute(\"src\")),n=new URL(t.value),c.test(n.protocol))&&n.host===r.host&&l.activeElement===s&&(d.top.location.href=t.value))}},d.addEventListener(\"message\",d.wp.receiveEmbedMessage,!1),l.addEventListener(\"DOMContentLoaded\",function(){for(var e,t,s=l.querySelectorAll(\"iframe.wp-embedded-content\"),r=0;r<s.length;r++)(t=(e=s[r]).getAttribute(\"data-secret\"))||(t=Math.random().toString(36).substring(2,12),e.src+=\"#?secret=\"+t,e.setAttribute(\"data-secret\",t)),e.contentWindow.postMessage({message:\"ready\",secret:t},\"*\")},!1)))}(window,document);\n\/\/# sourceURL=https:\/\/2liceum.eu\/wp-includes\/js\/wp-embed.min.js\n\/* ]]> *\/\n<\/script>\n","description":"&nbsp; 24 stycznia 2019 r. na d\u0142ugiej przerwie w s. 107 zosta\u0142y wr\u0119czone nagrody dla zwyci\u0119zc\u00f3w dw\u00f3ch konkurs\u00f3w j\u0119zyka niemieckiego. &#8211;&gt; Konkurs &#8222;DEUTSCHFREUND&#8221;: 1. Dorota Szyd\u0142owska (3c) &#8211; wynik b. dobry 2. Aleksandra Michalik (1c) &#8211; wynik b. dobry 3. Kamil Szarpak (3b) &#8211; wynik dobry 4. Anna Lis (3e) &#8211; wynik dobry 5. Marcel [&hellip;]","thumbnail_url":"https:\/\/z-p3-scontent-waw1-1.xx.fbcdn.net\/v\/t1.0-9\/51060120_2148902825166299_2103814778471317504_n.jpg?_nc_cat=108&amp;_nc_ht=z-p3-scontent-waw1-1.xx&amp;oh=a335257681fd2f5989d2d6a1a28a3081&amp;oe=5CB5959E"}

II Liceum Ogólnokształcące w Lubinie

Zwycięzcy nagrodzeni! - II Liceum Ogólnokształcące w Lubinie

<blockquote class="wp-embedded-content" data-secret="G2BtumLRVA"><a href="https://2liceum.eu/index.php/2019/01/30/zwyciezcy-nagrodzeni/">Zwycięzcy nagrodzeni!</a></blockquote><iframe sandbox="allow-scripts" security="restricted" src="https://2liceum.eu/index.php/2019/01/30/zwyciezcy-nagrodzeni/embed/#?secret=G2BtumLRVA" width="600" height="338" title="&#8222;Zwycięzcy nagrodzeni!&#8221; &#8212; II Liceum Ogólnokształcące w Lubinie" data-secret="G2BtumLRVA" frameborder="0" marginwidth="0" marginheight="0" scrolling="no" class="wp-embedded-content"></iframe><script type="text/javascript">
/* <![CDATA[ */
/*! This file is auto-generated */
!function(d,l){"use strict";l.querySelector&&d.addEventListener&&"undefined"!=typeof URL&&(d.wp=d.wp||{},d.wp.receiveEmbedMessage||(d.wp.receiveEmbedMessage=function(e){var t=e.data;if((t||t.secret||t.message||t.value)&&!/[^a-zA-Z0-9]/.test(t.secret)){for(var s,r,n,a=l.querySelectorAll('iframe[data-secret="'+t.secret+'"]'),o=l.querySelectorAll('blockquote[data-secret="'+t.secret+'"]'),c=new RegExp("^https?:$","i"),i=0;i<o.length;i++)o[i].style.display="none";for(i=0;i<a.length;i++)s=a[i],e.source===s.contentWindow&&(s.removeAttribute("style"),"height"===t.message?(1e3<(r=parseInt(t.value,10))?r=1e3:~~r<200&&(r=200),s.height=r):"link"===t.message&&(r=new URL(s.getAttribute("src")),n=new URL(t.value),c.test(n.protocol))&&n.host===r.host&&l.activeElement===s&&(d.top.location.href=t.value))}},d.addEventListener("message",d.wp.receiveEmbedMessage,!1),l.addEventListener("DOMContentLoaded",function(){for(var e,t,s=l.querySelectorAll("iframe.wp-embedded-content"),r=0;r<s.length;r++)(t=(e=s[r]).getAttribute("data-secret"))||(t=Math.random().toString(36).substring(2,12),e.src+="#?secret="+t,e.setAttribute("data-secret",t)),e.contentWindow.postMessage({message:"ready",secret:t},"*")},!1)))}(window,document);
//# sourceURL=https://2liceum.eu/wp-includes/js/wp-embed.min.js
/* ]]> */
</script>

&nbsp; 24 stycznia 2019 r. na długiej przerwie w s. 107 zostały wręczone nagrody dla zwycięzców dwóch konkursów języka niemieckiego. &#8211;&gt; Konkurs &#8222;DEUTSCHFREUND&#8221;: 1. Dorota Szydłowska (3c) &#8211; wynik b. dobry 2. Aleksandra Michalik (1c) &#8211; wynik b. dobry 3. Kamil Szarpak (3b) &#8211; wynik dobry 4. Anna Lis (3e) &#8211; wynik dobry 5. Marcel [&hellip;]
