{"version":"1.0","provider_name":"II Liceum Og\u00f3lnokszta\u0142c\u0105ce w Lubinie","provider_url":"https:\/\/2liceum.eu","title":"Polska Niepodleg\u0142a! - II Liceum Og\u00f3lnokszta\u0142c\u0105ce w Lubinie","type":"rich","width":600,"height":338,"html":"<blockquote class=\"wp-embedded-content\" data-secret=\"tKSTWnbne1\"><a href=\"https:\/\/2liceum.eu\/index.php\/2019\/09\/26\/4046\/\">Polska Niepodleg\u0142a!<\/a><\/blockquote><iframe sandbox=\"allow-scripts\" security=\"restricted\" src=\"https:\/\/2liceum.eu\/index.php\/2019\/09\/26\/4046\/embed\/#?secret=tKSTWnbne1\" width=\"600\" height=\"338\" title=\"&#8222;Polska Niepodleg\u0142a!&#8221; &#8212; II Liceum Og\u00f3lnokszta\u0142c\u0105ce w Lubinie\" data-secret=\"tKSTWnbne1\" frameborder=\"0\" marginwidth=\"0\" marginheight=\"0\" scrolling=\"no\" class=\"wp-embedded-content\"><\/iframe><script type=\"text\/javascript\">\n\/* <![CDATA[ *\/\n\/*! This file is auto-generated *\/\n!function(d,l){\"use strict\";l.querySelector&&d.addEventListener&&\"undefined\"!=typeof URL&&(d.wp=d.wp||{},d.wp.receiveEmbedMessage||(d.wp.receiveEmbedMessage=function(e){var t=e.data;if((t||t.secret||t.message||t.value)&&!\/[^a-zA-Z0-9]\/.test(t.secret)){for(var s,r,n,a=l.querySelectorAll('iframe[data-secret=\"'+t.secret+'\"]'),o=l.querySelectorAll('blockquote[data-secret=\"'+t.secret+'\"]'),c=new RegExp(\"^https?:$\",\"i\"),i=0;i<o.length;i++)o[i].style.display=\"none\";for(i=0;i<a.length;i++)s=a[i],e.source===s.contentWindow&&(s.removeAttribute(\"style\"),\"height\"===t.message?(1e3<(r=parseInt(t.value,10))?r=1e3:~~r<200&&(r=200),s.height=r):\"link\"===t.message&&(r=new URL(s.getAttribute(\"src\")),n=new URL(t.value),c.test(n.protocol))&&n.host===r.host&&l.activeElement===s&&(d.top.location.href=t.value))}},d.addEventListener(\"message\",d.wp.receiveEmbedMessage,!1),l.addEventListener(\"DOMContentLoaded\",function(){for(var e,t,s=l.querySelectorAll(\"iframe.wp-embedded-content\"),r=0;r<s.length;r++)(t=(e=s[r]).getAttribute(\"data-secret\"))||(t=Math.random().toString(36).substring(2,12),e.src+=\"#?secret=\"+t,e.setAttribute(\"data-secret\",t)),e.contentWindow.postMessage({message:\"ready\",secret:t},\"*\")},!1)))}(window,document);\n\/\/# sourceURL=https:\/\/2liceum.eu\/wp-includes\/js\/wp-embed.min.js\n\/* ]]> *\/\n<\/script>\n","description":"Serdecznie zapraszamy uczni\u00f3w do udzia\u0142u w Og\u00f3lnopolskim Konkursie Historycznym POLSKA NIEPODLEG\u0141A. Organizatorem konkursu jest Polska Uniwersytecka Szko\u0142a Kszta\u0142cenia Indywidualnego. Do konkursu zapraszeni s\u0105 uczniowie z 3 kategorii wiekowych: klasy 4-6 szk\u00f3\u0142 podstawowych, klasy 7-8 szk\u00f3\u0142 podstawowych, uczniowie szk\u00f3\u0142 ponadpodstawowych. Etap szkolny, kt\u00f3ry odb\u0119dzie si\u0119 28 pa\u017adziernika 2019 roku, wy\u0142oni 10 finalist\u00f3w z ka\u017cdej kategorii wiekowej. [&hellip;]","thumbnail_url":"https:\/\/scontent-waw1-1.xx.fbcdn.net\/v\/t1.0-9\/71012107_2557425814313996_8067153496308187136_n.jpg?_nc_cat=110&amp;_nc_eui2=AeHJCkJL0-fvhleSb1pkwRF8w8IX1PKYRydOFJmveyR9RE0_-ZFJcMCkJOYy_5Ja9Emeaqu3AXdkFOeL4r0b1_L5OEyfF8PQKV9JCpKM8N4S7g&amp;_nc_oc=AQklnlZuE4FgtBqKrEyoNl6DT9FUbBRg4s9ubJ7z_3zPMnT0R1RtxKG8YRKCUFkbHSA&amp;_nc_ht=scontent-waw1-1.xx&amp;oh=e6d838ad9154134829f3d19766d05ef4&amp;oe=5DF272B0"}

II Liceum Ogólnokształcące w Lubinie

Polska Niepodległa! - II Liceum Ogólnokształcące w Lubinie

<blockquote class="wp-embedded-content" data-secret="tKSTWnbne1"><a href="https://2liceum.eu/index.php/2019/09/26/4046/">Polska Niepodległa!</a></blockquote><iframe sandbox="allow-scripts" security="restricted" src="https://2liceum.eu/index.php/2019/09/26/4046/embed/#?secret=tKSTWnbne1" width="600" height="338" title="&#8222;Polska Niepodległa!&#8221; &#8212; II Liceum Ogólnokształcące w Lubinie" data-secret="tKSTWnbne1" frameborder="0" marginwidth="0" marginheight="0" scrolling="no" class="wp-embedded-content"></iframe><script type="text/javascript">
/* <![CDATA[ */
/*! This file is auto-generated */
!function(d,l){"use strict";l.querySelector&&d.addEventListener&&"undefined"!=typeof URL&&(d.wp=d.wp||{},d.wp.receiveEmbedMessage||(d.wp.receiveEmbedMessage=function(e){var t=e.data;if((t||t.secret||t.message||t.value)&&!/[^a-zA-Z0-9]/.test(t.secret)){for(var s,r,n,a=l.querySelectorAll('iframe[data-secret="'+t.secret+'"]'),o=l.querySelectorAll('blockquote[data-secret="'+t.secret+'"]'),c=new RegExp("^https?:$","i"),i=0;i<o.length;i++)o[i].style.display="none";for(i=0;i<a.length;i++)s=a[i],e.source===s.contentWindow&&(s.removeAttribute("style"),"height"===t.message?(1e3<(r=parseInt(t.value,10))?r=1e3:~~r<200&&(r=200),s.height=r):"link"===t.message&&(r=new URL(s.getAttribute("src")),n=new URL(t.value),c.test(n.protocol))&&n.host===r.host&&l.activeElement===s&&(d.top.location.href=t.value))}},d.addEventListener("message",d.wp.receiveEmbedMessage,!1),l.addEventListener("DOMContentLoaded",function(){for(var e,t,s=l.querySelectorAll("iframe.wp-embedded-content"),r=0;r<s.length;r++)(t=(e=s[r]).getAttribute("data-secret"))||(t=Math.random().toString(36).substring(2,12),e.src+="#?secret="+t,e.setAttribute("data-secret",t)),e.contentWindow.postMessage({message:"ready",secret:t},"*")},!1)))}(window,document);
//# sourceURL=https://2liceum.eu/wp-includes/js/wp-embed.min.js
/* ]]> */
</script>

Serdecznie zapraszamy uczniów do udziału w Ogólnopolskim Konkursie Historycznym POLSKA NIEPODLEGŁA. Organizatorem konkursu jest Polska Uniwersytecka Szkoła Kształcenia Indywidualnego. Do konkursu zapraszeni są uczniowie z 3 kategorii wiekowych: klasy 4-6 szkół podstawowych, klasy 7-8 szkół podstawowych, uczniowie szkół ponadpodstawowych. Etap szkolny, który odbędzie się 28 października 2019 roku, wyłoni 10 finalistów z każdej kategorii wiekowej. [&hellip;]
