{"version":"1.0","provider_name":"II Liceum Og\u00f3lnokszta\u0142c\u0105ce w Lubinie","provider_url":"https:\/\/2liceum.eu","title":"Og\u00f3lnopolski Konkurs Retoryczny! - II Liceum Og\u00f3lnokszta\u0142c\u0105ce w Lubinie","type":"rich","width":600,"height":338,"html":"<blockquote class=\"wp-embedded-content\" data-secret=\"ibHxCRN2sU\"><a href=\"https:\/\/2liceum.eu\/index.php\/2019\/11\/25\/ogolnopolski-konkurs-retoryczny\/\">Og\u00f3lnopolski Konkurs Retoryczny!<\/a><\/blockquote><iframe sandbox=\"allow-scripts\" security=\"restricted\" src=\"https:\/\/2liceum.eu\/index.php\/2019\/11\/25\/ogolnopolski-konkurs-retoryczny\/embed\/#?secret=ibHxCRN2sU\" width=\"600\" height=\"338\" title=\"&#8222;Og\u00f3lnopolski Konkurs Retoryczny!&#8221; &#8212; II Liceum Og\u00f3lnokszta\u0142c\u0105ce w Lubinie\" data-secret=\"ibHxCRN2sU\" frameborder=\"0\" marginwidth=\"0\" marginheight=\"0\" scrolling=\"no\" class=\"wp-embedded-content\"><\/iframe><script type=\"text\/javascript\">\n\/* <![CDATA[ *\/\n\/*! This file is auto-generated *\/\n!function(d,l){\"use strict\";l.querySelector&&d.addEventListener&&\"undefined\"!=typeof URL&&(d.wp=d.wp||{},d.wp.receiveEmbedMessage||(d.wp.receiveEmbedMessage=function(e){var t=e.data;if((t||t.secret||t.message||t.value)&&!\/[^a-zA-Z0-9]\/.test(t.secret)){for(var s,r,n,a=l.querySelectorAll('iframe[data-secret=\"'+t.secret+'\"]'),o=l.querySelectorAll('blockquote[data-secret=\"'+t.secret+'\"]'),c=new RegExp(\"^https?:$\",\"i\"),i=0;i<o.length;i++)o[i].style.display=\"none\";for(i=0;i<a.length;i++)s=a[i],e.source===s.contentWindow&&(s.removeAttribute(\"style\"),\"height\"===t.message?(1e3<(r=parseInt(t.value,10))?r=1e3:~~r<200&&(r=200),s.height=r):\"link\"===t.message&&(r=new URL(s.getAttribute(\"src\")),n=new URL(t.value),c.test(n.protocol))&&n.host===r.host&&l.activeElement===s&&(d.top.location.href=t.value))}},d.addEventListener(\"message\",d.wp.receiveEmbedMessage,!1),l.addEventListener(\"DOMContentLoaded\",function(){for(var e,t,s=l.querySelectorAll(\"iframe.wp-embedded-content\"),r=0;r<s.length;r++)(t=(e=s[r]).getAttribute(\"data-secret\"))||(t=Math.random().toString(36).substring(2,12),e.src+=\"#?secret=\"+t,e.setAttribute(\"data-secret\",t)),e.contentWindow.postMessage({message:\"ready\",secret:t},\"*\")},!1)))}(window,document);\n\/\/# sourceURL=https:\/\/2liceum.eu\/wp-includes\/js\/wp-embed.min.js\n\/* ]]> *\/\n<\/script>\n","description":"Fundacja Akademia Retoryki Igora Zalewskiego ma wielk\u0105 przyjemno\u015b\u0107 og\u0142osi\u0107 start trzeciej edycji Og\u00f3lnopolskiego Konkursu Retorycznego dla m\u0142odzie\u017cy &#8211; uczni\u00f3w szk\u00f3\u0142 \u015brednich. Aby wzi\u0105\u0107 udzia\u0142 w Konkursie wystarczy przes\u0142a\u0107 dwuminutowy film ze swoim wyst\u0105pieniem na dowolny temat na adres konkurs@akademiaretoryki.pl. Spo\u015br\u00f3d nades\u0142anych materia\u0142\u00f3w, jury wybierze dziesi\u0119\u0107 najlepszych film\u00f3w, kt\u00f3rych autorzy zostan\u0105 zaproszeni do wzi\u0119cia udzia\u0142u w [&hellip;]","thumbnail_url":"https:\/\/external-waw1-1.xx.fbcdn.net\/safe_image.php?d=AQBEJCem4FJJ4RdY&amp;w=476&amp;h=249&amp;url=https%3A%2F%2Fakademiaretoryki.pl%2Fwp-content%2Fuploads%2F2017%2F09%2Fbg-konkurs.png&amp;cfs=1&amp;upscale=1&amp;fallback=news_d_placeholder_publisher&amp;_nc_hash=AQCuKT6RYMxbjCli"}

II Liceum Ogólnokształcące w Lubinie

Ogólnopolski Konkurs Retoryczny! - II Liceum Ogólnokształcące w Lubinie

<blockquote class="wp-embedded-content" data-secret="ibHxCRN2sU"><a href="https://2liceum.eu/index.php/2019/11/25/ogolnopolski-konkurs-retoryczny/">Ogólnopolski Konkurs Retoryczny!</a></blockquote><iframe sandbox="allow-scripts" security="restricted" src="https://2liceum.eu/index.php/2019/11/25/ogolnopolski-konkurs-retoryczny/embed/#?secret=ibHxCRN2sU" width="600" height="338" title="&#8222;Ogólnopolski Konkurs Retoryczny!&#8221; &#8212; II Liceum Ogólnokształcące w Lubinie" data-secret="ibHxCRN2sU" frameborder="0" marginwidth="0" marginheight="0" scrolling="no" class="wp-embedded-content"></iframe><script type="text/javascript">
/* <![CDATA[ */
/*! This file is auto-generated */
!function(d,l){"use strict";l.querySelector&&d.addEventListener&&"undefined"!=typeof URL&&(d.wp=d.wp||{},d.wp.receiveEmbedMessage||(d.wp.receiveEmbedMessage=function(e){var t=e.data;if((t||t.secret||t.message||t.value)&&!/[^a-zA-Z0-9]/.test(t.secret)){for(var s,r,n,a=l.querySelectorAll('iframe[data-secret="'+t.secret+'"]'),o=l.querySelectorAll('blockquote[data-secret="'+t.secret+'"]'),c=new RegExp("^https?:$","i"),i=0;i<o.length;i++)o[i].style.display="none";for(i=0;i<a.length;i++)s=a[i],e.source===s.contentWindow&&(s.removeAttribute("style"),"height"===t.message?(1e3<(r=parseInt(t.value,10))?r=1e3:~~r<200&&(r=200),s.height=r):"link"===t.message&&(r=new URL(s.getAttribute("src")),n=new URL(t.value),c.test(n.protocol))&&n.host===r.host&&l.activeElement===s&&(d.top.location.href=t.value))}},d.addEventListener("message",d.wp.receiveEmbedMessage,!1),l.addEventListener("DOMContentLoaded",function(){for(var e,t,s=l.querySelectorAll("iframe.wp-embedded-content"),r=0;r<s.length;r++)(t=(e=s[r]).getAttribute("data-secret"))||(t=Math.random().toString(36).substring(2,12),e.src+="#?secret="+t,e.setAttribute("data-secret",t)),e.contentWindow.postMessage({message:"ready",secret:t},"*")},!1)))}(window,document);
//# sourceURL=https://2liceum.eu/wp-includes/js/wp-embed.min.js
/* ]]> */
</script>

Fundacja Akademia Retoryki Igora Zalewskiego ma wielką przyjemność ogłosić start trzeciej edycji Ogólnopolskiego Konkursu Retorycznego dla młodzieży &#8211; uczniów szkół średnich. Aby wziąć udział w Konkursie wystarczy przesłać dwuminutowy film ze swoim wystąpieniem na dowolny temat na adres konkurs@akademiaretoryki.pl. Spośród nadesłanych materiałów, jury wybierze dziesięć najlepszych filmów, których autorzy zostaną zaproszeni do wzięcia udziału w [&hellip;]
