{"version":"1.0","provider_name":"II Liceum Og\u00f3lnokszta\u0142c\u0105ce w Lubinie","provider_url":"https:\/\/2liceum.eu","title":"Gala Wolontariatu! - II Liceum Og\u00f3lnokszta\u0142c\u0105ce w Lubinie","type":"rich","width":600,"height":338,"html":"<blockquote class=\"wp-embedded-content\" data-secret=\"T5YtxsFv3y\"><a href=\"https:\/\/2liceum.eu\/index.php\/2019\/12\/05\/gala-wolontariatu\/\">Gala Wolontariatu!<\/a><\/blockquote><iframe sandbox=\"allow-scripts\" security=\"restricted\" src=\"https:\/\/2liceum.eu\/index.php\/2019\/12\/05\/gala-wolontariatu\/embed\/#?secret=T5YtxsFv3y\" width=\"600\" height=\"338\" title=\"&#8222;Gala Wolontariatu!&#8221; &#8212; II Liceum Og\u00f3lnokszta\u0142c\u0105ce w Lubinie\" data-secret=\"T5YtxsFv3y\" frameborder=\"0\" marginwidth=\"0\" marginheight=\"0\" scrolling=\"no\" class=\"wp-embedded-content\"><\/iframe><script type=\"text\/javascript\">\n\/* <![CDATA[ *\/\n\/*! This file is auto-generated *\/\n!function(d,l){\"use strict\";l.querySelector&&d.addEventListener&&\"undefined\"!=typeof URL&&(d.wp=d.wp||{},d.wp.receiveEmbedMessage||(d.wp.receiveEmbedMessage=function(e){var t=e.data;if((t||t.secret||t.message||t.value)&&!\/[^a-zA-Z0-9]\/.test(t.secret)){for(var s,r,n,a=l.querySelectorAll('iframe[data-secret=\"'+t.secret+'\"]'),o=l.querySelectorAll('blockquote[data-secret=\"'+t.secret+'\"]'),c=new RegExp(\"^https?:$\",\"i\"),i=0;i<o.length;i++)o[i].style.display=\"none\";for(i=0;i<a.length;i++)s=a[i],e.source===s.contentWindow&&(s.removeAttribute(\"style\"),\"height\"===t.message?(1e3<(r=parseInt(t.value,10))?r=1e3:~~r<200&&(r=200),s.height=r):\"link\"===t.message&&(r=new URL(s.getAttribute(\"src\")),n=new URL(t.value),c.test(n.protocol))&&n.host===r.host&&l.activeElement===s&&(d.top.location.href=t.value))}},d.addEventListener(\"message\",d.wp.receiveEmbedMessage,!1),l.addEventListener(\"DOMContentLoaded\",function(){for(var e,t,s=l.querySelectorAll(\"iframe.wp-embedded-content\"),r=0;r<s.length;r++)(t=(e=s[r]).getAttribute(\"data-secret\"))||(t=Math.random().toString(36).substring(2,12),e.src+=\"#?secret=\"+t,e.setAttribute(\"data-secret\",t)),e.contentWindow.postMessage({message:\"ready\",secret:t},\"*\")},!1)))}(window,document);\n\/\/# sourceURL=https:\/\/2liceum.eu\/wp-includes\/js\/wp-embed.min.js\n\/* ]]> *\/\n<\/script>\n","description":"&#8222;Dobro\u0107 jest cichym czynieniem tego, o czym inni m\u00f3wi\u0105 g\u0142o\u015bno&#8221; Friedl Beutelrock. We wtorek 3 grudnia w lubi\u0144skim MDK mia\u0142a miejsce doroczna Gala Wolontariatu &#8211; organizowana z okazji dnia wolontariusza, kt\u00f3ry przypada 5 grudnia. Starostwo Powiatowe, kt\u00f3re jest organizatorem przedsi\u0119wzi\u0119cia postanowi\u0142o uhonorowa\u0107 prac\u0119 lubi\u0144skich wolontariuszy &#8211; od najm\u0142odszych (6 lat), poprzez szko\u0142y podstawowe i \u015brednie, [&hellip;]","thumbnail_url":"https:\/\/scontent-waw1-1.xx.fbcdn.net\/v\/t1.0-9\/78539856_2710807525642490_5573844471818223616_o.jpg?_nc_cat=108&amp;_nc_ohc=sbojXqeWgSUAQnpSfhPIpTRtEHJVIAdhZz7i1AWJhB-M1_FRrUtP6oRNQ&amp;_nc_ht=scontent-waw1-1.xx&amp;oh=701e8748836729fb9b70862101e34529&amp;oe=5E742610"}

II Liceum Ogólnokształcące w Lubinie

Gala Wolontariatu! - II Liceum Ogólnokształcące w Lubinie

<blockquote class="wp-embedded-content" data-secret="T5YtxsFv3y"><a href="https://2liceum.eu/index.php/2019/12/05/gala-wolontariatu/">Gala Wolontariatu!</a></blockquote><iframe sandbox="allow-scripts" security="restricted" src="https://2liceum.eu/index.php/2019/12/05/gala-wolontariatu/embed/#?secret=T5YtxsFv3y" width="600" height="338" title="&#8222;Gala Wolontariatu!&#8221; &#8212; II Liceum Ogólnokształcące w Lubinie" data-secret="T5YtxsFv3y" frameborder="0" marginwidth="0" marginheight="0" scrolling="no" class="wp-embedded-content"></iframe><script type="text/javascript">
/* <![CDATA[ */
/*! This file is auto-generated */
!function(d,l){"use strict";l.querySelector&&d.addEventListener&&"undefined"!=typeof URL&&(d.wp=d.wp||{},d.wp.receiveEmbedMessage||(d.wp.receiveEmbedMessage=function(e){var t=e.data;if((t||t.secret||t.message||t.value)&&!/[^a-zA-Z0-9]/.test(t.secret)){for(var s,r,n,a=l.querySelectorAll('iframe[data-secret="'+t.secret+'"]'),o=l.querySelectorAll('blockquote[data-secret="'+t.secret+'"]'),c=new RegExp("^https?:$","i"),i=0;i<o.length;i++)o[i].style.display="none";for(i=0;i<a.length;i++)s=a[i],e.source===s.contentWindow&&(s.removeAttribute("style"),"height"===t.message?(1e3<(r=parseInt(t.value,10))?r=1e3:~~r<200&&(r=200),s.height=r):"link"===t.message&&(r=new URL(s.getAttribute("src")),n=new URL(t.value),c.test(n.protocol))&&n.host===r.host&&l.activeElement===s&&(d.top.location.href=t.value))}},d.addEventListener("message",d.wp.receiveEmbedMessage,!1),l.addEventListener("DOMContentLoaded",function(){for(var e,t,s=l.querySelectorAll("iframe.wp-embedded-content"),r=0;r<s.length;r++)(t=(e=s[r]).getAttribute("data-secret"))||(t=Math.random().toString(36).substring(2,12),e.src+="#?secret="+t,e.setAttribute("data-secret",t)),e.contentWindow.postMessage({message:"ready",secret:t},"*")},!1)))}(window,document);
//# sourceURL=https://2liceum.eu/wp-includes/js/wp-embed.min.js
/* ]]> */
</script>

&#8222;Dobroć jest cichym czynieniem tego, o czym inni mówią głośno&#8221; Friedl Beutelrock. We wtorek 3 grudnia w lubińskim MDK miała miejsce doroczna Gala Wolontariatu &#8211; organizowana z okazji dnia wolontariusza, który przypada 5 grudnia. Starostwo Powiatowe, które jest organizatorem przedsięwzięcia postanowiło uhonorować pracę lubińskich wolontariuszy &#8211; od najmłodszych (6 lat), poprzez szkoły podstawowe i średnie, [&hellip;]
