{"id":432,"date":"2018-01-26T10:58:34","date_gmt":"2018-01-26T09:58:34","guid":{"rendered":"http:\/\/2liceum.eu\/?page_id=432"},"modified":"2018-01-26T10:58:34","modified_gmt":"2018-01-26T09:58:34","slug":"bibliografia-zalacznikowa","status":"publish","type":"page","link":"https:\/\/2liceum.eu\/index.php\/bibliografia-zalacznikowa\/","title":{"rendered":"Bibliografia za\u0142\u0105cznikowa"},"content":{"rendered":"<p style=\"margin-top: 20px;\"><strong><span class=\"initial\">B<\/span>ibliografia za\u0142\u0105cznikowa<\/strong> <strong>powinna by\u0107 opracowana zgodnie z normami:<\/strong><\/p>\n<ul>\n<li class=\"article\"><a href=\"http:\/\/pl.wikipedia.org\/wiki\/ISO_690\" target=\"_blank\" rel=\"noopener\">PN-ISO 690<\/a> z 2002 roku \u2013 wydawnictwa zwarte i ci\u0105g\u0142e,<\/li>\n<li class=\"article\">PN-ISO 690-2 z 1999 roku \u2013 dokumenty elektroniczne.<\/li>\n<\/ul>\n<p style=\"margin-bottom: 40px;\">Wzory opis\u00f3w bibliograficznych zawieraj\u0105 tylko elementy obowi\u0105zkowe.<\/p>\n<h5>Wydawnictwo zwarte<\/h5>\n<p><strong>Odpowiedzialno\u015b\u0107 g\u0142\u00f3wna. Tytu\u0142: dodatek do tytu\u0142u. Wydanie. Rok wydania. Numer znormalizowany ISBN.<\/strong><\/p>\n<p>1. Janion Maria, \u017bmigrodzka Maria. Romantyzm i historia. 1978.<\/p>\n<p style=\"margin-bottom: 40px;\">2. Geografia turystyczna \u015bwiata. Pod red. Jadwigi Warszy\u0144skiej. Cz. 1. 1994. ISBN 83-01-10944-0.<\/p>\n<h5>Fragment w wydawnictwie zwartym<\/h5>\n<p><strong>Odpowiedzialno\u015b\u0107 g\u0142\u00f3wna. Tytu\u0142 dokumentu macierzystego. Wydanie. Numeracja cz\u0119\u015bci. Rok wydania. Lokalizacja w obr\u0119bie dokumentu macierzystego (tytu\u0142, stronice).<\/strong><\/p>\n<p style=\"margin-bottom: 40px;\">Kulczycka-Saloni, Janina. Pozytywizm. 1971. Antagoni\u015bci, s. 66-71.<\/p>\n<h5>Artyku\u0142 w wydawnictwie zwartym<\/h5>\n<p><strong>Odpowiedzialno\u015b\u0107 g\u0142\u00f3wna dotycz\u0105ca artyku\u0142u. Tytu\u0142 artyku\u0142u. W: Odpowiedzialno\u015b\u0107 g\u0142\u00f3wna dokumentu macierzystego. Tytu\u0142 dokumentu macierzystego. Wydanie. Rok wydania. Lokalizacja w obr\u0119bie dokumentu macierzystego (stronice).<\/strong><\/p>\n<p>1. Burke Peter. Dworzanin. W: Cz\u0142owiek Renesansu. Pod. red. Eugenia Garina. 2001. s.143-175.<\/p>\n<p style=\"margin-bottom: 40px;\">2. Ro\u017cen Joanna. Filmowe inspiracje epok\u0105 o\u015bwiecenia. W: O\u015bwiecenie: przewodnik dla licealist\u00f3w. 2003. s. 41-50.<\/p>\n<h5>Artyku\u0142 w wydawnictwie ci\u0105g\u0142ym<\/h5>\n<p><strong>Odpowiedzialno\u015b\u0107 g\u0142\u00f3wna. Tytu\u0142. \u201eTytu\u0142 dokumentu macierzystego\u201d. Lokalizacja w obr\u0119bie dokumentu macierzystego: rok, oznaczenie zeszytu, paginacja fragmentu.<\/strong><\/p>\n<p style=\"margin-bottom: 40px;\">Kaszubska A. Wi\u0119\u017aniowie sekty. \u201eCogito\u201d. 2005, nr 5, s. 24-26.<\/p>\n<h5>Wywiad w wydawnictwie ci\u0105g\u0142ym<\/h5>\n<p><strong>Odpowiedzialno\u015b\u0107 g\u0142\u00f3wna udzielaj\u0105cego wywiad. Tytu\u0142 wywiadu. Odpowiedzialno\u015b\u0107 drugorz\u0119dna przeprowadzaj\u0105cego wywiad. Tytu\u0142 dokumentu macierzystego. Wydanie. Lokalizacja w obr\u0119bie dokumentu macierzystego: rok, oznaczenie zeszytu, paginacja fragmentu.<\/strong><\/p>\n<p style=\"margin-bottom: 40px;\">Magdziarz Maria. Nast\u0119pni b\u0119d\u0105 mieli \u0142atwiej. Rozm. przepr. Lidia Jastrz\u0119bowska. Nowa Szko\u0142a. 2004, nr 9, s. 4-6.<\/p>\n<h5>Elektroniczne wydawnictwo zwarte, baza danych i program komputerowy<\/h5>\n<p><strong>Odpowiedzialno\u015b\u0107 g\u0142\u00f3wna. Tytu\u0142 [Typ no\u015bnika]. Wydanie. Miejsce wydania: wydawca, data wydania. Data aktualizacji [Data dost\u0119pu]<sup>*<\/sup>. Warunki dost\u0119pu<sup>*<\/sup>. Numer znormalizowany.<\/strong><\/p>\n<p>1. Kopali\u0144ski, W\u0142adys\u0142aw. S\u0142ownik wyraz\u00f3w obcych i zwrot\u00f3w obcoj\u0119zycznych.[CD-ROM]. Wersja 1.03.16. \u0141\u00f3d\u017a: PRO- media CD 1998. ISBN 83-7231-3.<\/p>\n<p style=\"margin-bottom: 40px;\">2. Wielka Internetowa Encyklopedia Multimedialna [online]. Onet.pl, 1996- 2005 [dost\u0119p: 04 lutego 2005]. Dost\u0119pny w World Wide Web: http:\/\/portalwiedzy.onet.pl\/<\/p>\n<h5>Artyku\u0142 w elektronicznym wydawnictwie zwartym, bazie danych i programie komputerowym<\/h5>\n<p><strong>Odpowiedzialno\u015b\u0107 g\u0142\u00f3wna (artyku\u0142u). Tytu\u0142 (artyku\u0142u). W: Odpowiedzialno\u015b\u0107 g\u0142\u00f3wna (dokumentu macierzystego). Tytu\u0142 (dokumentu macierzystego) [Typ no\u015bnika]. Wydanie. Miejsce wydania: wydawca, data wydania. Data aktualizacji [Data dost\u0119pu]<sup>*<\/sup>. Lokalizacja w obr\u0119bie dokumentu macierzystego. Warunki dost\u0119pu<sup>*<\/sup>. Numer znormalizowany ISBN.<\/strong><\/p>\n<p style=\"margin-bottom: 40px;\">Mazury. W: Wielka Internetowa Encyklopedia Multimedialna [online] [dost\u0119p 03 wrze\u015bnia 2005]. Dost\u0119pny w World Wide Web: http:\/\/portalwiedzy.onet.pl.<\/p>\n<h5>Elektroniczne wydawnictwo ci\u0105g\u0142e<\/h5>\n<p><strong>Tytu\u0142 [Typ no\u015bnika]. Wydanie. Miejsce wydania: wydawca, data wydania [Data dost\u0119pu]<sup>*<\/sup>. Warunki dost\u0119pu<sup>*<\/sup>. Numer znormalizowany ISSN.<\/strong><\/p>\n<p style=\"margin-bottom: 80px;\">1. Wiedza i \u017bycie [online]. Warszawa: Agora [dost\u0119p: 07 wrze\u015bnia 2005]. Dost\u0119pny w World Wide Web: http:\/\/serwisy.gazeta.pl\/czasopisma\/0,42477.html. ISSN 0137-8929.<\/p>\n<p><sup>*<\/sup> Data i warunki dost\u0119pu to elementy obowi\u0105zkowe dla dokument\u00f3w online, fakultatywne dla pozosta\u0142ych.<\/p>\n","protected":false},"excerpt":{"rendered":"<p>Bibliografia za\u0142\u0105cznikowa powinna by\u0107 opracowana zgodnie z normami: PN-ISO 690 z 2002 roku \u2013 wydawnictwa zwarte i ci\u0105g\u0142e, PN-ISO 690-2 z 1999 roku \u2013 dokumenty elektroniczne. Wzory opis\u00f3w bibliograficznych zawieraj\u0105 tylko elementy obowi\u0105zkowe. Wydawnictwo zwarte Odpowiedzialno\u015b\u0107 g\u0142\u00f3wna. Tytu\u0142: dodatek do tytu\u0142u. Wydanie. Rok wydania. Numer znormalizowany ISBN. 1. Janion Maria, \u017bmigrodzka Maria. Romantyzm i historia. [&hellip;]<\/p>\n","protected":false},"author":2,"featured_media":0,"parent":0,"menu_order":0,"comment_status":"closed","ping_status":"closed","template":"","meta":{"ngg_post_thumbnail":0,"footnotes":""},"class_list":["post-432","page","type-page","status-publish","hentry"],"yoast_head":"<!-- This site is optimized with the Yoast SEO plugin v19.4 - https:\/\/yoast.com\/wordpress\/plugins\/seo\/ -->\n<title>Bibliografia za\u0142\u0105cznikowa - II Liceum Og\u00f3lnokszta\u0142c\u0105ce w Lubinie<\/title>\n<meta name=\"robots\" content=\"index, follow, max-snippet:-1, max-image-preview:large, max-video-preview:-1\" \/>\n<link rel=\"canonical\" href=\"https:\/\/2liceum.eu\/index.php\/bibliografia-zalacznikowa\/\" \/>\n<meta property=\"og:locale\" content=\"pl_PL\" \/>\n<meta property=\"og:type\" content=\"article\" \/>\n<meta property=\"og:title\" content=\"Bibliografia za\u0142\u0105cznikowa - II Liceum Og\u00f3lnokszta\u0142c\u0105ce w Lubinie\" \/>\n<meta property=\"og:description\" content=\"Bibliografia za\u0142\u0105cznikowa powinna by\u0107 opracowana zgodnie z normami: PN-ISO 690 z 2002 roku \u2013 wydawnictwa zwarte i ci\u0105g\u0142e, PN-ISO 690-2 z 1999 roku \u2013 dokumenty elektroniczne. Wzory opis\u00f3w bibliograficznych zawieraj\u0105 tylko elementy obowi\u0105zkowe. Wydawnictwo zwarte Odpowiedzialno\u015b\u0107 g\u0142\u00f3wna. Tytu\u0142: dodatek do tytu\u0142u. Wydanie. Rok wydania. Numer znormalizowany ISBN. 1. Janion Maria, \u017bmigrodzka Maria. Romantyzm i historia. [&hellip;]\" \/>\n<meta property=\"og:url\" content=\"https:\/\/2liceum.eu\/index.php\/bibliografia-zalacznikowa\/\" \/>\n<meta property=\"og:site_name\" content=\"II Liceum Og\u00f3lnokszta\u0142c\u0105ce w Lubinie\" \/>\n<meta property=\"article:publisher\" content=\"https:\/\/web.facebook.com\/IILOLubin\/\" \/>\n<meta name=\"twitter:card\" content=\"summary_large_image\" \/>\n<meta name=\"twitter:label1\" content=\"Szacowany czas czytania\" \/>\n\t<meta name=\"twitter:data1\" content=\"2 minuty\" \/>\n<script type=\"application\/ld+json\" class=\"yoast-schema-graph\">{\"@context\":\"https:\/\/schema.org\",\"@graph\":[{\"@type\":\"Organization\",\"@id\":\"https:\/\/2liceum.eu\/#organization\",\"name\":\"II Liceum Og\u00f3lnokszta\u0142c\u0105ce w Lubinie\",\"url\":\"https:\/\/2liceum.eu\/\",\"sameAs\":[\"http:\/\/2lolubin\",\"https:\/\/www.youtube.com\/channel\/UCWjEMxRJYdfvxPhVOn-8g_g\",\"https:\/\/web.facebook.com\/IILOLubin\/\"],\"logo\":{\"@type\":\"ImageObject\",\"inLanguage\":\"pl-PL\",\"@id\":\"https:\/\/2liceum.eu\/#\/schema\/logo\/image\/\",\"url\":\"https:\/\/2liceum.eu\/wp-content\/uploads\/2018\/01\/pobrane.jpg\",\"contentUrl\":\"https:\/\/2liceum.eu\/wp-content\/uploads\/2018\/01\/pobrane.jpg\",\"width\":184,\"height\":183,\"caption\":\"II Liceum Og\u00f3lnokszta\u0142c\u0105ce w Lubinie\"},\"image\":{\"@id\":\"https:\/\/2liceum.eu\/#\/schema\/logo\/image\/\"}},{\"@type\":\"WebSite\",\"@id\":\"https:\/\/2liceum.eu\/#website\",\"url\":\"https:\/\/2liceum.eu\/\",\"name\":\"II Liceum Og\u00f3lnokszta\u0142c\u0105ce w Lubinie\",\"description\":\"Oficjalny portal II LO w Lubinie. Informacje o szkole, kadrze, zaj\u0119ciach dydaktycznych, ko\u0142ach zainteresowa\u0144, wolontariacie. Aktualno\u015bci. Galeria zdj\u0119\u0107.\",\"publisher\":{\"@id\":\"https:\/\/2liceum.eu\/#organization\"},\"potentialAction\":[{\"@type\":\"SearchAction\",\"target\":{\"@type\":\"EntryPoint\",\"urlTemplate\":\"https:\/\/2liceum.eu\/?s={search_term_string}\"},\"query-input\":\"required name=search_term_string\"}],\"inLanguage\":\"pl-PL\"},{\"@type\":\"WebPage\",\"@id\":\"https:\/\/2liceum.eu\/index.php\/bibliografia-zalacznikowa\/\",\"url\":\"https:\/\/2liceum.eu\/index.php\/bibliografia-zalacznikowa\/\",\"name\":\"Bibliografia za\u0142\u0105cznikowa - II Liceum Og\u00f3lnokszta\u0142c\u0105ce w Lubinie\",\"isPartOf\":{\"@id\":\"https:\/\/2liceum.eu\/#website\"},\"datePublished\":\"2018-01-26T09:58:34+00:00\",\"dateModified\":\"2018-01-26T09:58:34+00:00\",\"breadcrumb\":{\"@id\":\"https:\/\/2liceum.eu\/index.php\/bibliografia-zalacznikowa\/#breadcrumb\"},\"inLanguage\":\"pl-PL\",\"potentialAction\":[{\"@type\":\"ReadAction\",\"target\":[\"https:\/\/2liceum.eu\/index.php\/bibliografia-zalacznikowa\/\"]}]},{\"@type\":\"BreadcrumbList\",\"@id\":\"https:\/\/2liceum.eu\/index.php\/bibliografia-zalacznikowa\/#breadcrumb\",\"itemListElement\":[{\"@type\":\"ListItem\",\"position\":1,\"name\":\"Strona g\u0142\u00f3wna\",\"item\":\"https:\/\/2liceum.eu\/\"},{\"@type\":\"ListItem\",\"position\":2,\"name\":\"Bibliografia za\u0142\u0105cznikowa\"}]}]}<\/script>\n<!-- \/ Yoast SEO plugin. -->","yoast_head_json":{"title":"Bibliografia za\u0142\u0105cznikowa - II Liceum Og\u00f3lnokszta\u0142c\u0105ce w Lubinie","robots":{"index":"index","follow":"follow","max-snippet":"max-snippet:-1","max-image-preview":"max-image-preview:large","max-video-preview":"max-video-preview:-1"},"canonical":"https:\/\/2liceum.eu\/index.php\/bibliografia-zalacznikowa\/","og_locale":"pl_PL","og_type":"article","og_title":"Bibliografia za\u0142\u0105cznikowa - II Liceum Og\u00f3lnokszta\u0142c\u0105ce w Lubinie","og_description":"Bibliografia za\u0142\u0105cznikowa powinna by\u0107 opracowana zgodnie z normami: PN-ISO 690 z 2002 roku \u2013 wydawnictwa zwarte i ci\u0105g\u0142e, PN-ISO 690-2 z 1999 roku \u2013 dokumenty elektroniczne. Wzory opis\u00f3w bibliograficznych zawieraj\u0105 tylko elementy obowi\u0105zkowe. Wydawnictwo zwarte Odpowiedzialno\u015b\u0107 g\u0142\u00f3wna. Tytu\u0142: dodatek do tytu\u0142u. Wydanie. Rok wydania. Numer znormalizowany ISBN. 1. Janion Maria, \u017bmigrodzka Maria. Romantyzm i historia. [&hellip;]","og_url":"https:\/\/2liceum.eu\/index.php\/bibliografia-zalacznikowa\/","og_site_name":"II Liceum Og\u00f3lnokszta\u0142c\u0105ce w Lubinie","article_publisher":"https:\/\/web.facebook.com\/IILOLubin\/","twitter_card":"summary_large_image","twitter_misc":{"Szacowany czas czytania":"2 minuty"},"schema":{"@context":"https:\/\/schema.org","@graph":[{"@type":"Organization","@id":"https:\/\/2liceum.eu\/#organization","name":"II Liceum Og\u00f3lnokszta\u0142c\u0105ce w Lubinie","url":"https:\/\/2liceum.eu\/","sameAs":["http:\/\/2lolubin","https:\/\/www.youtube.com\/channel\/UCWjEMxRJYdfvxPhVOn-8g_g","https:\/\/web.facebook.com\/IILOLubin\/"],"logo":{"@type":"ImageObject","inLanguage":"pl-PL","@id":"https:\/\/2liceum.eu\/#\/schema\/logo\/image\/","url":"https:\/\/2liceum.eu\/wp-content\/uploads\/2018\/01\/pobrane.jpg","contentUrl":"https:\/\/2liceum.eu\/wp-content\/uploads\/2018\/01\/pobrane.jpg","width":184,"height":183,"caption":"II Liceum Og\u00f3lnokszta\u0142c\u0105ce w Lubinie"},"image":{"@id":"https:\/\/2liceum.eu\/#\/schema\/logo\/image\/"}},{"@type":"WebSite","@id":"https:\/\/2liceum.eu\/#website","url":"https:\/\/2liceum.eu\/","name":"II Liceum Og\u00f3lnokszta\u0142c\u0105ce w Lubinie","description":"Oficjalny portal II LO w Lubinie. Informacje o szkole, kadrze, zaj\u0119ciach dydaktycznych, ko\u0142ach zainteresowa\u0144, wolontariacie. Aktualno\u015bci. Galeria zdj\u0119\u0107.","publisher":{"@id":"https:\/\/2liceum.eu\/#organization"},"potentialAction":[{"@type":"SearchAction","target":{"@type":"EntryPoint","urlTemplate":"https:\/\/2liceum.eu\/?s={search_term_string}"},"query-input":"required name=search_term_string"}],"inLanguage":"pl-PL"},{"@type":"WebPage","@id":"https:\/\/2liceum.eu\/index.php\/bibliografia-zalacznikowa\/","url":"https:\/\/2liceum.eu\/index.php\/bibliografia-zalacznikowa\/","name":"Bibliografia za\u0142\u0105cznikowa - II Liceum Og\u00f3lnokszta\u0142c\u0105ce w Lubinie","isPartOf":{"@id":"https:\/\/2liceum.eu\/#website"},"datePublished":"2018-01-26T09:58:34+00:00","dateModified":"2018-01-26T09:58:34+00:00","breadcrumb":{"@id":"https:\/\/2liceum.eu\/index.php\/bibliografia-zalacznikowa\/#breadcrumb"},"inLanguage":"pl-PL","potentialAction":[{"@type":"ReadAction","target":["https:\/\/2liceum.eu\/index.php\/bibliografia-zalacznikowa\/"]}]},{"@type":"BreadcrumbList","@id":"https:\/\/2liceum.eu\/index.php\/bibliografia-zalacznikowa\/#breadcrumb","itemListElement":[{"@type":"ListItem","position":1,"name":"Strona g\u0142\u00f3wna","item":"https:\/\/2liceum.eu\/"},{"@type":"ListItem","position":2,"name":"Bibliografia za\u0142\u0105cznikowa"}]}]}},"_links":{"self":[{"href":"https:\/\/2liceum.eu\/index.php\/wp-json\/wp\/v2\/pages\/432","targetHints":{"allow":["GET"]}}],"collection":[{"href":"https:\/\/2liceum.eu\/index.php\/wp-json\/wp\/v2\/pages"}],"about":[{"href":"https:\/\/2liceum.eu\/index.php\/wp-json\/wp\/v2\/types\/page"}],"author":[{"embeddable":true,"href":"https:\/\/2liceum.eu\/index.php\/wp-json\/wp\/v2\/users\/2"}],"replies":[{"embeddable":true,"href":"https:\/\/2liceum.eu\/index.php\/wp-json\/wp\/v2\/comments?post=432"}],"version-history":[{"count":1,"href":"https:\/\/2liceum.eu\/index.php\/wp-json\/wp\/v2\/pages\/432\/revisions"}],"predecessor-version":[{"id":433,"href":"https:\/\/2liceum.eu\/index.php\/wp-json\/wp\/v2\/pages\/432\/revisions\/433"}],"wp:attachment":[{"href":"https:\/\/2liceum.eu\/index.php\/wp-json\/wp\/v2\/media?parent=432"}],"curies":[{"name":"wp","href":"https:\/\/api.w.org\/{rel}","templated":true}]}}