{"id":447,"date":"2018-01-26T11:20:09","date_gmt":"2018-01-26T10:20:09","guid":{"rendered":"http:\/\/2liceum.eu\/?page_id=447"},"modified":"2018-01-26T11:20:09","modified_gmt":"2018-01-26T10:20:09","slug":"kalendarz","status":"publish","type":"page","link":"https:\/\/2liceum.eu\/index.php\/kalendarz\/","title":{"rendered":"Kalendarz"},"content":{"rendered":"\r\n<table class=\"spiffy calendar-table bigcal\">\r\n\t<tr class=\"calendar-heading\"><td colspan=\"7\" class=\"calendar-date-switcher\">\r\n\t\t<table class=\"calendar-heading-tbl\">\r\n\t\t<tr>\r\n\t\t\t<td class=\"calendar-prev\"><a rel=\"nofollow\" title=\"Previous month\" class=\"spiffy-calendar-arrow\" onclick=\"sessionStorage.scrollTop = jQuery(window).scrollTop();\" href=\"\/index.php\/wp-json\/wp\/v2\/pages\/447?grid-list-toggle=grid&#038;month=mar&#038;yr=2026\">&lt;<\/a><\/td>\r\n\r\n\t\t\t<td class=\"calendar-month\">\r\n\t\t\t\t<form method=\"get\" action=\"\/index.php\/wp-json\/wp\/v2\/pages\/447\">\r\n\t\t\t\t\t<select name=\"month\">\r\n\t\t\t\t\t\t<option value=\"jan\">stycze\u0144<\/option>\r\n\t\t\t\t\t\t<option value=\"feb\">luty<\/option>\r\n\t\t\t\t\t\t<option value=\"mar\">marzec<\/option>\r\n\t\t\t\t\t\t<option value=\"apr\" selected=\"selected\">kwiecie\u0144<\/option>\r\n\t\t\t\t\t\t<option value=\"may\">maj<\/option>\r\n\t\t\t\t\t\t<option value=\"jun\">czerwiec<\/option>\r\n\t\t\t\t\t\t<option value=\"jul\">lipiec<\/option> \r\n\t\t\t\t\t\t<option value=\"aug\">sierpie\u0144<\/option> \r\n\t\t\t\t\t\t<option value=\"sep\">wrzesie\u0144<\/option> \r\n\t\t\t\t\t\t<option value=\"oct\">pa\u017adziernik<\/option> \r\n\t\t\t\t\t\t<option value=\"nov\">listopad<\/option> \r\n\t\t\t\t\t\t<option value=\"dec\">grudzie\u0144<\/option> \r\n\t\t\t\t\t<\/select>\r\n\t\t\t\t\t<select name=\"yr\">\r\n\t\t\t\t\t\t<option value=\"2025\" >2025<\/option>\r\n\t\t\t\t\t\t<option value=\"2026\"  selected>2026<\/option>\r\n\t\t\t\t\t\t<option value=\"2027\" >2027<\/option>\r\n\t\t\t\t\t\t<option value=\"2028\" >2028<\/option>\r\n\t\t\t\t\t\t<option value=\"2029\" >2029<\/option>\r\n\t\t\t\t\t\t<option value=\"2030\" >2030<\/option>\r\n\t\t\t\t\t\t<option value=\"2031\" >2031<\/option>\r\n\t\t\t\t\t\t<option value=\"2032\" >2032<\/option>\r\n\t\t\t\t\t\t<option value=\"2033\" >2033<\/option>\r\n\t\t\t\t\t\t<option value=\"2034\" >2034<\/option>\r\n\t\t\t\t\t\t<option value=\"2035\" >2035<\/option>\r\n\t\t\t\t\t\t<option value=\"2036\" >2036<\/option>\r\n\t\t\t\t\t\t<option value=\"2037\" >2037<\/option>\r\n\t\t\t\t\t\t<option value=\"2038\" >2038<\/option>\r\n\t\t\t\t\t\t<option value=\"2039\" >2039<\/option>\r\n\t\t\t\t\t\t<option value=\"2040\" >2040<\/option>\r\n\t\t\t\t\t\t<option value=\"2041\" >2041<\/option>\r\n\t\t\t\t\t\t<option value=\"2042\" >2042<\/option>\r\n\t\t\t\t\t\t<option value=\"2043\" >2043<\/option>\r\n\t\t\t\t\t\t<option value=\"2044\" >2044<\/option>\r\n\t\t\t\t\t\t<option value=\"2045\" >2045<\/option>\r\n\t\t\t\t\t\t<option value=\"2046\" >2046<\/option>\r\n\t\t\t\t\t\t<option value=\"2047\" >2047<\/option>\r\n\t\t\t\t\t\t<option value=\"2048\" >2048<\/option>\r\n\t\t\t\t\t\t<option value=\"2049\" >2049<\/option>\r\n\t\t\t\t\t\t<option value=\"2050\" >2050<\/option>\r\n\t\t\t\t\t\t<option value=\"2051\" >2051<\/option>\r\n\t\t\t\t\t\t<option value=\"2052\" >2052<\/option>\r\n\t\t\t\t\t\t<option value=\"2053\" >2053<\/option>\r\n\t\t\t\t\t\t<option value=\"2054\" >2054<\/option>\r\n\t\t\t\t\t\t<option value=\"2055\" >2055<\/option>\r\n\t\t\t\t\t<\/select>\t\t\r\n\t\t\t\t\t<input type=\"submit\" onclick=\"sessionStorage.scrollTop = jQuery(window).scrollTop();\" value=\"Id\u017a\" \/>\r\n\t\t\t\t<\/form>\r\n\t\t\t<\/td>\r\n\t\t\t<td class=\"calendar-next\"><a rel=\"nofollow\" title=\"Next month\" class=\"spiffy-calendar-arrow\" onclick=\"sessionStorage.scrollTop = jQuery(window).scrollTop();\" href=\"\/index.php\/wp-json\/wp\/v2\/pages\/447?grid-list-toggle=grid&#038;month=may&#038;yr=2026\">&gt;<\/a><\/td>\r\n\t\t<\/tr>\r\n\t\t<\/table>\r\n\t<\/td><\/tr><tr class=\"weekday-titles\"><td class=\"normal-day-heading\">poniedzia\u0142ek<\/td><td class=\"normal-day-heading\">wtorek<\/td><td class=\"normal-day-heading\">\u015broda<\/td><td class=\"normal-day-heading\">czwartek<\/td><td class=\"normal-day-heading\">pi\u0105tek<\/td><td class=\"weekend-heading\">sobota<\/td><td class=\"weekend-heading\">niedziela<\/td><\/tr><tr>\t<td class=\"day-without-date\">&nbsp;<\/td>\t<td class=\"day-without-date\">&nbsp;<\/td>\t<td class=\"spiffy-day-1  no-events day-with-date\"><span class=\"day-number\">1<\/span><span class=\"spiffy-event-group\"><\/span><\/td>\t<td class=\"spiffy-day-2  no-events day-with-date\"><span class=\"day-number\">2<\/span><span class=\"spiffy-event-group\"><\/span><\/td>\t<td class=\"spiffy-day-3  no-events day-with-date\"><span class=\"day-number\">3<\/span><span class=\"spiffy-event-group\"><\/span><\/td>\t<td class=\"spiffy-day-4  weekend no-events day-with-date\"><span class=\"day-number weekend\">4<\/span><span class=\"spiffy-event-group\"><\/span><\/td>\t<td class=\"spiffy-day-5  weekend no-events day-with-date\"><span class=\"day-number weekend\">5<\/span><span class=\"spiffy-event-group\"><\/span><\/td><\/tr><tr>\t<td class=\"spiffy-day-6  no-events day-with-date\"><span class=\"day-number\">6<\/span><span class=\"spiffy-event-group\"><\/span><\/td>\t<td class=\"spiffy-day-7  no-events day-with-date\"><span class=\"day-number\">7<\/span><span class=\"spiffy-event-group\"><\/span><\/td>\t<td class=\"spiffy-day-8  no-events day-with-date\"><span class=\"day-number\">8<\/span><span class=\"spiffy-event-group\"><\/span><\/td>\t<td class=\"spiffy-day-9  no-events day-with-date\"><span class=\"day-number\">9<\/span><span class=\"spiffy-event-group\"><\/span><\/td>\t<td class=\"spiffy-day-10  no-events day-with-date\"><span class=\"day-number\">10<\/span><span class=\"spiffy-event-group\"><\/span><\/td>\t<td class=\"spiffy-day-11  weekend no-events day-with-date\"><span class=\"day-number weekend\">11<\/span><span class=\"spiffy-event-group\"><\/span><\/td>\t<td class=\"spiffy-day-12  weekend no-events day-with-date\"><span class=\"day-number weekend\">12<\/span><span class=\"spiffy-event-group\"><\/span><\/td><\/tr><tr>\t<td class=\"spiffy-day-13  no-events day-with-date\"><span class=\"day-number\">13<\/span><span class=\"spiffy-event-group\"><\/span><\/td>\t<td class=\"spiffy-day-14  no-events day-with-date\"><span class=\"day-number\">14<\/span><span class=\"spiffy-event-group\"><\/span><\/td>\t<td class=\"spiffy-day-15  no-events day-with-date\"><span class=\"day-number\">15<\/span><span class=\"spiffy-event-group\"><\/span><\/td>\t<td class=\"spiffy-day-16  no-events day-with-date\"><span class=\"day-number\">16<\/span><span class=\"spiffy-event-group\"><\/span><\/td>\t<td class=\"spiffy-day-17  no-events day-with-date\"><span class=\"day-number\">17<\/span><span class=\"spiffy-event-group\"><\/span><\/td>\t<td class=\"spiffy-day-18  weekend no-events day-with-date\"><span class=\"day-number weekend\">18<\/span><span class=\"spiffy-event-group\"><\/span><\/td>\t<td class=\"spiffy-day-19  weekend no-events day-with-date\"><span class=\"day-number weekend\">19<\/span><span class=\"spiffy-event-group\"><\/span><\/td><\/tr><tr>\t<td class=\"spiffy-day-20  no-events day-with-date\"><span class=\"day-number\">20<\/span><span class=\"spiffy-event-group\"><\/span><\/td>\t<td class=\"spiffy-day-21  no-events day-with-date\"><span class=\"day-number\">21<\/span><span class=\"spiffy-event-group\"><\/span><\/td>\t<td class=\"spiffy-day-22  no-events day-with-date\"><span class=\"day-number\">22<\/span><span class=\"spiffy-event-group\"><\/span><\/td>\t<td class=\"spiffy-day-23  no-events day-with-date\"><span class=\"day-number\">23<\/span><span class=\"spiffy-event-group\"><\/span><\/td>\t<td class=\"spiffy-day-24 current-day no-events day-with-date\"><span class=\"day-number\">24<\/span><span class=\"spiffy-event-group\"><\/span><\/td>\t<td class=\"spiffy-day-25  weekend no-events day-with-date\"><span class=\"day-number weekend\">25<\/span><span class=\"spiffy-event-group\"><\/span><\/td>\t<td class=\"spiffy-day-26  weekend no-events day-with-date\"><span class=\"day-number weekend\">26<\/span><span class=\"spiffy-event-group\"><\/span><\/td><\/tr><tr>\t<td class=\"spiffy-day-27  no-events day-with-date\"><span class=\"day-number\">27<\/span><span class=\"spiffy-event-group\"><\/span><\/td>\t<td class=\"spiffy-day-28  no-events day-with-date\"><span class=\"day-number\">28<\/span><span class=\"spiffy-event-group\"><\/span><\/td>\t<td class=\"spiffy-day-29  no-events day-with-date\"><span class=\"day-number\">29<\/span><span class=\"spiffy-event-group\"><\/span><\/td>\t<td class=\"spiffy-day-30  no-events day-with-date\"><span class=\"day-number\">30<\/span><span class=\"spiffy-event-group\"><\/span><\/td>\t<td class=\"day-without-date\">&nbsp;<\/td>\t<td class=\"day-without-date weekend\">&nbsp;<\/td>\t<td class=\"day-without-date weekend\">&nbsp;<\/td><\/tr><\/table>\n","protected":false},"excerpt":{"rendered":"","protected":false},"author":2,"featured_media":0,"parent":0,"menu_order":0,"comment_status":"closed","ping_status":"closed","template":"","meta":{"ngg_post_thumbnail":0,"footnotes":""},"class_list":["post-447","page","type-page","status-publish","hentry"],"yoast_head":"<!-- This site is optimized with the Yoast SEO plugin v19.4 - https:\/\/yoast.com\/wordpress\/plugins\/seo\/ -->\n<title>Kalendarz - II Liceum Og\u00f3lnokszta\u0142c\u0105ce w Lubinie<\/title>\n<meta name=\"robots\" content=\"index, follow, max-snippet:-1, max-image-preview:large, max-video-preview:-1\" \/>\n<link rel=\"canonical\" href=\"https:\/\/2liceum.eu\/index.php\/kalendarz\/\" \/>\n<meta property=\"og:locale\" content=\"pl_PL\" \/>\n<meta property=\"og:type\" content=\"article\" \/>\n<meta property=\"og:title\" content=\"Kalendarz - II Liceum Og\u00f3lnokszta\u0142c\u0105ce w Lubinie\" \/>\n<meta property=\"og:url\" content=\"https:\/\/2liceum.eu\/index.php\/kalendarz\/\" \/>\n<meta property=\"og:site_name\" content=\"II Liceum Og\u00f3lnokszta\u0142c\u0105ce w Lubinie\" \/>\n<meta property=\"article:publisher\" content=\"https:\/\/web.facebook.com\/IILOLubin\/\" \/>\n<meta name=\"twitter:card\" content=\"summary_large_image\" \/>\n<script type=\"application\/ld+json\" class=\"yoast-schema-graph\">{\"@context\":\"https:\/\/schema.org\",\"@graph\":[{\"@type\":\"Organization\",\"@id\":\"https:\/\/2liceum.eu\/#organization\",\"name\":\"II Liceum Og\u00f3lnokszta\u0142c\u0105ce w Lubinie\",\"url\":\"https:\/\/2liceum.eu\/\",\"sameAs\":[\"http:\/\/2lolubin\",\"https:\/\/www.youtube.com\/channel\/UCWjEMxRJYdfvxPhVOn-8g_g\",\"https:\/\/web.facebook.com\/IILOLubin\/\"],\"logo\":{\"@type\":\"ImageObject\",\"inLanguage\":\"pl-PL\",\"@id\":\"https:\/\/2liceum.eu\/#\/schema\/logo\/image\/\",\"url\":\"https:\/\/2liceum.eu\/wp-content\/uploads\/2018\/01\/pobrane.jpg\",\"contentUrl\":\"https:\/\/2liceum.eu\/wp-content\/uploads\/2018\/01\/pobrane.jpg\",\"width\":184,\"height\":183,\"caption\":\"II Liceum Og\u00f3lnokszta\u0142c\u0105ce w Lubinie\"},\"image\":{\"@id\":\"https:\/\/2liceum.eu\/#\/schema\/logo\/image\/\"}},{\"@type\":\"WebSite\",\"@id\":\"https:\/\/2liceum.eu\/#website\",\"url\":\"https:\/\/2liceum.eu\/\",\"name\":\"II Liceum Og\u00f3lnokszta\u0142c\u0105ce w Lubinie\",\"description\":\"Oficjalny portal II LO w Lubinie. Informacje o szkole, kadrze, zaj\u0119ciach dydaktycznych, ko\u0142ach zainteresowa\u0144, wolontariacie. Aktualno\u015bci. Galeria zdj\u0119\u0107.\",\"publisher\":{\"@id\":\"https:\/\/2liceum.eu\/#organization\"},\"potentialAction\":[{\"@type\":\"SearchAction\",\"target\":{\"@type\":\"EntryPoint\",\"urlTemplate\":\"https:\/\/2liceum.eu\/?s={search_term_string}\"},\"query-input\":\"required name=search_term_string\"}],\"inLanguage\":\"pl-PL\"},{\"@type\":\"WebPage\",\"@id\":\"https:\/\/2liceum.eu\/index.php\/kalendarz\/\",\"url\":\"https:\/\/2liceum.eu\/index.php\/kalendarz\/\",\"name\":\"Kalendarz - II Liceum Og\u00f3lnokszta\u0142c\u0105ce w Lubinie\",\"isPartOf\":{\"@id\":\"https:\/\/2liceum.eu\/#website\"},\"datePublished\":\"2018-01-26T10:20:09+00:00\",\"dateModified\":\"2018-01-26T10:20:09+00:00\",\"breadcrumb\":{\"@id\":\"https:\/\/2liceum.eu\/index.php\/kalendarz\/#breadcrumb\"},\"inLanguage\":\"pl-PL\",\"potentialAction\":[{\"@type\":\"ReadAction\",\"target\":[\"https:\/\/2liceum.eu\/index.php\/kalendarz\/\"]}]},{\"@type\":\"BreadcrumbList\",\"@id\":\"https:\/\/2liceum.eu\/index.php\/kalendarz\/#breadcrumb\",\"itemListElement\":[{\"@type\":\"ListItem\",\"position\":1,\"name\":\"Strona g\u0142\u00f3wna\",\"item\":\"https:\/\/2liceum.eu\/\"},{\"@type\":\"ListItem\",\"position\":2,\"name\":\"Kalendarz\"}]}]}<\/script>\n<!-- \/ Yoast SEO plugin. -->","yoast_head_json":{"title":"Kalendarz - II Liceum Og\u00f3lnokszta\u0142c\u0105ce w Lubinie","robots":{"index":"index","follow":"follow","max-snippet":"max-snippet:-1","max-image-preview":"max-image-preview:large","max-video-preview":"max-video-preview:-1"},"canonical":"https:\/\/2liceum.eu\/index.php\/kalendarz\/","og_locale":"pl_PL","og_type":"article","og_title":"Kalendarz - II Liceum Og\u00f3lnokszta\u0142c\u0105ce w Lubinie","og_url":"https:\/\/2liceum.eu\/index.php\/kalendarz\/","og_site_name":"II Liceum Og\u00f3lnokszta\u0142c\u0105ce w Lubinie","article_publisher":"https:\/\/web.facebook.com\/IILOLubin\/","twitter_card":"summary_large_image","schema":{"@context":"https:\/\/schema.org","@graph":[{"@type":"Organization","@id":"https:\/\/2liceum.eu\/#organization","name":"II Liceum Og\u00f3lnokszta\u0142c\u0105ce w Lubinie","url":"https:\/\/2liceum.eu\/","sameAs":["http:\/\/2lolubin","https:\/\/www.youtube.com\/channel\/UCWjEMxRJYdfvxPhVOn-8g_g","https:\/\/web.facebook.com\/IILOLubin\/"],"logo":{"@type":"ImageObject","inLanguage":"pl-PL","@id":"https:\/\/2liceum.eu\/#\/schema\/logo\/image\/","url":"https:\/\/2liceum.eu\/wp-content\/uploads\/2018\/01\/pobrane.jpg","contentUrl":"https:\/\/2liceum.eu\/wp-content\/uploads\/2018\/01\/pobrane.jpg","width":184,"height":183,"caption":"II Liceum Og\u00f3lnokszta\u0142c\u0105ce w Lubinie"},"image":{"@id":"https:\/\/2liceum.eu\/#\/schema\/logo\/image\/"}},{"@type":"WebSite","@id":"https:\/\/2liceum.eu\/#website","url":"https:\/\/2liceum.eu\/","name":"II Liceum Og\u00f3lnokszta\u0142c\u0105ce w Lubinie","description":"Oficjalny portal II LO w Lubinie. Informacje o szkole, kadrze, zaj\u0119ciach dydaktycznych, ko\u0142ach zainteresowa\u0144, wolontariacie. Aktualno\u015bci. Galeria zdj\u0119\u0107.","publisher":{"@id":"https:\/\/2liceum.eu\/#organization"},"potentialAction":[{"@type":"SearchAction","target":{"@type":"EntryPoint","urlTemplate":"https:\/\/2liceum.eu\/?s={search_term_string}"},"query-input":"required name=search_term_string"}],"inLanguage":"pl-PL"},{"@type":"WebPage","@id":"https:\/\/2liceum.eu\/index.php\/kalendarz\/","url":"https:\/\/2liceum.eu\/index.php\/kalendarz\/","name":"Kalendarz - II Liceum Og\u00f3lnokszta\u0142c\u0105ce w Lubinie","isPartOf":{"@id":"https:\/\/2liceum.eu\/#website"},"datePublished":"2018-01-26T10:20:09+00:00","dateModified":"2018-01-26T10:20:09+00:00","breadcrumb":{"@id":"https:\/\/2liceum.eu\/index.php\/kalendarz\/#breadcrumb"},"inLanguage":"pl-PL","potentialAction":[{"@type":"ReadAction","target":["https:\/\/2liceum.eu\/index.php\/kalendarz\/"]}]},{"@type":"BreadcrumbList","@id":"https:\/\/2liceum.eu\/index.php\/kalendarz\/#breadcrumb","itemListElement":[{"@type":"ListItem","position":1,"name":"Strona g\u0142\u00f3wna","item":"https:\/\/2liceum.eu\/"},{"@type":"ListItem","position":2,"name":"Kalendarz"}]}]}},"_links":{"self":[{"href":"https:\/\/2liceum.eu\/index.php\/wp-json\/wp\/v2\/pages\/447","targetHints":{"allow":["GET"]}}],"collection":[{"href":"https:\/\/2liceum.eu\/index.php\/wp-json\/wp\/v2\/pages"}],"about":[{"href":"https:\/\/2liceum.eu\/index.php\/wp-json\/wp\/v2\/types\/page"}],"author":[{"embeddable":true,"href":"https:\/\/2liceum.eu\/index.php\/wp-json\/wp\/v2\/users\/2"}],"replies":[{"embeddable":true,"href":"https:\/\/2liceum.eu\/index.php\/wp-json\/wp\/v2\/comments?post=447"}],"version-history":[{"count":1,"href":"https:\/\/2liceum.eu\/index.php\/wp-json\/wp\/v2\/pages\/447\/revisions"}],"predecessor-version":[{"id":448,"href":"https:\/\/2liceum.eu\/index.php\/wp-json\/wp\/v2\/pages\/447\/revisions\/448"}],"wp:attachment":[{"href":"https:\/\/2liceum.eu\/index.php\/wp-json\/wp\/v2\/media?parent=447"}],"curies":[{"name":"wp","href":"https:\/\/api.w.org\/{rel}","templated":true}]}}