{"id":5786,"date":"2021-03-31T10:18:01","date_gmt":"2021-03-31T08:18:01","guid":{"rendered":"https:\/\/2liceum.eu\/?page_id=5786"},"modified":"2024-10-02T13:28:52","modified_gmt":"2024-10-02T11:28:52","slug":"dostepnosc-architektoniczna","status":"publish","type":"page","link":"https:\/\/2liceum.eu\/index.php\/dostepnosc-architektoniczna\/","title":{"rendered":"Dost\u0119pno\u015b\u0107 architektoniczna"},"content":{"rendered":"\n<p><em style=\"font-size: revert; text-align: justify; color: initial;\">Adres: II Liceum Og\u00f3lnokszta\u0142c\u0105ce w Lubinie \u2013 ul. Niepodleg\u0142o\u015bci 31, 59-300 Lubin, woj. dolno\u015bl\u0105skie, Polska.<\/em><\/p>\n<p style=\"text-align: justify;\">Do&nbsp;budynku prowadz\u0105 trzy wej\u015bcia. G\u0142\u00f3wne przeznaczone dla uczni\u00f3w i&nbsp;go\u015bci od&nbsp;Al.&nbsp;Niepodleg\u0142o\u015bci do&nbsp;kt\u00f3rego&nbsp;prowadz\u0105 schody na&nbsp;poziomie parteru oraz&nbsp; na&nbsp;poziomie piwnicy otwierane w&nbsp;okresie zimowym, oraz&nbsp;wjazd na&nbsp;parking od&nbsp;ul.&nbsp;Kili\u0144skiego i&nbsp;wej\u015bcie dla pracownik\u00f3w.<\/p>\n<p style=\"text-align: justify;\">Podjazd dla os\u00f3b niepe\u0142nosprawnych jest na&nbsp;parkingu od&nbsp;ul.&nbsp;Kili\u0144skiego.<\/p>\n<p style=\"text-align: justify;\">Portiernia znajduje si\u0119 naprzeciw wej\u015bcia g\u0142\u00f3wnego.<\/p>\n<p style=\"text-align: justify;\">Budynek posiada wind\u0119 dla os\u00f3b niepe\u0142nosprawnych.<\/p>\n<p style=\"text-align: justify;\">Do&nbsp;budynku i&nbsp;wszystkich jego pomieszcze\u0144 mo\u017cna wej\u015b\u0107 z&nbsp;psem asystuj\u0105cym i&nbsp;psem przewodnikiem.<\/p>\n<p style=\"text-align: justify;\">Przed&nbsp;budynkiem od&nbsp;Al.&nbsp;Niepodleg\u0142o\u015bci jest miejsce parkingowe dla os\u00f3b niepe\u0142nosprawnych.<\/p>\n<p style=\"text-align: justify;\">W&nbsp;budynku nie&nbsp;ma oznacze\u0144 w&nbsp;alfabecie Braille\u2019a ani oznacze\u0144 kontrastowych w&nbsp;druku powi\u0119kszonym dla os\u00f3b niewidomych i&nbsp;s\u0142abo widz\u0105cych.<\/p>\n<p style=\"text-align: justify;\">Wjazd na&nbsp;parking wewn\u0119trzny od&nbsp;ul.&nbsp;Kili\u0144skiego jest ze&nbsp;szlabanem z&nbsp;p\u0119tl\u0105 indukcyjn\u0105.<\/p>\n<p>&nbsp;<\/p>\n","protected":false},"excerpt":{"rendered":"<p>Adres: II Liceum Og\u00f3lnokszta\u0142c\u0105ce w Lubinie \u2013 ul. Niepodleg\u0142o\u015bci 31, 59-300 Lubin, woj. dolno\u015bl\u0105skie, Polska. Do&nbsp;budynku prowadz\u0105 trzy wej\u015bcia. G\u0142\u00f3wne przeznaczone dla uczni\u00f3w i&nbsp;go\u015bci od&nbsp;Al.&nbsp;Niepodleg\u0142o\u015bci do&nbsp;kt\u00f3rego&nbsp;prowadz\u0105 schody na&nbsp;poziomie parteru oraz&nbsp; na&nbsp;poziomie piwnicy otwierane w&nbsp;okresie zimowym, oraz&nbsp;wjazd na&nbsp;parking od&nbsp;ul.&nbsp;Kili\u0144skiego i&nbsp;wej\u015bcie dla pracownik\u00f3w. Podjazd dla os\u00f3b niepe\u0142nosprawnych jest na&nbsp;parkingu od&nbsp;ul.&nbsp;Kili\u0144skiego. Portiernia znajduje si\u0119 naprzeciw wej\u015bcia g\u0142\u00f3wnego. Budynek [&hellip;]<\/p>\n","protected":false},"author":2,"featured_media":0,"parent":0,"menu_order":0,"comment_status":"closed","ping_status":"closed","template":"","meta":{"ngg_post_thumbnail":0,"footnotes":""},"class_list":["post-5786","page","type-page","status-publish","hentry"],"yoast_head":"<!-- This site is optimized with the Yoast SEO plugin v19.4 - https:\/\/yoast.com\/wordpress\/plugins\/seo\/ -->\n<title>Dost\u0119pno\u015b\u0107 architektoniczna - II Liceum Og\u00f3lnokszta\u0142c\u0105ce w Lubinie<\/title>\n<meta name=\"robots\" content=\"index, follow, max-snippet:-1, max-image-preview:large, max-video-preview:-1\" \/>\n<link rel=\"canonical\" href=\"https:\/\/2liceum.eu\/index.php\/dostepnosc-architektoniczna\/\" \/>\n<meta property=\"og:locale\" content=\"pl_PL\" \/>\n<meta property=\"og:type\" content=\"article\" \/>\n<meta property=\"og:title\" content=\"Dost\u0119pno\u015b\u0107 architektoniczna - II Liceum Og\u00f3lnokszta\u0142c\u0105ce w Lubinie\" \/>\n<meta property=\"og:description\" content=\"Adres: II Liceum Og\u00f3lnokszta\u0142c\u0105ce w Lubinie \u2013 ul. Niepodleg\u0142o\u015bci 31, 59-300 Lubin, woj. dolno\u015bl\u0105skie, Polska. Do&nbsp;budynku prowadz\u0105 trzy wej\u015bcia. G\u0142\u00f3wne przeznaczone dla uczni\u00f3w i&nbsp;go\u015bci od&nbsp;Al.&nbsp;Niepodleg\u0142o\u015bci do&nbsp;kt\u00f3rego&nbsp;prowadz\u0105 schody na&nbsp;poziomie parteru oraz&nbsp; na&nbsp;poziomie piwnicy otwierane w&nbsp;okresie zimowym, oraz&nbsp;wjazd na&nbsp;parking od&nbsp;ul.&nbsp;Kili\u0144skiego i&nbsp;wej\u015bcie dla pracownik\u00f3w. Podjazd dla os\u00f3b niepe\u0142nosprawnych jest na&nbsp;parkingu od&nbsp;ul.&nbsp;Kili\u0144skiego. Portiernia znajduje si\u0119 naprzeciw wej\u015bcia g\u0142\u00f3wnego. Budynek [&hellip;]\" \/>\n<meta property=\"og:url\" content=\"https:\/\/2liceum.eu\/index.php\/dostepnosc-architektoniczna\/\" \/>\n<meta property=\"og:site_name\" content=\"II Liceum Og\u00f3lnokszta\u0142c\u0105ce w Lubinie\" \/>\n<meta property=\"article:publisher\" content=\"https:\/\/web.facebook.com\/IILOLubin\/\" \/>\n<meta property=\"article:modified_time\" content=\"2024-10-02T11:28:52+00:00\" \/>\n<meta name=\"twitter:card\" content=\"summary_large_image\" \/>\n<meta name=\"twitter:label1\" content=\"Szacowany czas czytania\" \/>\n\t<meta name=\"twitter:data1\" content=\"1 minuta\" \/>\n<script type=\"application\/ld+json\" class=\"yoast-schema-graph\">{\"@context\":\"https:\/\/schema.org\",\"@graph\":[{\"@type\":\"Organization\",\"@id\":\"https:\/\/2liceum.eu\/#organization\",\"name\":\"II Liceum Og\u00f3lnokszta\u0142c\u0105ce w Lubinie\",\"url\":\"https:\/\/2liceum.eu\/\",\"sameAs\":[\"http:\/\/2lolubin\",\"https:\/\/www.youtube.com\/channel\/UCWjEMxRJYdfvxPhVOn-8g_g\",\"https:\/\/web.facebook.com\/IILOLubin\/\"],\"logo\":{\"@type\":\"ImageObject\",\"inLanguage\":\"pl-PL\",\"@id\":\"https:\/\/2liceum.eu\/#\/schema\/logo\/image\/\",\"url\":\"https:\/\/2liceum.eu\/wp-content\/uploads\/2018\/01\/pobrane.jpg\",\"contentUrl\":\"https:\/\/2liceum.eu\/wp-content\/uploads\/2018\/01\/pobrane.jpg\",\"width\":184,\"height\":183,\"caption\":\"II Liceum Og\u00f3lnokszta\u0142c\u0105ce w Lubinie\"},\"image\":{\"@id\":\"https:\/\/2liceum.eu\/#\/schema\/logo\/image\/\"}},{\"@type\":\"WebSite\",\"@id\":\"https:\/\/2liceum.eu\/#website\",\"url\":\"https:\/\/2liceum.eu\/\",\"name\":\"II Liceum Og\u00f3lnokszta\u0142c\u0105ce w Lubinie\",\"description\":\"Oficjalny portal II LO w Lubinie. Informacje o szkole, kadrze, zaj\u0119ciach dydaktycznych, ko\u0142ach zainteresowa\u0144, wolontariacie. Aktualno\u015bci. Galeria zdj\u0119\u0107.\",\"publisher\":{\"@id\":\"https:\/\/2liceum.eu\/#organization\"},\"potentialAction\":[{\"@type\":\"SearchAction\",\"target\":{\"@type\":\"EntryPoint\",\"urlTemplate\":\"https:\/\/2liceum.eu\/?s={search_term_string}\"},\"query-input\":\"required name=search_term_string\"}],\"inLanguage\":\"pl-PL\"},{\"@type\":\"WebPage\",\"@id\":\"https:\/\/2liceum.eu\/index.php\/dostepnosc-architektoniczna\/\",\"url\":\"https:\/\/2liceum.eu\/index.php\/dostepnosc-architektoniczna\/\",\"name\":\"Dost\u0119pno\u015b\u0107 architektoniczna - II Liceum Og\u00f3lnokszta\u0142c\u0105ce w Lubinie\",\"isPartOf\":{\"@id\":\"https:\/\/2liceum.eu\/#website\"},\"datePublished\":\"2021-03-31T08:18:01+00:00\",\"dateModified\":\"2024-10-02T11:28:52+00:00\",\"breadcrumb\":{\"@id\":\"https:\/\/2liceum.eu\/index.php\/dostepnosc-architektoniczna\/#breadcrumb\"},\"inLanguage\":\"pl-PL\",\"potentialAction\":[{\"@type\":\"ReadAction\",\"target\":[\"https:\/\/2liceum.eu\/index.php\/dostepnosc-architektoniczna\/\"]}]},{\"@type\":\"BreadcrumbList\",\"@id\":\"https:\/\/2liceum.eu\/index.php\/dostepnosc-architektoniczna\/#breadcrumb\",\"itemListElement\":[{\"@type\":\"ListItem\",\"position\":1,\"name\":\"Strona g\u0142\u00f3wna\",\"item\":\"https:\/\/2liceum.eu\/\"},{\"@type\":\"ListItem\",\"position\":2,\"name\":\"Dost\u0119pno\u015b\u0107 architektoniczna\"}]}]}<\/script>\n<!-- \/ Yoast SEO plugin. -->","yoast_head_json":{"title":"Dost\u0119pno\u015b\u0107 architektoniczna - II Liceum Og\u00f3lnokszta\u0142c\u0105ce w Lubinie","robots":{"index":"index","follow":"follow","max-snippet":"max-snippet:-1","max-image-preview":"max-image-preview:large","max-video-preview":"max-video-preview:-1"},"canonical":"https:\/\/2liceum.eu\/index.php\/dostepnosc-architektoniczna\/","og_locale":"pl_PL","og_type":"article","og_title":"Dost\u0119pno\u015b\u0107 architektoniczna - II Liceum Og\u00f3lnokszta\u0142c\u0105ce w Lubinie","og_description":"Adres: II Liceum Og\u00f3lnokszta\u0142c\u0105ce w Lubinie \u2013 ul. Niepodleg\u0142o\u015bci 31, 59-300 Lubin, woj. dolno\u015bl\u0105skie, Polska. Do&nbsp;budynku prowadz\u0105 trzy wej\u015bcia. G\u0142\u00f3wne przeznaczone dla uczni\u00f3w i&nbsp;go\u015bci od&nbsp;Al.&nbsp;Niepodleg\u0142o\u015bci do&nbsp;kt\u00f3rego&nbsp;prowadz\u0105 schody na&nbsp;poziomie parteru oraz&nbsp; na&nbsp;poziomie piwnicy otwierane w&nbsp;okresie zimowym, oraz&nbsp;wjazd na&nbsp;parking od&nbsp;ul.&nbsp;Kili\u0144skiego i&nbsp;wej\u015bcie dla pracownik\u00f3w. Podjazd dla os\u00f3b niepe\u0142nosprawnych jest na&nbsp;parkingu od&nbsp;ul.&nbsp;Kili\u0144skiego. Portiernia znajduje si\u0119 naprzeciw wej\u015bcia g\u0142\u00f3wnego. Budynek [&hellip;]","og_url":"https:\/\/2liceum.eu\/index.php\/dostepnosc-architektoniczna\/","og_site_name":"II Liceum Og\u00f3lnokszta\u0142c\u0105ce w Lubinie","article_publisher":"https:\/\/web.facebook.com\/IILOLubin\/","article_modified_time":"2024-10-02T11:28:52+00:00","twitter_card":"summary_large_image","twitter_misc":{"Szacowany czas czytania":"1 minuta"},"schema":{"@context":"https:\/\/schema.org","@graph":[{"@type":"Organization","@id":"https:\/\/2liceum.eu\/#organization","name":"II Liceum Og\u00f3lnokszta\u0142c\u0105ce w Lubinie","url":"https:\/\/2liceum.eu\/","sameAs":["http:\/\/2lolubin","https:\/\/www.youtube.com\/channel\/UCWjEMxRJYdfvxPhVOn-8g_g","https:\/\/web.facebook.com\/IILOLubin\/"],"logo":{"@type":"ImageObject","inLanguage":"pl-PL","@id":"https:\/\/2liceum.eu\/#\/schema\/logo\/image\/","url":"https:\/\/2liceum.eu\/wp-content\/uploads\/2018\/01\/pobrane.jpg","contentUrl":"https:\/\/2liceum.eu\/wp-content\/uploads\/2018\/01\/pobrane.jpg","width":184,"height":183,"caption":"II Liceum Og\u00f3lnokszta\u0142c\u0105ce w Lubinie"},"image":{"@id":"https:\/\/2liceum.eu\/#\/schema\/logo\/image\/"}},{"@type":"WebSite","@id":"https:\/\/2liceum.eu\/#website","url":"https:\/\/2liceum.eu\/","name":"II Liceum Og\u00f3lnokszta\u0142c\u0105ce w Lubinie","description":"Oficjalny portal II LO w Lubinie. Informacje o szkole, kadrze, zaj\u0119ciach dydaktycznych, ko\u0142ach zainteresowa\u0144, wolontariacie. Aktualno\u015bci. Galeria zdj\u0119\u0107.","publisher":{"@id":"https:\/\/2liceum.eu\/#organization"},"potentialAction":[{"@type":"SearchAction","target":{"@type":"EntryPoint","urlTemplate":"https:\/\/2liceum.eu\/?s={search_term_string}"},"query-input":"required name=search_term_string"}],"inLanguage":"pl-PL"},{"@type":"WebPage","@id":"https:\/\/2liceum.eu\/index.php\/dostepnosc-architektoniczna\/","url":"https:\/\/2liceum.eu\/index.php\/dostepnosc-architektoniczna\/","name":"Dost\u0119pno\u015b\u0107 architektoniczna - II Liceum Og\u00f3lnokszta\u0142c\u0105ce w Lubinie","isPartOf":{"@id":"https:\/\/2liceum.eu\/#website"},"datePublished":"2021-03-31T08:18:01+00:00","dateModified":"2024-10-02T11:28:52+00:00","breadcrumb":{"@id":"https:\/\/2liceum.eu\/index.php\/dostepnosc-architektoniczna\/#breadcrumb"},"inLanguage":"pl-PL","potentialAction":[{"@type":"ReadAction","target":["https:\/\/2liceum.eu\/index.php\/dostepnosc-architektoniczna\/"]}]},{"@type":"BreadcrumbList","@id":"https:\/\/2liceum.eu\/index.php\/dostepnosc-architektoniczna\/#breadcrumb","itemListElement":[{"@type":"ListItem","position":1,"name":"Strona g\u0142\u00f3wna","item":"https:\/\/2liceum.eu\/"},{"@type":"ListItem","position":2,"name":"Dost\u0119pno\u015b\u0107 architektoniczna"}]}]}},"_links":{"self":[{"href":"https:\/\/2liceum.eu\/index.php\/wp-json\/wp\/v2\/pages\/5786","targetHints":{"allow":["GET"]}}],"collection":[{"href":"https:\/\/2liceum.eu\/index.php\/wp-json\/wp\/v2\/pages"}],"about":[{"href":"https:\/\/2liceum.eu\/index.php\/wp-json\/wp\/v2\/types\/page"}],"author":[{"embeddable":true,"href":"https:\/\/2liceum.eu\/index.php\/wp-json\/wp\/v2\/users\/2"}],"replies":[{"embeddable":true,"href":"https:\/\/2liceum.eu\/index.php\/wp-json\/wp\/v2\/comments?post=5786"}],"version-history":[{"count":2,"href":"https:\/\/2liceum.eu\/index.php\/wp-json\/wp\/v2\/pages\/5786\/revisions"}],"predecessor-version":[{"id":10043,"href":"https:\/\/2liceum.eu\/index.php\/wp-json\/wp\/v2\/pages\/5786\/revisions\/10043"}],"wp:attachment":[{"href":"https:\/\/2liceum.eu\/index.php\/wp-json\/wp\/v2\/media?parent=5786"}],"curies":[{"name":"wp","href":"https:\/\/api.w.org\/{rel}","templated":true}]}}