{"id":5788,"date":"2021-03-31T10:18:49","date_gmt":"2021-03-31T08:18:49","guid":{"rendered":"https:\/\/2liceum.eu\/?page_id=5788"},"modified":"2025-02-28T09:51:48","modified_gmt":"2025-02-28T08:51:48","slug":"dane-kontaktowe","status":"publish","type":"page","link":"https:\/\/2liceum.eu\/index.php\/dane-kontaktowe\/","title":{"rendered":"Dane kontaktowe"},"content":{"rendered":"\n<p>&nbsp;<\/p>\n<p style=\"text-align: justify;\">W&nbsp;przypadku problem\u00f3w z&nbsp;dost\u0119pno\u015bci\u0105 strony internetowej prosimy o&nbsp;kontakt. Osob\u0105 odpowiedzialn\u0105 jest&nbsp;<strong>Tomasz Radziej<\/strong> \u2013 Dyrektor II Liceum Og\u00f3lnokszta\u0142c\u0105cego w Lubinie, adres poczty elektronicznej e-mail: <a href=\"mailto:2lo@powiat-lubin.pl\">2lo@powiat-lubin.pl<\/a>. Kontaktowa\u0107 mo\u017cna si\u0119 tak\u017ce dzwoni\u0105c na numer telefonu <strong>76 849-72-65<\/strong>. T\u0105 sam\u0105 drog\u0105 mo\u017cna sk\u0142ada\u0107 wnioski o&nbsp;udost\u0119pnienie informacji niedost\u0119pnej oraz&nbsp;sk\u0142ada\u0107 skargi na&nbsp;brak zapewnienia dost\u0119pno\u015bci.<\/p>\n<p style=\"text-align: justify;\">Ka\u017cdy ma prawo do&nbsp;wyst\u0105pienia z&nbsp;\u017c\u0105daniem zapewnienia dost\u0119pno\u015bci cyfrowej strony internetowej lub jakiego\u015b jej elementu. Mo\u017cna tak\u017ce za\u017c\u0105da\u0107 udost\u0119pnienia informacji w&nbsp;formach alternatywnych, na&nbsp;przyk\u0142ad odczytanie niedost\u0119pnego cyfrowo dokumentu, opisania zawarto\u015bci filmu bez&nbsp;audiodeskrypcji itp. \u017b\u0105danie powinno zawiera\u0107 dane osoby zg\u0142aszaj\u0105cej \u017c\u0105danie, wskazanie, o&nbsp;kt\u00f3r\u0105 stron\u0119 internetow\u0105 lub aplikacj\u0119 mobiln\u0105 chodzi oraz&nbsp;spos\u00f3b kontaktu. Je\u017celi osoba \u017c\u0105daj\u0105ca zg\u0142asza potrzeb\u0119 otrzymania informacji w&nbsp;formie alternatywnej, powinna tak\u017ce okre\u015bli\u0107 form\u0119 tej&nbsp;informacji.<\/p>\n<p style=\"text-align: justify;\">W&nbsp;przypadku, gdy&nbsp;podmiot odm\u00f3wi realizacji \u017c\u0105dania zapewnienia dost\u0119pno\u015bci lub alternatywnego dost\u0119pu do&nbsp;informacji, mo\u017cna z\u0142o\u017cy\u0107 skarg\u0119 na&nbsp;takie dzia\u0142anie.<\/p>\n<p style=\"text-align: justify;\">Po&nbsp;wyczerpaniu wszystkich mo\u017cliwo\u015bci skarg\u0119 mo\u017cna przes\u0142a\u0107 tak\u017ce do&nbsp;<a role=\"link\" href=\"https:\/\/www.rpo.gov.pl\/content\/jak-zglosic-sie-do-rzecznika-praw-obywatelskich\">Rzecznika Praw Obywatelskich<\/a>.<\/p>\n<p>&nbsp;<\/p>\n","protected":false},"excerpt":{"rendered":"<p>&nbsp; W&nbsp;przypadku problem\u00f3w z&nbsp;dost\u0119pno\u015bci\u0105 strony internetowej prosimy o&nbsp;kontakt. Osob\u0105 odpowiedzialn\u0105 jest&nbsp;Tomasz Radziej \u2013 Dyrektor II Liceum Og\u00f3lnokszta\u0142c\u0105cego w Lubinie, adres poczty elektronicznej e-mail: 2lo@powiat-lubin.pl. Kontaktowa\u0107 mo\u017cna si\u0119 tak\u017ce dzwoni\u0105c na numer telefonu 76 849-72-65. T\u0105 sam\u0105 drog\u0105 mo\u017cna sk\u0142ada\u0107 wnioski o&nbsp;udost\u0119pnienie informacji niedost\u0119pnej oraz&nbsp;sk\u0142ada\u0107 skargi na&nbsp;brak zapewnienia dost\u0119pno\u015bci. Ka\u017cdy ma prawo do&nbsp;wyst\u0105pienia z&nbsp;\u017c\u0105daniem zapewnienia dost\u0119pno\u015bci [&hellip;]<\/p>\n","protected":false},"author":2,"featured_media":0,"parent":0,"menu_order":0,"comment_status":"closed","ping_status":"closed","template":"","meta":{"ngg_post_thumbnail":0,"footnotes":""},"class_list":["post-5788","page","type-page","status-publish","hentry"],"yoast_head":"<!-- This site is optimized with the Yoast SEO plugin v19.4 - https:\/\/yoast.com\/wordpress\/plugins\/seo\/ -->\n<title>Dane kontaktowe - II Liceum Og\u00f3lnokszta\u0142c\u0105ce w Lubinie<\/title>\n<meta name=\"robots\" content=\"index, follow, max-snippet:-1, max-image-preview:large, max-video-preview:-1\" \/>\n<link rel=\"canonical\" href=\"https:\/\/2liceum.eu\/index.php\/dane-kontaktowe\/\" \/>\n<meta property=\"og:locale\" content=\"pl_PL\" \/>\n<meta property=\"og:type\" content=\"article\" \/>\n<meta property=\"og:title\" content=\"Dane kontaktowe - II Liceum Og\u00f3lnokszta\u0142c\u0105ce w Lubinie\" \/>\n<meta property=\"og:description\" content=\"&nbsp; W&nbsp;przypadku problem\u00f3w z&nbsp;dost\u0119pno\u015bci\u0105 strony internetowej prosimy o&nbsp;kontakt. Osob\u0105 odpowiedzialn\u0105 jest&nbsp;Tomasz Radziej \u2013 Dyrektor II Liceum Og\u00f3lnokszta\u0142c\u0105cego w Lubinie, adres poczty elektronicznej e-mail: 2lo@powiat-lubin.pl. Kontaktowa\u0107 mo\u017cna si\u0119 tak\u017ce dzwoni\u0105c na numer telefonu 76 849-72-65. T\u0105 sam\u0105 drog\u0105 mo\u017cna sk\u0142ada\u0107 wnioski o&nbsp;udost\u0119pnienie informacji niedost\u0119pnej oraz&nbsp;sk\u0142ada\u0107 skargi na&nbsp;brak zapewnienia dost\u0119pno\u015bci. Ka\u017cdy ma prawo do&nbsp;wyst\u0105pienia z&nbsp;\u017c\u0105daniem zapewnienia dost\u0119pno\u015bci [&hellip;]\" \/>\n<meta property=\"og:url\" content=\"https:\/\/2liceum.eu\/index.php\/dane-kontaktowe\/\" \/>\n<meta property=\"og:site_name\" content=\"II Liceum Og\u00f3lnokszta\u0142c\u0105ce w Lubinie\" \/>\n<meta property=\"article:publisher\" content=\"https:\/\/web.facebook.com\/IILOLubin\/\" \/>\n<meta property=\"article:modified_time\" content=\"2025-02-28T08:51:48+00:00\" \/>\n<meta name=\"twitter:card\" content=\"summary_large_image\" \/>\n<meta name=\"twitter:label1\" content=\"Szacowany czas czytania\" \/>\n\t<meta name=\"twitter:data1\" content=\"1 minuta\" \/>\n<script type=\"application\/ld+json\" class=\"yoast-schema-graph\">{\"@context\":\"https:\/\/schema.org\",\"@graph\":[{\"@type\":\"Organization\",\"@id\":\"https:\/\/2liceum.eu\/#organization\",\"name\":\"II Liceum Og\u00f3lnokszta\u0142c\u0105ce w Lubinie\",\"url\":\"https:\/\/2liceum.eu\/\",\"sameAs\":[\"http:\/\/2lolubin\",\"https:\/\/www.youtube.com\/channel\/UCWjEMxRJYdfvxPhVOn-8g_g\",\"https:\/\/web.facebook.com\/IILOLubin\/\"],\"logo\":{\"@type\":\"ImageObject\",\"inLanguage\":\"pl-PL\",\"@id\":\"https:\/\/2liceum.eu\/#\/schema\/logo\/image\/\",\"url\":\"https:\/\/2liceum.eu\/wp-content\/uploads\/2018\/01\/pobrane.jpg\",\"contentUrl\":\"https:\/\/2liceum.eu\/wp-content\/uploads\/2018\/01\/pobrane.jpg\",\"width\":184,\"height\":183,\"caption\":\"II Liceum Og\u00f3lnokszta\u0142c\u0105ce w Lubinie\"},\"image\":{\"@id\":\"https:\/\/2liceum.eu\/#\/schema\/logo\/image\/\"}},{\"@type\":\"WebSite\",\"@id\":\"https:\/\/2liceum.eu\/#website\",\"url\":\"https:\/\/2liceum.eu\/\",\"name\":\"II Liceum Og\u00f3lnokszta\u0142c\u0105ce w Lubinie\",\"description\":\"Oficjalny portal II LO w Lubinie. Informacje o szkole, kadrze, zaj\u0119ciach dydaktycznych, ko\u0142ach zainteresowa\u0144, wolontariacie. Aktualno\u015bci. Galeria zdj\u0119\u0107.\",\"publisher\":{\"@id\":\"https:\/\/2liceum.eu\/#organization\"},\"potentialAction\":[{\"@type\":\"SearchAction\",\"target\":{\"@type\":\"EntryPoint\",\"urlTemplate\":\"https:\/\/2liceum.eu\/?s={search_term_string}\"},\"query-input\":\"required name=search_term_string\"}],\"inLanguage\":\"pl-PL\"},{\"@type\":\"WebPage\",\"@id\":\"https:\/\/2liceum.eu\/index.php\/dane-kontaktowe\/\",\"url\":\"https:\/\/2liceum.eu\/index.php\/dane-kontaktowe\/\",\"name\":\"Dane kontaktowe - II Liceum Og\u00f3lnokszta\u0142c\u0105ce w Lubinie\",\"isPartOf\":{\"@id\":\"https:\/\/2liceum.eu\/#website\"},\"datePublished\":\"2021-03-31T08:18:49+00:00\",\"dateModified\":\"2025-02-28T08:51:48+00:00\",\"breadcrumb\":{\"@id\":\"https:\/\/2liceum.eu\/index.php\/dane-kontaktowe\/#breadcrumb\"},\"inLanguage\":\"pl-PL\",\"potentialAction\":[{\"@type\":\"ReadAction\",\"target\":[\"https:\/\/2liceum.eu\/index.php\/dane-kontaktowe\/\"]}]},{\"@type\":\"BreadcrumbList\",\"@id\":\"https:\/\/2liceum.eu\/index.php\/dane-kontaktowe\/#breadcrumb\",\"itemListElement\":[{\"@type\":\"ListItem\",\"position\":1,\"name\":\"Strona g\u0142\u00f3wna\",\"item\":\"https:\/\/2liceum.eu\/\"},{\"@type\":\"ListItem\",\"position\":2,\"name\":\"Dane kontaktowe\"}]}]}<\/script>\n<!-- \/ Yoast SEO plugin. -->","yoast_head_json":{"title":"Dane kontaktowe - II Liceum Og\u00f3lnokszta\u0142c\u0105ce w Lubinie","robots":{"index":"index","follow":"follow","max-snippet":"max-snippet:-1","max-image-preview":"max-image-preview:large","max-video-preview":"max-video-preview:-1"},"canonical":"https:\/\/2liceum.eu\/index.php\/dane-kontaktowe\/","og_locale":"pl_PL","og_type":"article","og_title":"Dane kontaktowe - II Liceum Og\u00f3lnokszta\u0142c\u0105ce w Lubinie","og_description":"&nbsp; W&nbsp;przypadku problem\u00f3w z&nbsp;dost\u0119pno\u015bci\u0105 strony internetowej prosimy o&nbsp;kontakt. Osob\u0105 odpowiedzialn\u0105 jest&nbsp;Tomasz Radziej \u2013 Dyrektor II Liceum Og\u00f3lnokszta\u0142c\u0105cego w Lubinie, adres poczty elektronicznej e-mail: 2lo@powiat-lubin.pl. Kontaktowa\u0107 mo\u017cna si\u0119 tak\u017ce dzwoni\u0105c na numer telefonu 76 849-72-65. T\u0105 sam\u0105 drog\u0105 mo\u017cna sk\u0142ada\u0107 wnioski o&nbsp;udost\u0119pnienie informacji niedost\u0119pnej oraz&nbsp;sk\u0142ada\u0107 skargi na&nbsp;brak zapewnienia dost\u0119pno\u015bci. Ka\u017cdy ma prawo do&nbsp;wyst\u0105pienia z&nbsp;\u017c\u0105daniem zapewnienia dost\u0119pno\u015bci [&hellip;]","og_url":"https:\/\/2liceum.eu\/index.php\/dane-kontaktowe\/","og_site_name":"II Liceum Og\u00f3lnokszta\u0142c\u0105ce w Lubinie","article_publisher":"https:\/\/web.facebook.com\/IILOLubin\/","article_modified_time":"2025-02-28T08:51:48+00:00","twitter_card":"summary_large_image","twitter_misc":{"Szacowany czas czytania":"1 minuta"},"schema":{"@context":"https:\/\/schema.org","@graph":[{"@type":"Organization","@id":"https:\/\/2liceum.eu\/#organization","name":"II Liceum Og\u00f3lnokszta\u0142c\u0105ce w Lubinie","url":"https:\/\/2liceum.eu\/","sameAs":["http:\/\/2lolubin","https:\/\/www.youtube.com\/channel\/UCWjEMxRJYdfvxPhVOn-8g_g","https:\/\/web.facebook.com\/IILOLubin\/"],"logo":{"@type":"ImageObject","inLanguage":"pl-PL","@id":"https:\/\/2liceum.eu\/#\/schema\/logo\/image\/","url":"https:\/\/2liceum.eu\/wp-content\/uploads\/2018\/01\/pobrane.jpg","contentUrl":"https:\/\/2liceum.eu\/wp-content\/uploads\/2018\/01\/pobrane.jpg","width":184,"height":183,"caption":"II Liceum Og\u00f3lnokszta\u0142c\u0105ce w Lubinie"},"image":{"@id":"https:\/\/2liceum.eu\/#\/schema\/logo\/image\/"}},{"@type":"WebSite","@id":"https:\/\/2liceum.eu\/#website","url":"https:\/\/2liceum.eu\/","name":"II Liceum Og\u00f3lnokszta\u0142c\u0105ce w Lubinie","description":"Oficjalny portal II LO w Lubinie. Informacje o szkole, kadrze, zaj\u0119ciach dydaktycznych, ko\u0142ach zainteresowa\u0144, wolontariacie. Aktualno\u015bci. Galeria zdj\u0119\u0107.","publisher":{"@id":"https:\/\/2liceum.eu\/#organization"},"potentialAction":[{"@type":"SearchAction","target":{"@type":"EntryPoint","urlTemplate":"https:\/\/2liceum.eu\/?s={search_term_string}"},"query-input":"required name=search_term_string"}],"inLanguage":"pl-PL"},{"@type":"WebPage","@id":"https:\/\/2liceum.eu\/index.php\/dane-kontaktowe\/","url":"https:\/\/2liceum.eu\/index.php\/dane-kontaktowe\/","name":"Dane kontaktowe - II Liceum Og\u00f3lnokszta\u0142c\u0105ce w Lubinie","isPartOf":{"@id":"https:\/\/2liceum.eu\/#website"},"datePublished":"2021-03-31T08:18:49+00:00","dateModified":"2025-02-28T08:51:48+00:00","breadcrumb":{"@id":"https:\/\/2liceum.eu\/index.php\/dane-kontaktowe\/#breadcrumb"},"inLanguage":"pl-PL","potentialAction":[{"@type":"ReadAction","target":["https:\/\/2liceum.eu\/index.php\/dane-kontaktowe\/"]}]},{"@type":"BreadcrumbList","@id":"https:\/\/2liceum.eu\/index.php\/dane-kontaktowe\/#breadcrumb","itemListElement":[{"@type":"ListItem","position":1,"name":"Strona g\u0142\u00f3wna","item":"https:\/\/2liceum.eu\/"},{"@type":"ListItem","position":2,"name":"Dane kontaktowe"}]}]}},"_links":{"self":[{"href":"https:\/\/2liceum.eu\/index.php\/wp-json\/wp\/v2\/pages\/5788","targetHints":{"allow":["GET"]}}],"collection":[{"href":"https:\/\/2liceum.eu\/index.php\/wp-json\/wp\/v2\/pages"}],"about":[{"href":"https:\/\/2liceum.eu\/index.php\/wp-json\/wp\/v2\/types\/page"}],"author":[{"embeddable":true,"href":"https:\/\/2liceum.eu\/index.php\/wp-json\/wp\/v2\/users\/2"}],"replies":[{"embeddable":true,"href":"https:\/\/2liceum.eu\/index.php\/wp-json\/wp\/v2\/comments?post=5788"}],"version-history":[{"count":2,"href":"https:\/\/2liceum.eu\/index.php\/wp-json\/wp\/v2\/pages\/5788\/revisions"}],"predecessor-version":[{"id":10870,"href":"https:\/\/2liceum.eu\/index.php\/wp-json\/wp\/v2\/pages\/5788\/revisions\/10870"}],"wp:attachment":[{"href":"https:\/\/2liceum.eu\/index.php\/wp-json\/wp\/v2\/media?parent=5788"}],"curies":[{"name":"wp","href":"https:\/\/api.w.org\/{rel}","templated":true}]}}

<p>&nbsp;</p>
<p style="text-align: justify;">W&nbsp;przypadku problemów z&nbsp;dostępnością strony internetowej prosimy o&nbsp;kontakt. Osobą odpowiedzialną jest&nbsp;<strong>Tomasz Radziej</strong> – Dyrektor II Liceum Ogólnokształcącego w Lubinie, adres poczty elektronicznej e-mail: <a href="mailto:2lo@powiat-lubin.pl">2lo@powiat-lubin.pl</a>. Kontaktować można się także dzwoniąc na numer telefonu <strong>76 849-72-65</strong>. Tą samą drogą można składać wnioski o&nbsp;udostępnienie informacji niedostępnej oraz&nbsp;składać skargi na&nbsp;brak zapewnienia dostępności.</p>
<p style="text-align: justify;">Każdy ma prawo do&nbsp;wystąpienia z&nbsp;żądaniem zapewnienia dostępności cyfrowej strony internetowej lub jakiegoś jej elementu. Można także zażądać udostępnienia informacji w&nbsp;formach alternatywnych, na&nbsp;przykład odczytanie niedostępnego cyfrowo dokumentu, opisania zawartości filmu bez&nbsp;audiodeskrypcji itp. Żądanie powinno zawierać dane osoby zgłaszającej żądanie, wskazanie, o&nbsp;którą stronę internetową lub aplikację mobilną chodzi oraz&nbsp;sposób kontaktu. Jeżeli osoba żądająca zgłasza potrzebę otrzymania informacji w&nbsp;formie alternatywnej, powinna także określić formę tej&nbsp;informacji.</p>
<p style="text-align: justify;">W&nbsp;przypadku, gdy&nbsp;podmiot odmówi realizacji żądania zapewnienia dostępności lub alternatywnego dostępu do&nbsp;informacji, można złożyć skargę na&nbsp;takie działanie.</p>
<p style="text-align: justify;">Po&nbsp;wyczerpaniu wszystkich możliwości skargę można przesłać także do&nbsp;<a role="link" href="https://www.rpo.gov.pl/content/jak-zglosic-sie-do-rzecznika-praw-obywatelskich">Rzecznika Praw Obywatelskich</a>.</p>
<p>&nbsp;</p>

<p>&nbsp; W&nbsp;przypadku problemów z&nbsp;dostępnością strony internetowej prosimy o&nbsp;kontakt. Osobą odpowiedzialną jest&nbsp;Tomasz Radziej – Dyrektor II Liceum Ogólnokształcącego w Lubinie, adres poczty elektronicznej e-mail: 2lo@powiat-lubin.pl. Kontaktować można się także dzwoniąc na numer telefonu 76 849-72-65. Tą samą drogą można składać wnioski o&nbsp;udostępnienie informacji niedostępnej oraz&nbsp;składać skargi na&nbsp;brak zapewnienia dostępności. Każdy ma prawo do&nbsp;wystąpienia z&nbsp;żądaniem zapewnienia dostępności [&hellip;]</p>

<!-- This site is optimized with the Yoast SEO plugin v19.4 - https://yoast.com/wordpress/plugins/seo/ -->
<title>Dane kontaktowe - II Liceum Ogólnokształcące w Lubinie</title>
<meta name="robots" content="index, follow, max-snippet:-1, max-image-preview:large, max-video-preview:-1" />
<link rel="canonical" href="https://2liceum.eu/index.php/dane-kontaktowe/" />
<meta property="og:locale" content="pl_PL" />
<meta property="og:type" content="article" />
<meta property="og:title" content="Dane kontaktowe - II Liceum Ogólnokształcące w Lubinie" />
<meta property="og:description" content="&nbsp; W&nbsp;przypadku problemów z&nbsp;dostępnością strony internetowej prosimy o&nbsp;kontakt. Osobą odpowiedzialną jest&nbsp;Tomasz Radziej – Dyrektor II Liceum Ogólnokształcącego w Lubinie, adres poczty elektronicznej e-mail: 2lo@powiat-lubin.pl. Kontaktować można się także dzwoniąc na numer telefonu 76 849-72-65. Tą samą drogą można składać wnioski o&nbsp;udostępnienie informacji niedostępnej oraz&nbsp;składać skargi na&nbsp;brak zapewnienia dostępności. Każdy ma prawo do&nbsp;wystąpienia z&nbsp;żądaniem zapewnienia dostępności [&hellip;]" />
<meta property="og:url" content="https://2liceum.eu/index.php/dane-kontaktowe/" />
<meta property="og:site_name" content="II Liceum Ogólnokształcące w Lubinie" />
<meta property="article:publisher" content="https://web.facebook.com/IILOLubin/" />
<meta property="article:modified_time" content="2025-02-28T08:51:48+00:00" />
<meta name="twitter:card" content="summary_large_image" />
<meta name="twitter:label1" content="Szacowany czas czytania" />
	<meta name="twitter:data1" content="1 minuta" />
<script type="application/ld+json" class="yoast-schema-graph">{"@context":"https://schema.org","@graph":[{"@type":"Organization","@id":"https://2liceum.eu/#organization","name":"II Liceum Ogólnokształcące w Lubinie","url":"https://2liceum.eu/","sameAs":["http://2lolubin","https://www.youtube.com/channel/UCWjEMxRJYdfvxPhVOn-8g_g","https://web.facebook.com/IILOLubin/"],"logo":{"@type":"ImageObject","inLanguage":"pl-PL","@id":"https://2liceum.eu/#/schema/logo/image/","url":"https://2liceum.eu/wp-content/uploads/2018/01/pobrane.jpg","contentUrl":"https://2liceum.eu/wp-content/uploads/2018/01/pobrane.jpg","width":184,"height":183,"caption":"II Liceum Ogólnokształcące w Lubinie"},"image":{"@id":"https://2liceum.eu/#/schema/logo/image/"}},{"@type":"WebSite","@id":"https://2liceum.eu/#website","url":"https://2liceum.eu/","name":"II Liceum Ogólnokształcące w Lubinie","description":"Oficjalny portal II LO w Lubinie. Informacje o szkole, kadrze, zajęciach dydaktycznych, kołach zainteresowań, wolontariacie. Aktualności. Galeria zdjęć.","publisher":{"@id":"https://2liceum.eu/#organization"},"potentialAction":[{"@type":"SearchAction","target":{"@type":"EntryPoint","urlTemplate":"https://2liceum.eu/?s={search_term_string}"},"query-input":"required name=search_term_string"}],"inLanguage":"pl-PL"},{"@type":"WebPage","@id":"https://2liceum.eu/index.php/dane-kontaktowe/","url":"https://2liceum.eu/index.php/dane-kontaktowe/","name":"Dane kontaktowe - II Liceum Ogólnokształcące w Lubinie","isPartOf":{"@id":"https://2liceum.eu/#website"},"datePublished":"2021-03-31T08:18:49+00:00","dateModified":"2025-02-28T08:51:48+00:00","breadcrumb":{"@id":"https://2liceum.eu/index.php/dane-kontaktowe/#breadcrumb"},"inLanguage":"pl-PL","potentialAction":[{"@type":"ReadAction","target":["https://2liceum.eu/index.php/dane-kontaktowe/"]}]},{"@type":"BreadcrumbList","@id":"https://2liceum.eu/index.php/dane-kontaktowe/#breadcrumb","itemListElement":[{"@type":"ListItem","position":1,"name":"Strona główna","item":"https://2liceum.eu/"},{"@type":"ListItem","position":2,"name":"Dane kontaktowe"}]}]}</script>
<!-- / Yoast SEO plugin. -->

Dane kontaktowe - II Liceum Ogólnokształcące w Lubinie

&nbsp; W&nbsp;przypadku problemów z&nbsp;dostępnością strony internetowej prosimy o&nbsp;kontakt. Osobą odpowiedzialną jest&nbsp;Tomasz Radziej – Dyrektor II Liceum Ogólnokształcącego w Lubinie, adres poczty elektronicznej e-mail: 2lo@powiat-lubin.pl. Kontaktować można się także dzwoniąc na numer telefonu 76 849-72-65. Tą samą drogą można składać wnioski o&nbsp;udostępnienie informacji niedostępnej oraz&nbsp;składać skargi na&nbsp;brak zapewnienia dostępności. Każdy ma prawo do&nbsp;wystąpienia z&nbsp;żądaniem zapewnienia dostępności [&hellip;]

II Liceum Ogólnokształcące w Lubinie

Oficjalny portal II LO w Lubinie. Informacje o szkole, kadrze, zajęciach dydaktycznych, kołach zainteresowań, wolontariacie. Aktualności. Galeria zdjęć.

Strona główna
