{"id":61,"date":"2017-11-07T21:45:40","date_gmt":"2017-11-07T20:45:40","guid":{"rendered":"http:\/\/2liceum.eu\/?page_id=61"},"modified":"2025-12-01T22:39:52","modified_gmt":"2025-12-01T21:39:52","slug":"rada-rodzicow","status":"publish","type":"page","link":"https:\/\/2liceum.eu\/index.php\/rada-rodzicow\/","title":{"rendered":"Rada Rodzic\u00f3w"},"content":{"rendered":"<h3>UWAGA!&nbsp;<\/h3>\n<p><strong>Termin wp\u0142at<\/strong> zosta\u0142 wyd\u0142u\u017cony <span style=\"color: #008000;\"><strong>do 31.12.2025 r.<\/strong><\/span><\/p>\n<p>&nbsp;<\/p>\n<h3>Sk\u0142ad Rady Rodzic\u00f3w:<\/h3>\n<p>&nbsp;<\/p>\n<h4>1. Prezydium Rady Rodzic\u00f3w:<\/h4>\n<ul>\n<li>Przewodnicz\u0105ca &#8211; Pani Katarzyna Skibi\u0144ska<\/li>\n<li>Zast\u0119pca &#8211; Pan Marcin Duszy\u0144ski<\/li>\n<li>Sekretarz &#8211; Pan Pawe\u0142 Pow\u0105zka<\/li>\n<li>Skarbnik &#8211; Pani Anna Adam\u010dyk<\/li>\n<li>Cz\u0142onek &#8211; Pani Anna Potocka &#8211; Kaczyk<\/li>\n<li>Cz\u0142onek &#8211; Pani Agnieszka Szewczyk<\/li>\n<\/ul>\n<h4><strong>2. Komisja Rewizyjna:<\/strong><\/h4>\n<ul>\n<li>Przewodnicz\u0105cy &#8211; Pan Pawe\u0142 Lech<\/li>\n<li>Cz\u0142onek &#8211; Pani Edyta Zawadzka<\/li>\n<li>Cz\u0142onek &#8211; Pani Agnieszka Ha\u0142asiewicz<\/li>\n<\/ul>\n","protected":false},"excerpt":{"rendered":"<p>UWAGA!&nbsp; Termin wp\u0142at zosta\u0142 wyd\u0142u\u017cony do 31.12.2025 r. &nbsp; Sk\u0142ad Rady Rodzic\u00f3w: &nbsp; 1. Prezydium Rady Rodzic\u00f3w: Przewodnicz\u0105ca &#8211; Pani Katarzyna Skibi\u0144ska Zast\u0119pca &#8211; Pan Marcin Duszy\u0144ski Sekretarz &#8211; Pan Pawe\u0142 Pow\u0105zka Skarbnik &#8211; Pani Anna Adam\u010dyk Cz\u0142onek &#8211; Pani Anna Potocka &#8211; Kaczyk Cz\u0142onek &#8211; Pani Agnieszka Szewczyk 2. Komisja Rewizyjna: Przewodnicz\u0105cy &#8211; Pan [&hellip;]<\/p>\n","protected":false},"author":1,"featured_media":0,"parent":0,"menu_order":0,"comment_status":"closed","ping_status":"closed","template":"","meta":{"ngg_post_thumbnail":0,"footnotes":""},"class_list":["post-61","page","type-page","status-publish","hentry"],"yoast_head":"<!-- This site is optimized with the Yoast SEO plugin v19.4 - https:\/\/yoast.com\/wordpress\/plugins\/seo\/ -->\n<title>Rada Rodzic\u00f3w - II Liceum Og\u00f3lnokszta\u0142c\u0105ce w Lubinie<\/title>\n<meta name=\"robots\" content=\"index, follow, max-snippet:-1, max-image-preview:large, max-video-preview:-1\" \/>\n<link rel=\"canonical\" href=\"https:\/\/2liceum.eu\/index.php\/rada-rodzicow\/\" \/>\n<meta property=\"og:locale\" content=\"pl_PL\" \/>\n<meta property=\"og:type\" content=\"article\" \/>\n<meta property=\"og:title\" content=\"Rada Rodzic\u00f3w - II Liceum Og\u00f3lnokszta\u0142c\u0105ce w Lubinie\" \/>\n<meta property=\"og:description\" content=\"UWAGA!&nbsp; Termin wp\u0142at zosta\u0142 wyd\u0142u\u017cony do 31.12.2025 r. &nbsp; Sk\u0142ad Rady Rodzic\u00f3w: &nbsp; 1. Prezydium Rady Rodzic\u00f3w: Przewodnicz\u0105ca &#8211; Pani Katarzyna Skibi\u0144ska Zast\u0119pca &#8211; Pan Marcin Duszy\u0144ski Sekretarz &#8211; Pan Pawe\u0142 Pow\u0105zka Skarbnik &#8211; Pani Anna Adam\u010dyk Cz\u0142onek &#8211; Pani Anna Potocka &#8211; Kaczyk Cz\u0142onek &#8211; Pani Agnieszka Szewczyk 2. Komisja Rewizyjna: Przewodnicz\u0105cy &#8211; Pan [&hellip;]\" \/>\n<meta property=\"og:url\" content=\"https:\/\/2liceum.eu\/index.php\/rada-rodzicow\/\" \/>\n<meta property=\"og:site_name\" content=\"II Liceum Og\u00f3lnokszta\u0142c\u0105ce w Lubinie\" \/>\n<meta property=\"article:publisher\" content=\"https:\/\/web.facebook.com\/IILOLubin\/\" \/>\n<meta property=\"article:modified_time\" content=\"2025-12-01T21:39:52+00:00\" \/>\n<meta name=\"twitter:card\" content=\"summary_large_image\" \/>\n<meta name=\"twitter:label1\" content=\"Szacowany czas czytania\" \/>\n\t<meta name=\"twitter:data1\" content=\"1 minuta\" \/>\n<script type=\"application\/ld+json\" class=\"yoast-schema-graph\">{\"@context\":\"https:\/\/schema.org\",\"@graph\":[{\"@type\":\"Organization\",\"@id\":\"https:\/\/2liceum.eu\/#organization\",\"name\":\"II Liceum Og\u00f3lnokszta\u0142c\u0105ce w Lubinie\",\"url\":\"https:\/\/2liceum.eu\/\",\"sameAs\":[\"http:\/\/2lolubin\",\"https:\/\/www.youtube.com\/channel\/UCWjEMxRJYdfvxPhVOn-8g_g\",\"https:\/\/web.facebook.com\/IILOLubin\/\"],\"logo\":{\"@type\":\"ImageObject\",\"inLanguage\":\"pl-PL\",\"@id\":\"https:\/\/2liceum.eu\/#\/schema\/logo\/image\/\",\"url\":\"https:\/\/2liceum.eu\/wp-content\/uploads\/2018\/01\/pobrane.jpg\",\"contentUrl\":\"https:\/\/2liceum.eu\/wp-content\/uploads\/2018\/01\/pobrane.jpg\",\"width\":184,\"height\":183,\"caption\":\"II Liceum Og\u00f3lnokszta\u0142c\u0105ce w Lubinie\"},\"image\":{\"@id\":\"https:\/\/2liceum.eu\/#\/schema\/logo\/image\/\"}},{\"@type\":\"WebSite\",\"@id\":\"https:\/\/2liceum.eu\/#website\",\"url\":\"https:\/\/2liceum.eu\/\",\"name\":\"II Liceum Og\u00f3lnokszta\u0142c\u0105ce w Lubinie\",\"description\":\"Oficjalny portal II LO w Lubinie. Informacje o szkole, kadrze, zaj\u0119ciach dydaktycznych, ko\u0142ach zainteresowa\u0144, wolontariacie. Aktualno\u015bci. Galeria zdj\u0119\u0107.\",\"publisher\":{\"@id\":\"https:\/\/2liceum.eu\/#organization\"},\"potentialAction\":[{\"@type\":\"SearchAction\",\"target\":{\"@type\":\"EntryPoint\",\"urlTemplate\":\"https:\/\/2liceum.eu\/?s={search_term_string}\"},\"query-input\":\"required name=search_term_string\"}],\"inLanguage\":\"pl-PL\"},{\"@type\":\"WebPage\",\"@id\":\"https:\/\/2liceum.eu\/index.php\/rada-rodzicow\/\",\"url\":\"https:\/\/2liceum.eu\/index.php\/rada-rodzicow\/\",\"name\":\"Rada Rodzic\u00f3w - II Liceum Og\u00f3lnokszta\u0142c\u0105ce w Lubinie\",\"isPartOf\":{\"@id\":\"https:\/\/2liceum.eu\/#website\"},\"datePublished\":\"2017-11-07T20:45:40+00:00\",\"dateModified\":\"2025-12-01T21:39:52+00:00\",\"breadcrumb\":{\"@id\":\"https:\/\/2liceum.eu\/index.php\/rada-rodzicow\/#breadcrumb\"},\"inLanguage\":\"pl-PL\",\"potentialAction\":[{\"@type\":\"ReadAction\",\"target\":[\"https:\/\/2liceum.eu\/index.php\/rada-rodzicow\/\"]}]},{\"@type\":\"BreadcrumbList\",\"@id\":\"https:\/\/2liceum.eu\/index.php\/rada-rodzicow\/#breadcrumb\",\"itemListElement\":[{\"@type\":\"ListItem\",\"position\":1,\"name\":\"Strona g\u0142\u00f3wna\",\"item\":\"https:\/\/2liceum.eu\/\"},{\"@type\":\"ListItem\",\"position\":2,\"name\":\"Rada Rodzic\u00f3w\"}]}]}<\/script>\n<!-- \/ Yoast SEO plugin. -->","yoast_head_json":{"title":"Rada Rodzic\u00f3w - II Liceum Og\u00f3lnokszta\u0142c\u0105ce w Lubinie","robots":{"index":"index","follow":"follow","max-snippet":"max-snippet:-1","max-image-preview":"max-image-preview:large","max-video-preview":"max-video-preview:-1"},"canonical":"https:\/\/2liceum.eu\/index.php\/rada-rodzicow\/","og_locale":"pl_PL","og_type":"article","og_title":"Rada Rodzic\u00f3w - II Liceum Og\u00f3lnokszta\u0142c\u0105ce w Lubinie","og_description":"UWAGA!&nbsp; Termin wp\u0142at zosta\u0142 wyd\u0142u\u017cony do 31.12.2025 r. &nbsp; Sk\u0142ad Rady Rodzic\u00f3w: &nbsp; 1. Prezydium Rady Rodzic\u00f3w: Przewodnicz\u0105ca &#8211; Pani Katarzyna Skibi\u0144ska Zast\u0119pca &#8211; Pan Marcin Duszy\u0144ski Sekretarz &#8211; Pan Pawe\u0142 Pow\u0105zka Skarbnik &#8211; Pani Anna Adam\u010dyk Cz\u0142onek &#8211; Pani Anna Potocka &#8211; Kaczyk Cz\u0142onek &#8211; Pani Agnieszka Szewczyk 2. Komisja Rewizyjna: Przewodnicz\u0105cy &#8211; Pan [&hellip;]","og_url":"https:\/\/2liceum.eu\/index.php\/rada-rodzicow\/","og_site_name":"II Liceum Og\u00f3lnokszta\u0142c\u0105ce w Lubinie","article_publisher":"https:\/\/web.facebook.com\/IILOLubin\/","article_modified_time":"2025-12-01T21:39:52+00:00","twitter_card":"summary_large_image","twitter_misc":{"Szacowany czas czytania":"1 minuta"},"schema":{"@context":"https:\/\/schema.org","@graph":[{"@type":"Organization","@id":"https:\/\/2liceum.eu\/#organization","name":"II Liceum Og\u00f3lnokszta\u0142c\u0105ce w Lubinie","url":"https:\/\/2liceum.eu\/","sameAs":["http:\/\/2lolubin","https:\/\/www.youtube.com\/channel\/UCWjEMxRJYdfvxPhVOn-8g_g","https:\/\/web.facebook.com\/IILOLubin\/"],"logo":{"@type":"ImageObject","inLanguage":"pl-PL","@id":"https:\/\/2liceum.eu\/#\/schema\/logo\/image\/","url":"https:\/\/2liceum.eu\/wp-content\/uploads\/2018\/01\/pobrane.jpg","contentUrl":"https:\/\/2liceum.eu\/wp-content\/uploads\/2018\/01\/pobrane.jpg","width":184,"height":183,"caption":"II Liceum Og\u00f3lnokszta\u0142c\u0105ce w Lubinie"},"image":{"@id":"https:\/\/2liceum.eu\/#\/schema\/logo\/image\/"}},{"@type":"WebSite","@id":"https:\/\/2liceum.eu\/#website","url":"https:\/\/2liceum.eu\/","name":"II Liceum Og\u00f3lnokszta\u0142c\u0105ce w Lubinie","description":"Oficjalny portal II LO w Lubinie. Informacje o szkole, kadrze, zaj\u0119ciach dydaktycznych, ko\u0142ach zainteresowa\u0144, wolontariacie. Aktualno\u015bci. Galeria zdj\u0119\u0107.","publisher":{"@id":"https:\/\/2liceum.eu\/#organization"},"potentialAction":[{"@type":"SearchAction","target":{"@type":"EntryPoint","urlTemplate":"https:\/\/2liceum.eu\/?s={search_term_string}"},"query-input":"required name=search_term_string"}],"inLanguage":"pl-PL"},{"@type":"WebPage","@id":"https:\/\/2liceum.eu\/index.php\/rada-rodzicow\/","url":"https:\/\/2liceum.eu\/index.php\/rada-rodzicow\/","name":"Rada Rodzic\u00f3w - II Liceum Og\u00f3lnokszta\u0142c\u0105ce w Lubinie","isPartOf":{"@id":"https:\/\/2liceum.eu\/#website"},"datePublished":"2017-11-07T20:45:40+00:00","dateModified":"2025-12-01T21:39:52+00:00","breadcrumb":{"@id":"https:\/\/2liceum.eu\/index.php\/rada-rodzicow\/#breadcrumb"},"inLanguage":"pl-PL","potentialAction":[{"@type":"ReadAction","target":["https:\/\/2liceum.eu\/index.php\/rada-rodzicow\/"]}]},{"@type":"BreadcrumbList","@id":"https:\/\/2liceum.eu\/index.php\/rada-rodzicow\/#breadcrumb","itemListElement":[{"@type":"ListItem","position":1,"name":"Strona g\u0142\u00f3wna","item":"https:\/\/2liceum.eu\/"},{"@type":"ListItem","position":2,"name":"Rada Rodzic\u00f3w"}]}]}},"_links":{"self":[{"href":"https:\/\/2liceum.eu\/index.php\/wp-json\/wp\/v2\/pages\/61","targetHints":{"allow":["GET"]}}],"collection":[{"href":"https:\/\/2liceum.eu\/index.php\/wp-json\/wp\/v2\/pages"}],"about":[{"href":"https:\/\/2liceum.eu\/index.php\/wp-json\/wp\/v2\/types\/page"}],"author":[{"embeddable":true,"href":"https:\/\/2liceum.eu\/index.php\/wp-json\/wp\/v2\/users\/1"}],"replies":[{"embeddable":true,"href":"https:\/\/2liceum.eu\/index.php\/wp-json\/wp\/v2\/comments?post=61"}],"version-history":[{"count":14,"href":"https:\/\/2liceum.eu\/index.php\/wp-json\/wp\/v2\/pages\/61\/revisions"}],"predecessor-version":[{"id":11843,"href":"https:\/\/2liceum.eu\/index.php\/wp-json\/wp\/v2\/pages\/61\/revisions\/11843"}],"wp:attachment":[{"href":"https:\/\/2liceum.eu\/index.php\/wp-json\/wp\/v2\/media?parent=61"}],"curies":[{"name":"wp","href":"https:\/\/api.w.org\/{rel}","templated":true}]}}

Rada Rodziców

<h3>UWAGA!&nbsp;</h3>
<p><strong>Termin wpłat</strong> został wydłużony <span style="color: #008000;"><strong>do 31.12.2025 r.</strong></span></p>
<p>&nbsp;</p>
<h3>Skład Rady Rodziców:</h3>
<p>&nbsp;</p>
<h4>1. Prezydium Rady Rodziców:</h4>
<ul>
<li>Przewodnicząca &#8211; Pani Katarzyna Skibińska</li>
<li>Zastępca &#8211; Pan Marcin Duszyński</li>
<li>Sekretarz &#8211; Pan Paweł Powązka</li>
<li>Skarbnik &#8211; Pani Anna Adamčyk</li>
<li>Członek &#8211; Pani Anna Potocka &#8211; Kaczyk</li>
<li>Członek &#8211; Pani Agnieszka Szewczyk</li>
</ul>
<h4><strong>2. Komisja Rewizyjna:</strong></h4>
<ul>
<li>Przewodniczący &#8211; Pan Paweł Lech</li>
<li>Członek &#8211; Pani Edyta Zawadzka</li>
<li>Członek &#8211; Pani Agnieszka Hałasiewicz</li>
</ul>

<p>UWAGA!&nbsp; Termin wpłat został wydłużony do 31.12.2025 r. &nbsp; Skład Rady Rodziców: &nbsp; 1. Prezydium Rady Rodziców: Przewodnicząca &#8211; Pani Katarzyna Skibińska Zastępca &#8211; Pan Marcin Duszyński Sekretarz &#8211; Pan Paweł Powązka Skarbnik &#8211; Pani Anna Adamčyk Członek &#8211; Pani Anna Potocka &#8211; Kaczyk Członek &#8211; Pani Agnieszka Szewczyk 2. Komisja Rewizyjna: Przewodniczący &#8211; Pan [&hellip;]</p>

<!-- This site is optimized with the Yoast SEO plugin v19.4 - https://yoast.com/wordpress/plugins/seo/ -->
<title>Rada Rodziców - II Liceum Ogólnokształcące w Lubinie</title>
<meta name="robots" content="index, follow, max-snippet:-1, max-image-preview:large, max-video-preview:-1" />
<link rel="canonical" href="https://2liceum.eu/index.php/rada-rodzicow/" />
<meta property="og:locale" content="pl_PL" />
<meta property="og:type" content="article" />
<meta property="og:title" content="Rada Rodziców - II Liceum Ogólnokształcące w Lubinie" />
<meta property="og:description" content="UWAGA!&nbsp; Termin wpłat został wydłużony do 31.12.2025 r. &nbsp; Skład Rady Rodziców: &nbsp; 1. Prezydium Rady Rodziców: Przewodnicząca &#8211; Pani Katarzyna Skibińska Zastępca &#8211; Pan Marcin Duszyński Sekretarz &#8211; Pan Paweł Powązka Skarbnik &#8211; Pani Anna Adamčyk Członek &#8211; Pani Anna Potocka &#8211; Kaczyk Członek &#8211; Pani Agnieszka Szewczyk 2. Komisja Rewizyjna: Przewodniczący &#8211; Pan [&hellip;]" />
<meta property="og:url" content="https://2liceum.eu/index.php/rada-rodzicow/" />
<meta property="og:site_name" content="II Liceum Ogólnokształcące w Lubinie" />
<meta property="article:publisher" content="https://web.facebook.com/IILOLubin/" />
<meta property="article:modified_time" content="2025-12-01T21:39:52+00:00" />
<meta name="twitter:card" content="summary_large_image" />
<meta name="twitter:label1" content="Szacowany czas czytania" />
	<meta name="twitter:data1" content="1 minuta" />
<script type="application/ld+json" class="yoast-schema-graph">{"@context":"https://schema.org","@graph":[{"@type":"Organization","@id":"https://2liceum.eu/#organization","name":"II Liceum Ogólnokształcące w Lubinie","url":"https://2liceum.eu/","sameAs":["http://2lolubin","https://www.youtube.com/channel/UCWjEMxRJYdfvxPhVOn-8g_g","https://web.facebook.com/IILOLubin/"],"logo":{"@type":"ImageObject","inLanguage":"pl-PL","@id":"https://2liceum.eu/#/schema/logo/image/","url":"https://2liceum.eu/wp-content/uploads/2018/01/pobrane.jpg","contentUrl":"https://2liceum.eu/wp-content/uploads/2018/01/pobrane.jpg","width":184,"height":183,"caption":"II Liceum Ogólnokształcące w Lubinie"},"image":{"@id":"https://2liceum.eu/#/schema/logo/image/"}},{"@type":"WebSite","@id":"https://2liceum.eu/#website","url":"https://2liceum.eu/","name":"II Liceum Ogólnokształcące w Lubinie","description":"Oficjalny portal II LO w Lubinie. Informacje o szkole, kadrze, zajęciach dydaktycznych, kołach zainteresowań, wolontariacie. Aktualności. Galeria zdjęć.","publisher":{"@id":"https://2liceum.eu/#organization"},"potentialAction":[{"@type":"SearchAction","target":{"@type":"EntryPoint","urlTemplate":"https://2liceum.eu/?s={search_term_string}"},"query-input":"required name=search_term_string"}],"inLanguage":"pl-PL"},{"@type":"WebPage","@id":"https://2liceum.eu/index.php/rada-rodzicow/","url":"https://2liceum.eu/index.php/rada-rodzicow/","name":"Rada Rodziców - II Liceum Ogólnokształcące w Lubinie","isPartOf":{"@id":"https://2liceum.eu/#website"},"datePublished":"2017-11-07T20:45:40+00:00","dateModified":"2025-12-01T21:39:52+00:00","breadcrumb":{"@id":"https://2liceum.eu/index.php/rada-rodzicow/#breadcrumb"},"inLanguage":"pl-PL","potentialAction":[{"@type":"ReadAction","target":["https://2liceum.eu/index.php/rada-rodzicow/"]}]},{"@type":"BreadcrumbList","@id":"https://2liceum.eu/index.php/rada-rodzicow/#breadcrumb","itemListElement":[{"@type":"ListItem","position":1,"name":"Strona główna","item":"https://2liceum.eu/"},{"@type":"ListItem","position":2,"name":"Rada Rodziców"}]}]}</script>
<!-- / Yoast SEO plugin. -->

Rada Rodziców - II Liceum Ogólnokształcące w Lubinie

UWAGA!&nbsp; Termin wpłat został wydłużony do 31.12.2025 r. &nbsp; Skład Rady Rodziców: &nbsp; 1. Prezydium Rady Rodziców: Przewodnicząca &#8211; Pani Katarzyna Skibińska Zastępca &#8211; Pan Marcin Duszyński Sekretarz &#8211; Pan Paweł Powązka Skarbnik &#8211; Pani Anna Adamčyk Członek &#8211; Pani Anna Potocka &#8211; Kaczyk Członek &#8211; Pani Agnieszka Szewczyk 2. Komisja Rewizyjna: Przewodniczący &#8211; Pan [&hellip;]

II Liceum Ogólnokształcące w Lubinie

Oficjalny portal II LO w Lubinie. Informacje o szkole, kadrze, zajęciach dydaktycznych, kołach zainteresowań, wolontariacie. Aktualności. Galeria zdjęć.

Strona główna
