{"id":76,"date":"2017-11-07T22:06:33","date_gmt":"2017-11-07T21:06:33","guid":{"rendered":"http:\/\/2liceum.eu\/?page_id=76"},"modified":"2017-11-07T22:06:33","modified_gmt":"2017-11-07T21:06:33","slug":"o-szkole","status":"publish","type":"page","link":"https:\/\/2liceum.eu\/index.php\/o-szkole\/","title":{"rendered":"O szkole"},"content":{"rendered":"<p><strong>Staramy si\u0119<\/strong> \u0142\u0105czy\u0107 prac\u0119 z zabaw\u0105, tradycj\u0119 \u2013 z nowoczesno\u015bci\u0105, indywidualizm \u2013 z umiej\u0119tno\u015bci\u0105 bycia w zespole.<\/p>\n<p>Proponujemy swoim uczniom wszechstronny rozw\u00f3j; wychodzimy naprzeciw wszystkim tym, kt\u00f3rzy chc\u0105 ci\u0119\u017ck\u0105 prac\u0105 rozwija\u0107 swoje talenty i czerpi\u0105 rado\u015b\u0107 ze zdobywania wiedzy. Poszukujemy nowych mo\u017cliwo\u015bci, aby nasi uczniowie byli jak najlepiej przygotowani do wszelkich egzamin\u00f3w, tak\u017ce \u017cyciowych.<\/p>\n<p>Nasza szko\u0142a realizuje cele i zadania wynikaj\u0105ce z przepis\u00f3w prawa, program\u00f3w nauczania, programu wychowawczego i programu profilaktyki, a w szczeg\u00f3lno\u015bci:<\/p>\n<ul>\n<li>umo\u017cliwia wszechstronny rozw\u00f3j osobowo\u015bci uczni\u00f3w, uwzgl\u0119dniaj\u0105cy indywidualne zainteresowania i uzdolnienia,<\/li>\n<li>umo\u017cliwia wyposa\u017cenie uczni\u00f3w w nowoczesn\u0105 wiedz\u0119 i w umiej\u0119tno\u015bci praktycznego jej stosowania,<\/li>\n<li>umo\u017cliwia zdobycie wiedzy i umiej\u0119tno\u015bci niezb\u0119dnych do uzyskania \u015bwiadectwa uko\u0144czenia szko\u0142y oraz zdania egzaminu maturalnego,<\/li>\n<li>kszta\u0142tuje \u015brodowisko wychowawcze sprzyjaj\u0105ce realizowaniu cel\u00f3w i zasad okre\u015blonych w ustawie, stosownie do warunk\u00f3w szko\u0142y i wieku ucznia,<\/li>\n<li>kszta\u0142tuje postawy kreatywne w procesie zdobywania wiedzy i umiej\u0119tno\u015bci,<\/li>\n<li>przygotowuje uczni\u00f3w do prawid\u0142owego kszta\u0142towania stosunk\u00f3w mi\u0119dzyludzkich, do \u015bwiadomego, samodzielnego, aktywnego i odpowiedzialnego pe\u0142nienia zada\u0144 w \u017cyciu rodzinnym, spo\u0142ecznym, gospodarczym, kulturalnym i obronnym kraju,<\/li>\n<li>kszta\u0142tuje wra\u017cliwo\u015b\u0107 spo\u0142eczn\u0105, emocjonaln\u0105 i estetyczn\u0105 uczni\u00f3w, ich sprawno\u015b\u0107 fizyczn\u0105 a tak\u017ce nawyki dbania o w\u0142asny rozw\u00f3j fizyczny, zdrowie, higien\u0119, racjonalny wypoczynek, o w\u0142a\u015bciw\u0105 organizacj\u0119 czasu wolnego,<\/li>\n<li>wsp\u00f3\u0142dzia\u0142a na rzecz rozwoju miasta i regionu, a tak\u017ce w zakresie podnoszenia poziomu kultury spo\u0142ecze\u0144stwa,<\/li>\n<li>upowszechnia w\u015br\u00f3d dzieci i m\u0142odzie\u017cy wiedz\u0119 o zasadach zr\u00f3wnowa\u017conego rozwoju oraz<\/li>\n<li>kszta\u0142tuje postawy sprzyjaj\u0105ce jego wdra\u017caniu w skali lokalnej, krajowej i globalnej,<\/li>\n<li>udziela uczniom pomocy psychologicznej i pedagogicznej,<\/li>\n<li>otacza opiek\u0105 uczni\u00f3w niepe\u0142nosprawnych.<\/li>\n<\/ul>\n<p>Realizacja cel\u00f3w i zada\u0144 szko\u0142y nast\u0119puje poprzez:<\/p>\n<ul>\n<li>zaj\u0119cia lekcyjne,<\/li>\n<li>zaj\u0119cia pozalekcyjne, ko\u0142a zainteresowa\u0144, zaj\u0119cia rekreacyjno-sportowe, zaj\u0119cia wyr\u00f3wnawcze (prowadzone w miar\u0119 posiadanych \u015brodk\u00f3w),<\/li>\n<li>zaj\u0119cia pozaszkolne,<\/li>\n<li>umo\u017cliwianie uczniom brania udzia\u0142u w konkursach i olimpiadach przedmiotowych oraz zawodach sportowych,<\/li>\n<li>prowadzenie lekcji religii lub etyki,<\/li>\n<li>oddzia\u0142ywania wychowawcze.<\/li>\n<\/ul>\n","protected":false},"excerpt":{"rendered":"<p>Staramy si\u0119 \u0142\u0105czy\u0107 prac\u0119 z zabaw\u0105, tradycj\u0119 \u2013 z nowoczesno\u015bci\u0105, indywidualizm \u2013 z umiej\u0119tno\u015bci\u0105 bycia w zespole. Proponujemy swoim uczniom wszechstronny rozw\u00f3j; wychodzimy naprzeciw wszystkim tym, kt\u00f3rzy chc\u0105 ci\u0119\u017ck\u0105 prac\u0105 rozwija\u0107 swoje talenty i czerpi\u0105 rado\u015b\u0107 ze zdobywania wiedzy. Poszukujemy nowych mo\u017cliwo\u015bci, aby nasi uczniowie byli jak najlepiej przygotowani do wszelkich egzamin\u00f3w, tak\u017ce \u017cyciowych. Nasza [&hellip;]<\/p>\n","protected":false},"author":1,"featured_media":0,"parent":0,"menu_order":0,"comment_status":"closed","ping_status":"closed","template":"","meta":{"ngg_post_thumbnail":0,"footnotes":""},"class_list":["post-76","page","type-page","status-publish","hentry"],"yoast_head":"<!-- This site is optimized with the Yoast SEO plugin v19.4 - https:\/\/yoast.com\/wordpress\/plugins\/seo\/ -->\n<title>O szkole - II Liceum Og\u00f3lnokszta\u0142c\u0105ce w Lubinie<\/title>\n<meta name=\"robots\" content=\"index, follow, max-snippet:-1, max-image-preview:large, max-video-preview:-1\" \/>\n<link rel=\"canonical\" href=\"https:\/\/2liceum.eu\/index.php\/o-szkole\/\" \/>\n<meta property=\"og:locale\" content=\"pl_PL\" \/>\n<meta property=\"og:type\" content=\"article\" \/>\n<meta property=\"og:title\" content=\"O szkole - II Liceum Og\u00f3lnokszta\u0142c\u0105ce w Lubinie\" \/>\n<meta property=\"og:description\" content=\"Staramy si\u0119 \u0142\u0105czy\u0107 prac\u0119 z zabaw\u0105, tradycj\u0119 \u2013 z nowoczesno\u015bci\u0105, indywidualizm \u2013 z umiej\u0119tno\u015bci\u0105 bycia w zespole. Proponujemy swoim uczniom wszechstronny rozw\u00f3j; wychodzimy naprzeciw wszystkim tym, kt\u00f3rzy chc\u0105 ci\u0119\u017ck\u0105 prac\u0105 rozwija\u0107 swoje talenty i czerpi\u0105 rado\u015b\u0107 ze zdobywania wiedzy. Poszukujemy nowych mo\u017cliwo\u015bci, aby nasi uczniowie byli jak najlepiej przygotowani do wszelkich egzamin\u00f3w, tak\u017ce \u017cyciowych. Nasza [&hellip;]\" \/>\n<meta property=\"og:url\" content=\"https:\/\/2liceum.eu\/index.php\/o-szkole\/\" \/>\n<meta property=\"og:site_name\" content=\"II Liceum Og\u00f3lnokszta\u0142c\u0105ce w Lubinie\" \/>\n<meta property=\"article:publisher\" content=\"https:\/\/web.facebook.com\/IILOLubin\/\" \/>\n<meta name=\"twitter:card\" content=\"summary_large_image\" \/>\n<meta name=\"twitter:label1\" content=\"Szacowany czas czytania\" \/>\n\t<meta name=\"twitter:data1\" content=\"2 minuty\" \/>\n<script type=\"application\/ld+json\" class=\"yoast-schema-graph\">{\"@context\":\"https:\/\/schema.org\",\"@graph\":[{\"@type\":\"Organization\",\"@id\":\"https:\/\/2liceum.eu\/#organization\",\"name\":\"II Liceum Og\u00f3lnokszta\u0142c\u0105ce w Lubinie\",\"url\":\"https:\/\/2liceum.eu\/\",\"sameAs\":[\"http:\/\/2lolubin\",\"https:\/\/www.youtube.com\/channel\/UCWjEMxRJYdfvxPhVOn-8g_g\",\"https:\/\/web.facebook.com\/IILOLubin\/\"],\"logo\":{\"@type\":\"ImageObject\",\"inLanguage\":\"pl-PL\",\"@id\":\"https:\/\/2liceum.eu\/#\/schema\/logo\/image\/\",\"url\":\"https:\/\/2liceum.eu\/wp-content\/uploads\/2018\/01\/pobrane.jpg\",\"contentUrl\":\"https:\/\/2liceum.eu\/wp-content\/uploads\/2018\/01\/pobrane.jpg\",\"width\":184,\"height\":183,\"caption\":\"II Liceum Og\u00f3lnokszta\u0142c\u0105ce w Lubinie\"},\"image\":{\"@id\":\"https:\/\/2liceum.eu\/#\/schema\/logo\/image\/\"}},{\"@type\":\"WebSite\",\"@id\":\"https:\/\/2liceum.eu\/#website\",\"url\":\"https:\/\/2liceum.eu\/\",\"name\":\"II Liceum Og\u00f3lnokszta\u0142c\u0105ce w Lubinie\",\"description\":\"Oficjalny portal II LO w Lubinie. Informacje o szkole, kadrze, zaj\u0119ciach dydaktycznych, ko\u0142ach zainteresowa\u0144, wolontariacie. Aktualno\u015bci. Galeria zdj\u0119\u0107.\",\"publisher\":{\"@id\":\"https:\/\/2liceum.eu\/#organization\"},\"potentialAction\":[{\"@type\":\"SearchAction\",\"target\":{\"@type\":\"EntryPoint\",\"urlTemplate\":\"https:\/\/2liceum.eu\/?s={search_term_string}\"},\"query-input\":\"required name=search_term_string\"}],\"inLanguage\":\"pl-PL\"},{\"@type\":\"WebPage\",\"@id\":\"https:\/\/2liceum.eu\/index.php\/o-szkole\/\",\"url\":\"https:\/\/2liceum.eu\/index.php\/o-szkole\/\",\"name\":\"O szkole - II Liceum Og\u00f3lnokszta\u0142c\u0105ce w Lubinie\",\"isPartOf\":{\"@id\":\"https:\/\/2liceum.eu\/#website\"},\"datePublished\":\"2017-11-07T21:06:33+00:00\",\"dateModified\":\"2017-11-07T21:06:33+00:00\",\"breadcrumb\":{\"@id\":\"https:\/\/2liceum.eu\/index.php\/o-szkole\/#breadcrumb\"},\"inLanguage\":\"pl-PL\",\"potentialAction\":[{\"@type\":\"ReadAction\",\"target\":[\"https:\/\/2liceum.eu\/index.php\/o-szkole\/\"]}]},{\"@type\":\"BreadcrumbList\",\"@id\":\"https:\/\/2liceum.eu\/index.php\/o-szkole\/#breadcrumb\",\"itemListElement\":[{\"@type\":\"ListItem\",\"position\":1,\"name\":\"Strona g\u0142\u00f3wna\",\"item\":\"https:\/\/2liceum.eu\/\"},{\"@type\":\"ListItem\",\"position\":2,\"name\":\"O szkole\"}]}]}<\/script>\n<!-- \/ Yoast SEO plugin. -->","yoast_head_json":{"title":"O szkole - II Liceum Og\u00f3lnokszta\u0142c\u0105ce w Lubinie","robots":{"index":"index","follow":"follow","max-snippet":"max-snippet:-1","max-image-preview":"max-image-preview:large","max-video-preview":"max-video-preview:-1"},"canonical":"https:\/\/2liceum.eu\/index.php\/o-szkole\/","og_locale":"pl_PL","og_type":"article","og_title":"O szkole - II Liceum Og\u00f3lnokszta\u0142c\u0105ce w Lubinie","og_description":"Staramy si\u0119 \u0142\u0105czy\u0107 prac\u0119 z zabaw\u0105, tradycj\u0119 \u2013 z nowoczesno\u015bci\u0105, indywidualizm \u2013 z umiej\u0119tno\u015bci\u0105 bycia w zespole. Proponujemy swoim uczniom wszechstronny rozw\u00f3j; wychodzimy naprzeciw wszystkim tym, kt\u00f3rzy chc\u0105 ci\u0119\u017ck\u0105 prac\u0105 rozwija\u0107 swoje talenty i czerpi\u0105 rado\u015b\u0107 ze zdobywania wiedzy. Poszukujemy nowych mo\u017cliwo\u015bci, aby nasi uczniowie byli jak najlepiej przygotowani do wszelkich egzamin\u00f3w, tak\u017ce \u017cyciowych. Nasza [&hellip;]","og_url":"https:\/\/2liceum.eu\/index.php\/o-szkole\/","og_site_name":"II Liceum Og\u00f3lnokszta\u0142c\u0105ce w Lubinie","article_publisher":"https:\/\/web.facebook.com\/IILOLubin\/","twitter_card":"summary_large_image","twitter_misc":{"Szacowany czas czytania":"2 minuty"},"schema":{"@context":"https:\/\/schema.org","@graph":[{"@type":"Organization","@id":"https:\/\/2liceum.eu\/#organization","name":"II Liceum Og\u00f3lnokszta\u0142c\u0105ce w Lubinie","url":"https:\/\/2liceum.eu\/","sameAs":["http:\/\/2lolubin","https:\/\/www.youtube.com\/channel\/UCWjEMxRJYdfvxPhVOn-8g_g","https:\/\/web.facebook.com\/IILOLubin\/"],"logo":{"@type":"ImageObject","inLanguage":"pl-PL","@id":"https:\/\/2liceum.eu\/#\/schema\/logo\/image\/","url":"https:\/\/2liceum.eu\/wp-content\/uploads\/2018\/01\/pobrane.jpg","contentUrl":"https:\/\/2liceum.eu\/wp-content\/uploads\/2018\/01\/pobrane.jpg","width":184,"height":183,"caption":"II Liceum Og\u00f3lnokszta\u0142c\u0105ce w Lubinie"},"image":{"@id":"https:\/\/2liceum.eu\/#\/schema\/logo\/image\/"}},{"@type":"WebSite","@id":"https:\/\/2liceum.eu\/#website","url":"https:\/\/2liceum.eu\/","name":"II Liceum Og\u00f3lnokszta\u0142c\u0105ce w Lubinie","description":"Oficjalny portal II LO w Lubinie. Informacje o szkole, kadrze, zaj\u0119ciach dydaktycznych, ko\u0142ach zainteresowa\u0144, wolontariacie. Aktualno\u015bci. Galeria zdj\u0119\u0107.","publisher":{"@id":"https:\/\/2liceum.eu\/#organization"},"potentialAction":[{"@type":"SearchAction","target":{"@type":"EntryPoint","urlTemplate":"https:\/\/2liceum.eu\/?s={search_term_string}"},"query-input":"required name=search_term_string"}],"inLanguage":"pl-PL"},{"@type":"WebPage","@id":"https:\/\/2liceum.eu\/index.php\/o-szkole\/","url":"https:\/\/2liceum.eu\/index.php\/o-szkole\/","name":"O szkole - II Liceum Og\u00f3lnokszta\u0142c\u0105ce w Lubinie","isPartOf":{"@id":"https:\/\/2liceum.eu\/#website"},"datePublished":"2017-11-07T21:06:33+00:00","dateModified":"2017-11-07T21:06:33+00:00","breadcrumb":{"@id":"https:\/\/2liceum.eu\/index.php\/o-szkole\/#breadcrumb"},"inLanguage":"pl-PL","potentialAction":[{"@type":"ReadAction","target":["https:\/\/2liceum.eu\/index.php\/o-szkole\/"]}]},{"@type":"BreadcrumbList","@id":"https:\/\/2liceum.eu\/index.php\/o-szkole\/#breadcrumb","itemListElement":[{"@type":"ListItem","position":1,"name":"Strona g\u0142\u00f3wna","item":"https:\/\/2liceum.eu\/"},{"@type":"ListItem","position":2,"name":"O szkole"}]}]}},"_links":{"self":[{"href":"https:\/\/2liceum.eu\/index.php\/wp-json\/wp\/v2\/pages\/76","targetHints":{"allow":["GET"]}}],"collection":[{"href":"https:\/\/2liceum.eu\/index.php\/wp-json\/wp\/v2\/pages"}],"about":[{"href":"https:\/\/2liceum.eu\/index.php\/wp-json\/wp\/v2\/types\/page"}],"author":[{"embeddable":true,"href":"https:\/\/2liceum.eu\/index.php\/wp-json\/wp\/v2\/users\/1"}],"replies":[{"embeddable":true,"href":"https:\/\/2liceum.eu\/index.php\/wp-json\/wp\/v2\/comments?post=76"}],"version-history":[{"count":1,"href":"https:\/\/2liceum.eu\/index.php\/wp-json\/wp\/v2\/pages\/76\/revisions"}],"predecessor-version":[{"id":77,"href":"https:\/\/2liceum.eu\/index.php\/wp-json\/wp\/v2\/pages\/76\/revisions\/77"}],"wp:attachment":[{"href":"https:\/\/2liceum.eu\/index.php\/wp-json\/wp\/v2\/media?parent=76"}],"curies":[{"name":"wp","href":"https:\/\/api.w.org\/{rel}","templated":true}]}}

<p><strong>Staramy się</strong> łączyć pracę z zabawą, tradycję – z nowoczesnością, indywidualizm – z umiejętnością bycia w zespole.</p>
<p>Proponujemy swoim uczniom wszechstronny rozwój; wychodzimy naprzeciw wszystkim tym, którzy chcą ciężką pracą rozwijać swoje talenty i czerpią radość ze zdobywania wiedzy. Poszukujemy nowych możliwości, aby nasi uczniowie byli jak najlepiej przygotowani do wszelkich egzaminów, także życiowych.</p>
<p>Nasza szkoła realizuje cele i zadania wynikające z przepisów prawa, programów nauczania, programu wychowawczego i programu profilaktyki, a w szczególności:</p>
<ul>
<li>umożliwia wszechstronny rozwój osobowości uczniów, uwzględniający indywidualne zainteresowania i uzdolnienia,</li>
<li>umożliwia wyposażenie uczniów w nowoczesną wiedzę i w umiejętności praktycznego jej stosowania,</li>
<li>umożliwia zdobycie wiedzy i umiejętności niezbędnych do uzyskania świadectwa ukończenia szkoły oraz zdania egzaminu maturalnego,</li>
<li>kształtuje środowisko wychowawcze sprzyjające realizowaniu celów i zasad określonych w ustawie, stosownie do warunków szkoły i wieku ucznia,</li>
<li>kształtuje postawy kreatywne w procesie zdobywania wiedzy i umiejętności,</li>
<li>przygotowuje uczniów do prawidłowego kształtowania stosunków międzyludzkich, do świadomego, samodzielnego, aktywnego i odpowiedzialnego pełnienia zadań w życiu rodzinnym, społecznym, gospodarczym, kulturalnym i obronnym kraju,</li>
<li>kształtuje wrażliwość społeczną, emocjonalną i estetyczną uczniów, ich sprawność fizyczną a także nawyki dbania o własny rozwój fizyczny, zdrowie, higienę, racjonalny wypoczynek, o właściwą organizację czasu wolnego,</li>
<li>współdziała na rzecz rozwoju miasta i regionu, a także w zakresie podnoszenia poziomu kultury społeczeństwa,</li>
<li>upowszechnia wśród dzieci i młodzieży wiedzę o zasadach zrównoważonego rozwoju oraz</li>
<li>kształtuje postawy sprzyjające jego wdrażaniu w skali lokalnej, krajowej i globalnej,</li>
<li>udziela uczniom pomocy psychologicznej i pedagogicznej,</li>
<li>otacza opieką uczniów niepełnosprawnych.</li>
</ul>
<p>Realizacja celów i zadań szkoły następuje poprzez:</p>
<ul>
<li>zajęcia lekcyjne,</li>
<li>zajęcia pozalekcyjne, koła zainteresowań, zajęcia rekreacyjno-sportowe, zajęcia wyrównawcze (prowadzone w miarę posiadanych środków),</li>
<li>zajęcia pozaszkolne,</li>
<li>umożliwianie uczniom brania udziału w konkursach i olimpiadach przedmiotowych oraz zawodach sportowych,</li>
<li>prowadzenie lekcji religii lub etyki,</li>
<li>oddziaływania wychowawcze.</li>
</ul>

<p>Staramy się łączyć pracę z zabawą, tradycję – z nowoczesnością, indywidualizm – z umiejętnością bycia w zespole. Proponujemy swoim uczniom wszechstronny rozwój; wychodzimy naprzeciw wszystkim tym, którzy chcą ciężką pracą rozwijać swoje talenty i czerpią radość ze zdobywania wiedzy. Poszukujemy nowych możliwości, aby nasi uczniowie byli jak najlepiej przygotowani do wszelkich egzaminów, także życiowych. Nasza [&hellip;]</p>

<!-- This site is optimized with the Yoast SEO plugin v19.4 - https://yoast.com/wordpress/plugins/seo/ -->
<title>O szkole - II Liceum Ogólnokształcące w Lubinie</title>
<meta name="robots" content="index, follow, max-snippet:-1, max-image-preview:large, max-video-preview:-1" />
<link rel="canonical" href="https://2liceum.eu/index.php/o-szkole/" />
<meta property="og:locale" content="pl_PL" />
<meta property="og:type" content="article" />
<meta property="og:title" content="O szkole - II Liceum Ogólnokształcące w Lubinie" />
<meta property="og:description" content="Staramy się łączyć pracę z zabawą, tradycję – z nowoczesnością, indywidualizm – z umiejętnością bycia w zespole. Proponujemy swoim uczniom wszechstronny rozwój; wychodzimy naprzeciw wszystkim tym, którzy chcą ciężką pracą rozwijać swoje talenty i czerpią radość ze zdobywania wiedzy. Poszukujemy nowych możliwości, aby nasi uczniowie byli jak najlepiej przygotowani do wszelkich egzaminów, także życiowych. Nasza [&hellip;]" />
<meta property="og:url" content="https://2liceum.eu/index.php/o-szkole/" />
<meta property="og:site_name" content="II Liceum Ogólnokształcące w Lubinie" />
<meta property="article:publisher" content="https://web.facebook.com/IILOLubin/" />
<meta name="twitter:card" content="summary_large_image" />
<meta name="twitter:label1" content="Szacowany czas czytania" />
	<meta name="twitter:data1" content="2 minuty" />
<script type="application/ld+json" class="yoast-schema-graph">{"@context":"https://schema.org","@graph":[{"@type":"Organization","@id":"https://2liceum.eu/#organization","name":"II Liceum Ogólnokształcące w Lubinie","url":"https://2liceum.eu/","sameAs":["http://2lolubin","https://www.youtube.com/channel/UCWjEMxRJYdfvxPhVOn-8g_g","https://web.facebook.com/IILOLubin/"],"logo":{"@type":"ImageObject","inLanguage":"pl-PL","@id":"https://2liceum.eu/#/schema/logo/image/","url":"https://2liceum.eu/wp-content/uploads/2018/01/pobrane.jpg","contentUrl":"https://2liceum.eu/wp-content/uploads/2018/01/pobrane.jpg","width":184,"height":183,"caption":"II Liceum Ogólnokształcące w Lubinie"},"image":{"@id":"https://2liceum.eu/#/schema/logo/image/"}},{"@type":"WebSite","@id":"https://2liceum.eu/#website","url":"https://2liceum.eu/","name":"II Liceum Ogólnokształcące w Lubinie","description":"Oficjalny portal II LO w Lubinie. Informacje o szkole, kadrze, zajęciach dydaktycznych, kołach zainteresowań, wolontariacie. Aktualności. Galeria zdjęć.","publisher":{"@id":"https://2liceum.eu/#organization"},"potentialAction":[{"@type":"SearchAction","target":{"@type":"EntryPoint","urlTemplate":"https://2liceum.eu/?s={search_term_string}"},"query-input":"required name=search_term_string"}],"inLanguage":"pl-PL"},{"@type":"WebPage","@id":"https://2liceum.eu/index.php/o-szkole/","url":"https://2liceum.eu/index.php/o-szkole/","name":"O szkole - II Liceum Ogólnokształcące w Lubinie","isPartOf":{"@id":"https://2liceum.eu/#website"},"datePublished":"2017-11-07T21:06:33+00:00","dateModified":"2017-11-07T21:06:33+00:00","breadcrumb":{"@id":"https://2liceum.eu/index.php/o-szkole/#breadcrumb"},"inLanguage":"pl-PL","potentialAction":[{"@type":"ReadAction","target":["https://2liceum.eu/index.php/o-szkole/"]}]},{"@type":"BreadcrumbList","@id":"https://2liceum.eu/index.php/o-szkole/#breadcrumb","itemListElement":[{"@type":"ListItem","position":1,"name":"Strona główna","item":"https://2liceum.eu/"},{"@type":"ListItem","position":2,"name":"O szkole"}]}]}</script>
<!-- / Yoast SEO plugin. -->

O szkole - II Liceum Ogólnokształcące w Lubinie

Staramy się łączyć pracę z zabawą, tradycję – z nowoczesnością, indywidualizm – z umiejętnością bycia w zespole. Proponujemy swoim uczniom wszechstronny rozwój; wychodzimy naprzeciw wszystkim tym, którzy chcą ciężką pracą rozwijać swoje talenty i czerpią radość ze zdobywania wiedzy. Poszukujemy nowych możliwości, aby nasi uczniowie byli jak najlepiej przygotowani do wszelkich egzaminów, także życiowych. Nasza [&hellip;]

II Liceum Ogólnokształcące w Lubinie

Oficjalny portal II LO w Lubinie. Informacje o szkole, kadrze, zajęciach dydaktycznych, kołach zainteresowań, wolontariacie. Aktualności. Galeria zdjęć.

Strona główna
