{"id":78,"date":"2017-11-07T22:06:53","date_gmt":"2017-11-07T21:06:53","guid":{"rendered":"http:\/\/2liceum.eu\/?page_id=78"},"modified":"2025-09-12T12:02:58","modified_gmt":"2025-09-12T10:02:58","slug":"wspolczesnosc","status":"publish","type":"page","link":"https:\/\/2liceum.eu\/index.php\/o-szkole\/wspolczesnosc\/","title":{"rendered":"Wsp\u00f3\u0142czesno\u015b\u0107"},"content":{"rendered":"<p style=\"margin-bottom: 15px; text-align: justify;\"><img loading=\"lazy\" decoding=\"async\" class=\" wp-image-1584 alignleft\" src=\"https:\/\/2liceum.eu\/wp-content\/uploads\/2018\/05\/IMG_8512.jpg\" alt=\"\" width=\"178\" height=\"119\" srcset=\"https:\/\/2liceum.eu\/wp-content\/uploads\/2018\/05\/IMG_8512.jpg 5184w, https:\/\/2liceum.eu\/wp-content\/uploads\/2018\/05\/IMG_8512-300x200.jpg 300w, https:\/\/2liceum.eu\/wp-content\/uploads\/2018\/05\/IMG_8512-768x512.jpg 768w, https:\/\/2liceum.eu\/wp-content\/uploads\/2018\/05\/IMG_8512-1024x683.jpg 1024w\" sizes=\"auto, (max-width: 178px) 100vw, 178px\" \/>&nbsp;<span style=\"color: #008000;\"><strong><span class=\"initial\" style=\"font-size: 12pt;\">W<\/span><\/strong><\/span> roku szkolnym 2025\/2026 szko\u0142a prowadzi nauczanie w 24 klasach (6 pierwszych, 4 drugie, 7 trzecich, 7 czwartych), kszta\u0142c\u0105c ponad 800 uczni\u00f3w. Ich edukacj\u0105 zajmuje si\u0119 ponad 40 nauczycieli, z kt\u00f3rych wi\u0119kszo\u015b\u0107 to osoby od lat zwi\u0105zane z II LO. Wszystkie zaj\u0119cia rozpoczynamy w godzinach przedpo\u0142udniowych \u2013 nie ma nauki \u201ena zmiany\u201d i ko\u0144czymy na 8 godzinach lekcyjnych (15:05, i to nawet w wielu przypadkach jest rzadko\u015bci\u0105)<\/p>\n<p style=\"margin-bottom: 25px; text-align: justify;\">Lekcje odbywaj\u0105 si\u0119 w nowoczesnych, dobrze wyposa\u017conych klasach. Wiele zaj\u0119\u0107 prowadzimy w systemie grup, co pozwala na lepszy kontakt z nauczycielem i pe\u0142niejsze opanowanie wiadomo\u015bci. W systemie grup uczniowie odbywaj\u0105 wszystkie zaj\u0119cia sportowe oraz zaj\u0119cia w pracowniach komputerowych.<\/p>\n<p style=\"margin-bottom: 25px; text-align: justify;\"><img loading=\"lazy\" decoding=\"async\" class=\" wp-image-3971 alignright\" src=\"https:\/\/2liceum.eu\/wp-content\/uploads\/2019\/09\/DSC01031.jpg\" alt=\"\" width=\"196\" height=\"147\" srcset=\"https:\/\/2liceum.eu\/wp-content\/uploads\/2019\/09\/DSC01031.jpg 5152w, https:\/\/2liceum.eu\/wp-content\/uploads\/2019\/09\/DSC01031-300x225.jpg 300w, https:\/\/2liceum.eu\/wp-content\/uploads\/2019\/09\/DSC01031-768x576.jpg 768w, https:\/\/2liceum.eu\/wp-content\/uploads\/2019\/09\/DSC01031-1024x768.jpg 1024w\" sizes=\"auto, (max-width: 196px) 100vw, 196px\" \/>Nie ograniczamy si\u0119 do prowadzenia lekcji. Organizujemy wiele zaj\u0119\u0107 dodatkowych, w tym z przedmiot\u00f3w przygotowuj\u0105cych do egzamin\u00f3w maturalnych. Nasi uczniowie uczestnicz\u0105 w wyk\u0142adach otwartych w <a href=\"http:\/\/www.uzzm.pl\" target=\"_blank\" rel=\"noopener noreferrer\">Uczelni Jana Wy\u017cykowskiego<\/a> i prelekcjach prowadzonych w szkole przez zaproszonych wyk\u0142adowc\u00f3w, odbywaj\u0105 te\u017c zaj\u0119cia laboratoryjne oraz na Wydziale Prawa, Administracji i Ekonomii na Uniwersytecie Wroc\u0142awskim &#8211; dla klas z edukacj\u0105 prawn\u0105 (mamy podpisan\u0105 na sta\u0142e umow\u0119 z WPAiE UWr). Oferujemy m\u0142odzie\u017cy liczne pozalekcyjne zaj\u0119cia sportowe. Dla wszystkich klas pierwszych organizujemy wyjazdowe warsztaty z udzia\u0142em pedagoga i psychologa, stanowi\u0105ce doskona\u0142\u0105 okazj\u0119 do wzajemnego poznania si\u0119 i integracji klas.<\/p>\n<p style=\"margin-bottom: 25px; text-align: justify;\"><img loading=\"lazy\" decoding=\"async\" class=\" wp-image-3973 alignleft\" src=\"https:\/\/2liceum.eu\/wp-content\/uploads\/2019\/09\/IMG_20170525_134805.jpg\" alt=\"\" width=\"227\" height=\"170\" srcset=\"https:\/\/2liceum.eu\/wp-content\/uploads\/2019\/09\/IMG_20170525_134805.jpg 4160w, https:\/\/2liceum.eu\/wp-content\/uploads\/2019\/09\/IMG_20170525_134805-300x225.jpg 300w, https:\/\/2liceum.eu\/wp-content\/uploads\/2019\/09\/IMG_20170525_134805-768x576.jpg 768w, https:\/\/2liceum.eu\/wp-content\/uploads\/2019\/09\/IMG_20170525_134805-1024x768.jpg 1024w\" sizes=\"auto, (max-width: 227px) 100vw, 227px\" \/>Szko\u0142a dysponuje 30 salami lekcyjnymi, du\u017c\u0105 aul\u0105, sal\u0105 audiowizualn\u0105 oraz pracowni\u0105 komputerow\u0105 wyposa\u017con\u0105 w 18 stanowisk ze sta\u0142ym, \u015bwiat\u0142owodowym \u0142\u0105czem internetowym. Zaj\u0119cia sportowe odbywaj\u0105 si\u0119 w przestronnej, nowoczesnej hali sportowej, kt\u00f3ra jest r\u00f3wnie\u017c miejscem rozgrywania wielu zawod\u00f3w. Uczniowie mog\u0105 korzysta\u0107 z si\u0142owni, a osoby zainteresowane ta\u0144cem maj\u0105 do dyspozycji sal\u0119 taneczn\u0105 z lustrami i sprz\u0119tem audiowizualnym.&nbsp; Szko\u0142a posiada te\u017c nowe boisko. Biblioteka oferuje ponad 11 tysi\u0119cy ksi\u0105\u017cek, a czytelnia \u2013 wyb\u00f3r czasopism oraz mo\u017cliwo\u015b\u0107 skorzystania z Internetu. O porz\u0105dek dba kilkunastu pracownik\u00f3w obs\u0142ugi.<\/p>\n<p style=\"text-align: justify;\">W szkole pracuj\u0105: pedagog, psycholog i piel\u0119gniarka. Jedna osoba troszczy si\u0119 o szkoln\u0105 bibliotek\u0119 i czytelni\u0119. Nad sprawnym funkcjonowaniem sieci komputerowej czuwa administrator.<\/p>\n<p style=\"text-align: justify;\">W szkole dzia\u0142a sklepik z ciep\u0142ymi i zimnymi napojami, kanapkami i s\u0142odyczami oraz 2 automaty z kaw\u0105 i przek\u0105skami.<\/p>\n","protected":false},"excerpt":{"rendered":"<p>&nbsp;W roku szkolnym 2025\/2026 szko\u0142a prowadzi nauczanie w 24 klasach (6 pierwszych, 4 drugie, 7 trzecich, 7 czwartych), kszta\u0142c\u0105c ponad 800 uczni\u00f3w. Ich edukacj\u0105 zajmuje si\u0119 ponad 40 nauczycieli, z kt\u00f3rych wi\u0119kszo\u015b\u0107 to osoby od lat zwi\u0105zane z II LO. Wszystkie zaj\u0119cia rozpoczynamy w godzinach przedpo\u0142udniowych \u2013 nie ma nauki \u201ena zmiany\u201d i ko\u0144czymy na [&hellip;]<\/p>\n","protected":false},"author":1,"featured_media":0,"parent":76,"menu_order":0,"comment_status":"closed","ping_status":"closed","template":"","meta":{"ngg_post_thumbnail":0,"footnotes":""},"class_list":["post-78","page","type-page","status-publish","hentry"],"yoast_head":"<!-- This site is optimized with the Yoast SEO plugin v19.4 - https:\/\/yoast.com\/wordpress\/plugins\/seo\/ -->\n<title>Wsp\u00f3\u0142czesno\u015b\u0107 - II Liceum Og\u00f3lnokszta\u0142c\u0105ce w Lubinie<\/title>\n<meta name=\"robots\" content=\"index, follow, max-snippet:-1, max-image-preview:large, max-video-preview:-1\" \/>\n<link rel=\"canonical\" href=\"https:\/\/2liceum.eu\/index.php\/o-szkole\/wspolczesnosc\/\" \/>\n<meta property=\"og:locale\" content=\"pl_PL\" \/>\n<meta property=\"og:type\" content=\"article\" \/>\n<meta property=\"og:title\" content=\"Wsp\u00f3\u0142czesno\u015b\u0107 - II Liceum Og\u00f3lnokszta\u0142c\u0105ce w Lubinie\" \/>\n<meta property=\"og:description\" content=\"&nbsp;W roku szkolnym 2025\/2026 szko\u0142a prowadzi nauczanie w 24 klasach (6 pierwszych, 4 drugie, 7 trzecich, 7 czwartych), kszta\u0142c\u0105c ponad 800 uczni\u00f3w. Ich edukacj\u0105 zajmuje si\u0119 ponad 40 nauczycieli, z kt\u00f3rych wi\u0119kszo\u015b\u0107 to osoby od lat zwi\u0105zane z II LO. Wszystkie zaj\u0119cia rozpoczynamy w godzinach przedpo\u0142udniowych \u2013 nie ma nauki \u201ena zmiany\u201d i ko\u0144czymy na [&hellip;]\" \/>\n<meta property=\"og:url\" content=\"https:\/\/2liceum.eu\/index.php\/o-szkole\/wspolczesnosc\/\" \/>\n<meta property=\"og:site_name\" content=\"II Liceum Og\u00f3lnokszta\u0142c\u0105ce w Lubinie\" \/>\n<meta property=\"article:publisher\" content=\"https:\/\/web.facebook.com\/IILOLubin\/\" \/>\n<meta property=\"article:modified_time\" content=\"2025-09-12T10:02:58+00:00\" \/>\n<meta property=\"og:image\" content=\"https:\/\/2liceum.eu\/wp-content\/uploads\/2018\/05\/IMG_8512.jpg\" \/>\n<meta name=\"twitter:card\" content=\"summary_large_image\" \/>\n<meta name=\"twitter:label1\" content=\"Szacowany czas czytania\" \/>\n\t<meta name=\"twitter:data1\" content=\"3 minuty\" \/>\n<script type=\"application\/ld+json\" class=\"yoast-schema-graph\">{\"@context\":\"https:\/\/schema.org\",\"@graph\":[{\"@type\":\"Organization\",\"@id\":\"https:\/\/2liceum.eu\/#organization\",\"name\":\"II Liceum Og\u00f3lnokszta\u0142c\u0105ce w Lubinie\",\"url\":\"https:\/\/2liceum.eu\/\",\"sameAs\":[\"http:\/\/2lolubin\",\"https:\/\/www.youtube.com\/channel\/UCWjEMxRJYdfvxPhVOn-8g_g\",\"https:\/\/web.facebook.com\/IILOLubin\/\"],\"logo\":{\"@type\":\"ImageObject\",\"inLanguage\":\"pl-PL\",\"@id\":\"https:\/\/2liceum.eu\/#\/schema\/logo\/image\/\",\"url\":\"https:\/\/2liceum.eu\/wp-content\/uploads\/2018\/01\/pobrane.jpg\",\"contentUrl\":\"https:\/\/2liceum.eu\/wp-content\/uploads\/2018\/01\/pobrane.jpg\",\"width\":184,\"height\":183,\"caption\":\"II Liceum Og\u00f3lnokszta\u0142c\u0105ce w Lubinie\"},\"image\":{\"@id\":\"https:\/\/2liceum.eu\/#\/schema\/logo\/image\/\"}},{\"@type\":\"WebSite\",\"@id\":\"https:\/\/2liceum.eu\/#website\",\"url\":\"https:\/\/2liceum.eu\/\",\"name\":\"II Liceum Og\u00f3lnokszta\u0142c\u0105ce w Lubinie\",\"description\":\"Oficjalny portal II LO w Lubinie. Informacje o szkole, kadrze, zaj\u0119ciach dydaktycznych, ko\u0142ach zainteresowa\u0144, wolontariacie. Aktualno\u015bci. Galeria zdj\u0119\u0107.\",\"publisher\":{\"@id\":\"https:\/\/2liceum.eu\/#organization\"},\"potentialAction\":[{\"@type\":\"SearchAction\",\"target\":{\"@type\":\"EntryPoint\",\"urlTemplate\":\"https:\/\/2liceum.eu\/?s={search_term_string}\"},\"query-input\":\"required name=search_term_string\"}],\"inLanguage\":\"pl-PL\"},{\"@type\":\"WebPage\",\"@id\":\"https:\/\/2liceum.eu\/index.php\/o-szkole\/wspolczesnosc\/\",\"url\":\"https:\/\/2liceum.eu\/index.php\/o-szkole\/wspolczesnosc\/\",\"name\":\"Wsp\u00f3\u0142czesno\u015b\u0107 - II Liceum Og\u00f3lnokszta\u0142c\u0105ce w Lubinie\",\"isPartOf\":{\"@id\":\"https:\/\/2liceum.eu\/#website\"},\"datePublished\":\"2017-11-07T21:06:53+00:00\",\"dateModified\":\"2025-09-12T10:02:58+00:00\",\"breadcrumb\":{\"@id\":\"https:\/\/2liceum.eu\/index.php\/o-szkole\/wspolczesnosc\/#breadcrumb\"},\"inLanguage\":\"pl-PL\",\"potentialAction\":[{\"@type\":\"ReadAction\",\"target\":[\"https:\/\/2liceum.eu\/index.php\/o-szkole\/wspolczesnosc\/\"]}]},{\"@type\":\"BreadcrumbList\",\"@id\":\"https:\/\/2liceum.eu\/index.php\/o-szkole\/wspolczesnosc\/#breadcrumb\",\"itemListElement\":[{\"@type\":\"ListItem\",\"position\":1,\"name\":\"Strona g\u0142\u00f3wna\",\"item\":\"https:\/\/2liceum.eu\/\"},{\"@type\":\"ListItem\",\"position\":2,\"name\":\"O szkole\",\"item\":\"https:\/\/2liceum.eu\/index.php\/o-szkole\/\"},{\"@type\":\"ListItem\",\"position\":3,\"name\":\"Wsp\u00f3\u0142czesno\u015b\u0107\"}]}]}<\/script>\n<!-- \/ Yoast SEO plugin. -->","yoast_head_json":{"title":"Wsp\u00f3\u0142czesno\u015b\u0107 - II Liceum Og\u00f3lnokszta\u0142c\u0105ce w Lubinie","robots":{"index":"index","follow":"follow","max-snippet":"max-snippet:-1","max-image-preview":"max-image-preview:large","max-video-preview":"max-video-preview:-1"},"canonical":"https:\/\/2liceum.eu\/index.php\/o-szkole\/wspolczesnosc\/","og_locale":"pl_PL","og_type":"article","og_title":"Wsp\u00f3\u0142czesno\u015b\u0107 - II Liceum Og\u00f3lnokszta\u0142c\u0105ce w Lubinie","og_description":"&nbsp;W roku szkolnym 2025\/2026 szko\u0142a prowadzi nauczanie w 24 klasach (6 pierwszych, 4 drugie, 7 trzecich, 7 czwartych), kszta\u0142c\u0105c ponad 800 uczni\u00f3w. Ich edukacj\u0105 zajmuje si\u0119 ponad 40 nauczycieli, z kt\u00f3rych wi\u0119kszo\u015b\u0107 to osoby od lat zwi\u0105zane z II LO. Wszystkie zaj\u0119cia rozpoczynamy w godzinach przedpo\u0142udniowych \u2013 nie ma nauki \u201ena zmiany\u201d i ko\u0144czymy na [&hellip;]","og_url":"https:\/\/2liceum.eu\/index.php\/o-szkole\/wspolczesnosc\/","og_site_name":"II Liceum Og\u00f3lnokszta\u0142c\u0105ce w Lubinie","article_publisher":"https:\/\/web.facebook.com\/IILOLubin\/","article_modified_time":"2025-09-12T10:02:58+00:00","og_image":[{"url":"https:\/\/2liceum.eu\/wp-content\/uploads\/2018\/05\/IMG_8512.jpg"}],"twitter_card":"summary_large_image","twitter_misc":{"Szacowany czas czytania":"3 minuty"},"schema":{"@context":"https:\/\/schema.org","@graph":[{"@type":"Organization","@id":"https:\/\/2liceum.eu\/#organization","name":"II Liceum Og\u00f3lnokszta\u0142c\u0105ce w Lubinie","url":"https:\/\/2liceum.eu\/","sameAs":["http:\/\/2lolubin","https:\/\/www.youtube.com\/channel\/UCWjEMxRJYdfvxPhVOn-8g_g","https:\/\/web.facebook.com\/IILOLubin\/"],"logo":{"@type":"ImageObject","inLanguage":"pl-PL","@id":"https:\/\/2liceum.eu\/#\/schema\/logo\/image\/","url":"https:\/\/2liceum.eu\/wp-content\/uploads\/2018\/01\/pobrane.jpg","contentUrl":"https:\/\/2liceum.eu\/wp-content\/uploads\/2018\/01\/pobrane.jpg","width":184,"height":183,"caption":"II Liceum Og\u00f3lnokszta\u0142c\u0105ce w Lubinie"},"image":{"@id":"https:\/\/2liceum.eu\/#\/schema\/logo\/image\/"}},{"@type":"WebSite","@id":"https:\/\/2liceum.eu\/#website","url":"https:\/\/2liceum.eu\/","name":"II Liceum Og\u00f3lnokszta\u0142c\u0105ce w Lubinie","description":"Oficjalny portal II LO w Lubinie. Informacje o szkole, kadrze, zaj\u0119ciach dydaktycznych, ko\u0142ach zainteresowa\u0144, wolontariacie. Aktualno\u015bci. Galeria zdj\u0119\u0107.","publisher":{"@id":"https:\/\/2liceum.eu\/#organization"},"potentialAction":[{"@type":"SearchAction","target":{"@type":"EntryPoint","urlTemplate":"https:\/\/2liceum.eu\/?s={search_term_string}"},"query-input":"required name=search_term_string"}],"inLanguage":"pl-PL"},{"@type":"WebPage","@id":"https:\/\/2liceum.eu\/index.php\/o-szkole\/wspolczesnosc\/","url":"https:\/\/2liceum.eu\/index.php\/o-szkole\/wspolczesnosc\/","name":"Wsp\u00f3\u0142czesno\u015b\u0107 - II Liceum Og\u00f3lnokszta\u0142c\u0105ce w Lubinie","isPartOf":{"@id":"https:\/\/2liceum.eu\/#website"},"datePublished":"2017-11-07T21:06:53+00:00","dateModified":"2025-09-12T10:02:58+00:00","breadcrumb":{"@id":"https:\/\/2liceum.eu\/index.php\/o-szkole\/wspolczesnosc\/#breadcrumb"},"inLanguage":"pl-PL","potentialAction":[{"@type":"ReadAction","target":["https:\/\/2liceum.eu\/index.php\/o-szkole\/wspolczesnosc\/"]}]},{"@type":"BreadcrumbList","@id":"https:\/\/2liceum.eu\/index.php\/o-szkole\/wspolczesnosc\/#breadcrumb","itemListElement":[{"@type":"ListItem","position":1,"name":"Strona g\u0142\u00f3wna","item":"https:\/\/2liceum.eu\/"},{"@type":"ListItem","position":2,"name":"O szkole","item":"https:\/\/2liceum.eu\/index.php\/o-szkole\/"},{"@type":"ListItem","position":3,"name":"Wsp\u00f3\u0142czesno\u015b\u0107"}]}]}},"_links":{"self":[{"href":"https:\/\/2liceum.eu\/index.php\/wp-json\/wp\/v2\/pages\/78","targetHints":{"allow":["GET"]}}],"collection":[{"href":"https:\/\/2liceum.eu\/index.php\/wp-json\/wp\/v2\/pages"}],"about":[{"href":"https:\/\/2liceum.eu\/index.php\/wp-json\/wp\/v2\/types\/page"}],"author":[{"embeddable":true,"href":"https:\/\/2liceum.eu\/index.php\/wp-json\/wp\/v2\/users\/1"}],"replies":[{"embeddable":true,"href":"https:\/\/2liceum.eu\/index.php\/wp-json\/wp\/v2\/comments?post=78"}],"version-history":[{"count":12,"href":"https:\/\/2liceum.eu\/index.php\/wp-json\/wp\/v2\/pages\/78\/revisions"}],"predecessor-version":[{"id":11461,"href":"https:\/\/2liceum.eu\/index.php\/wp-json\/wp\/v2\/pages\/78\/revisions\/11461"}],"up":[{"embeddable":true,"href":"https:\/\/2liceum.eu\/index.php\/wp-json\/wp\/v2\/pages\/76"}],"wp:attachment":[{"href":"https:\/\/2liceum.eu\/index.php\/wp-json\/wp\/v2\/media?parent=78"}],"curies":[{"name":"wp","href":"https:\/\/api.w.org\/{rel}","templated":true}]}}